CRAN Package Check Results for Package ggThemeAssist

Last updated on 2021-11-30 02:51:00 CET.

Flavor Version Tinstall Tcheck Ttotal Status Flags
r-devel-linux-x86_64-debian-clang 0.1.5 5.64 54.95 60.59 NOTE
r-devel-linux-x86_64-debian-gcc 0.1.5 4.72 40.73 45.45 NOTE
r-devel-linux-x86_64-fedora-clang 0.1.5 83.28 NOTE
r-devel-linux-x86_64-fedora-gcc 0.1.5 69.23 NOTE
r-devel-windows-x86_64-new-UL 0.1.5 14.00 91.00 105.00 NOTE
r-devel-windows-x86_64-new-TK 0.1.5 NOTE
r-devel-windows-x86_64-old 0.1.5 11.00 54.00 65.00 NOTE
r-patched-linux-x86_64 0.1.5 5.72 49.51 55.23 NOTE
r-patched-solaris-x86 0.1.5 101.90 NOTE
r-release-linux-x86_64 0.1.5 4.37 49.53 53.90 NOTE
r-release-macos-arm64 0.1.5 NOTE
r-release-macos-x86_64 0.1.5 NOTE
r-release-windows-ix86+x86_64 0.1.5 17.00 60.00 77.00 NOTE
r-oldrel-macos-x86_64 0.1.5 OK
r-oldrel-windows-ix86+x86_64 0.1.5 14.00 52.00 66.00 OK

Check Details

Version: 0.1.5
Check: LazyData
Result: NOTE
     'LazyData' is specified without a 'data' directory
Flavors: r-devel-linux-x86_64-debian-clang, r-devel-linux-x86_64-debian-gcc, r-devel-linux-x86_64-fedora-clang, r-devel-linux-x86_64-fedora-gcc, r-devel-windows-x86_64-new-UL, r-devel-windows-x86_64-new-TK, r-devel-windows-x86_64-old, r-patched-linux-x86_64, r-patched-solaris-x86, r-release-linux-x86_64, r-release-macos-arm64, r-release-macos-x86_64, r-release-windows-ix86+x86_64