Last updated on 2023-10-01 10:57:48 CEST.
Flavor | Version | Tinstall | Tcheck | Ttotal | Status | Flags |
---|---|---|---|---|---|---|
r-devel-linux-x86_64-debian-clang | 0.4.0 | 8.12 | 119.04 | 127.16 | NOTE | |
r-devel-linux-x86_64-debian-gcc | 0.4.0 | 5.95 | 87.93 | 93.88 | NOTE | |
r-devel-linux-x86_64-fedora-clang | 0.4.0 | 154.03 | NOTE | |||
r-devel-linux-x86_64-fedora-gcc | 0.4.0 | 162.84 | NOTE | |||
r-devel-windows-x86_64 | 0.4.0 | 10.00 | 113.00 | 123.00 | NOTE | |
r-patched-linux-x86_64 | 0.4.0 | 14.00 | 111.94 | 125.94 | NOTE | |
r-release-linux-x86_64 | 0.4.0 | 9.09 | 113.87 | 122.96 | NOTE | |
r-release-macos-arm64 | 0.4.0 | 61.00 | NOTE | |||
r-release-macos-x86_64 | 0.4.0 | 89.00 | NOTE | |||
r-release-windows-x86_64 | 0.4.0 | 13.00 | 131.00 | 144.00 | NOTE | |
r-oldrel-macos-arm64 | 0.4.0 | 55.00 | NOTE | |||
r-oldrel-macos-x86_64 | 0.4.0 | 88.00 | NOTE | |||
r-oldrel-windows-x86_64 | 0.4.0 | 12.00 | 127.00 | 139.00 | NOTE |
Version: 0.4.0
Check: LazyData
Result: NOTE
'LazyData' is specified without a 'data' directory
Flavors: r-devel-linux-x86_64-debian-clang, r-devel-linux-x86_64-debian-gcc, r-devel-linux-x86_64-fedora-clang, r-devel-linux-x86_64-fedora-gcc, r-devel-windows-x86_64, r-patched-linux-x86_64, r-release-linux-x86_64, r-release-macos-arm64, r-release-macos-x86_64, r-release-windows-x86_64, r-oldrel-macos-arm64, r-oldrel-macos-x86_64, r-oldrel-windows-x86_64
Version: 0.4.0
Check: dependencies in R code
Result: NOTE
Namespace in Imports field not imported from: ‘plotly’
All declared Imports should be used.
Flavors: r-devel-linux-x86_64-fedora-clang, r-devel-linux-x86_64-fedora-gcc, r-oldrel-macos-arm64, r-oldrel-macos-x86_64