CRAN Package Check Results for Package ggbump

Last updated on 2025-01-18 08:49:16 CET.

Flavor Version Tinstall Tcheck Ttotal Status Flags
r-devel-linux-x86_64-debian-clang 0.1.0 4.47 36.22 40.69 OK
r-devel-linux-x86_64-debian-gcc 0.1.0 3.35 26.43 29.78 OK
r-devel-linux-x86_64-fedora-clang 0.1.0 63.71 OK
r-devel-linux-x86_64-fedora-gcc 0.1.0 60.03 OK
r-devel-windows-x86_64 0.1.0 7.00 53.00 60.00 OK
r-patched-linux-x86_64 0.1.0 3.86 32.54 36.40 NOTE
r-release-linux-x86_64 0.1.0 3.90 33.35 37.25 NOTE
r-release-macos-arm64 0.1.0 23.00 NOTE
r-release-macos-x86_64 0.1.0 32.00 NOTE
r-release-windows-x86_64 0.1.0 7.00 52.00 59.00 NOTE
r-oldrel-macos-arm64 0.1.0 22.00 NOTE
r-oldrel-macos-x86_64 0.1.0 32.00 NOTE
r-oldrel-windows-x86_64 0.1.0 7.00 61.00 68.00 NOTE

Check Details

Version: 0.1.0
Check: LazyData
Result: NOTE 'LazyData' is specified without a 'data' directory Flavors: r-patched-linux-x86_64, r-release-linux-x86_64, r-release-macos-arm64, r-release-macos-x86_64, r-release-windows-x86_64, r-oldrel-macos-arm64, r-oldrel-macos-x86_64, r-oldrel-windows-x86_64