CRAN Package Check Results for Package ggbump

Last updated on 2022-07-04 11:51:06 CEST.

Flavor Version Tinstall Tcheck Ttotal Status Flags
r-devel-linux-x86_64-debian-clang 0.1.0 5.70 52.22 57.92 NOTE
r-devel-linux-x86_64-debian-gcc 0.1.0 4.31 38.17 42.48 NOTE
r-devel-linux-x86_64-fedora-clang 0.1.0 78.63 NOTE
r-devel-linux-x86_64-fedora-gcc 0.1.0 77.01 NOTE
r-devel-windows-x86_64 0.1.0 19.00 73.00 92.00 NOTE
r-patched-linux-x86_64 0.1.0 5.49 49.08 54.57 NOTE
r-release-linux-x86_64 0.1.0 4.43 50.92 55.35 NOTE
r-release-macos-arm64 0.1.0 23.00 NOTE
r-release-macos-x86_64 0.1.0 54.00 NOTE
r-release-windows-x86_64 0.1.0 21.00 73.00 94.00 NOTE
r-oldrel-macos-arm64 0.1.0 24.00 NOTE
r-oldrel-macos-x86_64 0.1.0 37.00 NOTE
r-oldrel-windows-ix86+x86_64 0.1.0 15.00 67.00 82.00 NOTE

Check Details

Version: 0.1.0
Check: LazyData
Result: NOTE
     'LazyData' is specified without a 'data' directory
Flavors: r-devel-linux-x86_64-debian-clang, r-devel-linux-x86_64-debian-gcc, r-devel-linux-x86_64-fedora-clang, r-devel-linux-x86_64-fedora-gcc, r-devel-windows-x86_64, r-patched-linux-x86_64, r-release-linux-x86_64, r-release-macos-arm64, r-release-macos-x86_64, r-release-windows-x86_64, r-oldrel-macos-arm64, r-oldrel-macos-x86_64, r-oldrel-windows-ix86+x86_64