CRAN Package Check Results for Package ggdendro

Last updated on 2015-04-19 19:51:49.

Flavor Version Tinstall Tcheck Ttotal Status Flags
r-devel-linux-x86_64-debian-clang 0.1-15 1.22 25.37 26.59 NOTE
r-devel-linux-x86_64-debian-gcc 0.1-15 1.19 24.48 25.67 NOTE
r-devel-linux-x86_64-fedora-clang 0.1-15 51.20 NOTE
r-devel-linux-x86_64-fedora-gcc 0.1-15 49.17 NOTE
r-devel-osx-x86_64-clang 0.1-15 48.71 NOTE
r-devel-windows-ix86+x86_64 0.1-15 6.00 53.00 59.00 OK
r-patched-linux-x86_64 0.1-15 1.77 24.76 26.54 NOTE
r-patched-solaris-sparc 0.1-15 344.50 OK
r-patched-solaris-x86 0.1-15 64.60 OK
r-release-linux-x86_64 0.1-15 1.14 25.14 26.28 NOTE
r-release-osx-x86_64-mavericks 0.1-15 OK
r-release-osx-x86_64-snowleopard 0.1-15 ERROR
r-release-windows-ix86+x86_64 0.1-15 3.00 37.00 40.00 OK
r-oldrel-windows-ix86+x86_64 0.1-15 6.00 53.00 59.00 OK

Check Details

Version: 0.1-15
Check: S3 generic/method consistency
Result: NOTE
    Found the following apparent S3 methods exported but not registered:
     dendro_data.default dendro_data.dendrogram dendro_data.hclust
    See section ‘Registering S3 methods’ in the ‘Writing R Extensions’
    manual.
Flavors: r-devel-linux-x86_64-debian-clang, r-devel-linux-x86_64-debian-gcc, r-devel-linux-x86_64-fedora-clang, r-devel-linux-x86_64-fedora-gcc, r-devel-osx-x86_64-clang, r-patched-linux-x86_64, r-release-linux-x86_64

Version: 0.1-15
Check: package dependencies
Result: ERROR
    Package required but not available: ‘ggplot2’
    
    Package suggested but not available for checking: ‘knitr’
    
    VignetteBuilder package required for checking but installed: ‘knitr’
    
    See section ‘The DESCRIPTION file’ in the ‘Writing R Extensions’
    manual.
Flavor: r-release-osx-x86_64-snowleopard