CRAN Package Check Results for Package ggdendro

Last updated on 2015-03-05 12:47:59.

Flavor Version Tinstall Tcheck Ttotal Status Flags
r-devel-linux-x86_64-debian-clang 0.1-15 1.36 26.91 28.28 NOTE
r-devel-linux-x86_64-debian-gcc 0.1-15 1.28 26.66 27.94 NOTE
r-devel-linux-x86_64-fedora-clang 0.1-15 55.99 NOTE
r-devel-linux-x86_64-fedora-gcc 0.1-15 52.88 NOTE
r-devel-osx-x86_64-clang 0.1-15 57.79 NOTE
r-devel-windows-ix86+x86_64 0.1-15 4.00 42.00 46.00 OK
r-patched-linux-x86_64 0.1-15 2.08 36.09 38.17 OK
r-patched-solaris-sparc 0.1-15 413.10 OK
r-patched-solaris-x86 0.1-15 88.40 OK
r-release-linux-ix86 0.1-15 2.22 42.92 45.14 OK
r-release-linux-x86_64 0.1-15 2.09 36.72 38.81 OK
r-release-osx-x86_64-mavericks 0.1-15 OK
r-release-osx-x86_64-snowleopard 0.1-15 OK
r-release-windows-ix86+x86_64 0.1-15 8.00 59.00 67.00 OK
r-oldrel-windows-ix86+x86_64 0.1-15 7.00 56.00 63.00 OK

Check Details

Version: 0.1-15
Check: S3 generic/method consistency
Result: NOTE
    Found the following apparent S3 methods exported but not registered:
     dendro_data.default dendro_data.dendrogram dendro_data.hclust
    See section ‘Registering S3 methods’ in the ‘Writing R Extensions’
    manual.
Flavors: r-devel-linux-x86_64-debian-clang, r-devel-linux-x86_64-debian-gcc, r-devel-linux-x86_64-fedora-clang, r-devel-linux-x86_64-fedora-gcc, r-devel-osx-x86_64-clang