CRAN Package Check Results for Package ggdendro

Last updated on 2015-05-24 23:47:25.

Flavor Version Tinstall Tcheck Ttotal Status Flags
r-devel-linux-x86_64-debian-clang 0.1-15 1.19 24.10 25.29 NOTE
r-devel-linux-x86_64-debian-gcc 0.1-15 1.18 23.62 24.80 NOTE
r-devel-linux-x86_64-fedora-clang 0.1-15 48.99 NOTE
r-devel-linux-x86_64-fedora-gcc 0.1-15 50.35 NOTE
r-devel-osx-x86_64-clang 0.1-15 47.44 NOTE
r-devel-windows-ix86+x86_64 0.1-15 5.00 40.00 45.00 OK
r-patched-linux-x86_64 0.1-15 1.28 23.87 25.15 NOTE
r-patched-solaris-sparc 0.1-15 308.50 NOTE
r-patched-solaris-x86 0.1-15 66.70 NOTE
r-release-linux-x86_64 0.1-15 1.15 23.49 24.64 NOTE
r-release-osx-x86_64-mavericks 0.1-15 OK
r-release-osx-x86_64-snowleopard 0.1-15 ERROR
r-release-windows-ix86+x86_64 0.1-15 5.00 38.00 43.00 OK
r-oldrel-windows-ix86+x86_64 0.1-15 9.00 65.00 74.00 OK

Check Details

Version: 0.1-15
Check: S3 generic/method consistency
Result: NOTE
    Found the following apparent S3 methods exported but not registered:
     dendro_data.default dendro_data.dendrogram dendro_data.hclust
    See section ‘Registering S3 methods’ in the ‘Writing R Extensions’
    manual.
Flavors: r-devel-linux-x86_64-debian-clang, r-devel-linux-x86_64-debian-gcc, r-devel-linux-x86_64-fedora-clang, r-devel-linux-x86_64-fedora-gcc, r-devel-osx-x86_64-clang, r-patched-linux-x86_64, r-patched-solaris-sparc, r-patched-solaris-x86, r-release-linux-x86_64

Version: 0.1-15
Check: package dependencies
Result: ERROR
    Package required but not available: ‘ggplot2’
    
    Package suggested but not available for checking: ‘knitr’
    
    VignetteBuilder package required for checking but not installed: ‘knitr’
    
    See section ‘The DESCRIPTION file’ in the ‘Writing R Extensions’
    manual.
Flavor: r-release-osx-x86_64-snowleopard