CRAN Package Check Results for Package ggdendro

Last updated on 2016-02-08 14:47:02.

Flavor Version Tinstall Tcheck Ttotal Status Flags
r-devel-linux-x86_64-debian-gcc 0.1-17 1.75 23.19 24.94 WARN
r-devel-linux-x86_64-fedora-clang 0.1-17 47.13 WARN
r-devel-linux-x86_64-fedora-gcc 0.1-17 44.53 WARN
r-devel-osx-x86_64-clang 0.1-17 53.07 WARN
r-devel-windows-ix86+x86_64 0.1-17 7.00 44.00 51.00 WARN
r-patched-linux-x86_64 0.1-17 1.81 24.06 25.87 WARN
r-patched-solaris-sparc 0.1-17 301.10 WARN
r-patched-solaris-x86 0.1-17 62.90 WARN
r-release-linux-x86_64 0.1-17 1.87 24.12 25.99 WARN
r-release-osx-x86_64-mavericks 0.1-17 OK
r-release-windows-ix86+x86_64 0.1-17 8.00 56.00 64.00 WARN
r-oldrel-windows-ix86+x86_64 0.1-17 11.00 57.00 68.00 WARN

Check Details

Version: 0.1-17
Check: Rd cross-references
Result: WARN
    Missing link or links in documentation object 'ggdendro-package.Rd':
     ‘[ggplot2]{ggplot2}’
    
    See section 'Cross-references' in the 'Writing R Extensions' manual.
Flavors: r-devel-linux-x86_64-debian-gcc, r-devel-linux-x86_64-fedora-clang, r-devel-linux-x86_64-fedora-gcc, r-devel-osx-x86_64-clang, r-devel-windows-ix86+x86_64, r-patched-linux-x86_64, r-patched-solaris-sparc, r-patched-solaris-x86, r-release-linux-x86_64, r-release-windows-ix86+x86_64, r-oldrel-windows-ix86+x86_64