CRAN Package Check Results for Package ggdendro

Last updated on 2014-04-16 09:47:59.

Flavor Version Tinstall Tcheck Ttotal Status Flags
r-devel-linux-x86_64-debian-clang 0.1-14 2.23 33.96 36.18 OK
r-devel-linux-x86_64-debian-gcc 0.1-14 2.12 33.86 35.98 OK
r-devel-linux-x86_64-fedora-clang 0.1-14 71.61 OK
r-devel-linux-x86_64-fedora-gcc 0.1-14 67.18 OK
r-devel-macosx-x86_64-clang 0.1-14 74.08 OK
r-devel-macosx-x86_64-gcc 0.1-14 ERROR
r-devel-windows-ix86+x86_64 0.1-14 7.00 54.00 61.00 OK
r-patched-linux-x86_64 0.1-14 2.02 34.31 36.32 OK
r-patched-solaris-sparc 0.1-14 371.20 OK
r-patched-solaris-x86 0.1-14 85.40 OK
r-release-linux-ix86 0.1-14 4.00 60.00 64.00 OK
r-release-linux-x86_64 0.1-14 2.04 34.20 36.24 OK
r-release-macosx-x86_64 0.1-14 OK
r-release-windows-ix86+x86_64 0.1-14 8.00 59.00 67.00 OK
r-oldrel-windows-ix86+x86_64 0.1-14 8.00 55.00 63.00 OK

Check Details

Version: 0.1-14
Check: package dependencies
Result: ERROR
    Package required but not available: ‘ggplot2’
    
    See the information on DESCRIPTION files in the chapter ‘Creating R
    packages’ of the ‘Writing R Extensions’ manual.
Flavor: r-devel-macosx-x86_64-gcc