CRAN Package Check Results for Package ggdendro

Last updated on 2015-07-30 13:47:27.

Flavor Version Tinstall Tcheck Ttotal Status Flags
r-devel-linux-x86_64-debian-clang 0.1-15 1.44 24.87 26.31 NOTE
r-devel-linux-x86_64-debian-gcc 0.1-15 1.24 23.24 24.47 NOTE
r-devel-linux-x86_64-fedora-clang 0.1-15 52.43 NOTE
r-devel-linux-x86_64-fedora-gcc 0.1-15 46.62 NOTE
r-devel-osx-x86_64-clang 0.1-15 40.66 NOTE
r-devel-windows-ix86+x86_64 0.1-15 7.00 40.00 47.00 NOTE
r-patched-linux-x86_64 0.1-15 1.22 23.90 25.12 NOTE
r-patched-solaris-sparc 0.1-15 314.80 NOTE
r-patched-solaris-x86 0.1-15 68.00 NOTE
r-release-linux-x86_64 0.1-15 1.20 24.00 25.21 NOTE
r-release-osx-x86_64-mavericks 0.1-15 OK
r-release-windows-ix86+x86_64 0.1-15 6.00 39.00 45.00 OK
r-oldrel-windows-ix86+x86_64 0.1-15 10.00 64.00 74.00 OK

Check Details

Version: 0.1-15
Check: S3 generic/method consistency
Result: NOTE
    Found the following apparent S3 methods exported but not registered:
     dendro_data.default dendro_data.dendrogram dendro_data.hclust
    See section ‘Registering S3 methods’ in the ‘Writing R Extensions’
    manual.
Flavors: r-devel-linux-x86_64-debian-clang, r-devel-linux-x86_64-debian-gcc, r-devel-linux-x86_64-fedora-clang, r-devel-linux-x86_64-fedora-gcc, r-devel-osx-x86_64-clang, r-patched-linux-x86_64, r-patched-solaris-sparc, r-patched-solaris-x86, r-release-linux-x86_64

Version: 0.1-15
Check: R code for possible problems
Result: NOTE
    dendro_data.hclust: no visible global function definition for
     ‘as.dendrogram’
    dendro_data.rpart: no visible global function definition for ‘dev.cur’
    dendro_data.tree: no visible global function definition for ‘dev.cur’
    dendrogram_data: no visible global function definition for ‘is.leaf’
    dendrogram_data : gg.plotNode: no visible global function definition
     for ‘is.leaf’
    dendrogram_data : gg.plotNode: no visible global function definition
     for ‘par’
    dendrogram_data : gg.plotNode: no visible global function definition
     for ‘points’
    plotNodeLimit: no visible global function definition for ‘is.leaf’
    rpart.branch: no visible global function definition for ‘dev.cur’
    rpart_segments: no visible global function definition for ‘stack’
    rpart_segments: no visible global function definition for ‘head’
    rpart_segments: no visible global function definition for ‘tail’
    rpart_segments: no visible global function definition for
     ‘complete.cases’
    rpartco: no visible global function definition for ‘dev.cur’
    text.rpart: no visible binding for global variable ‘text’
    text.rpart: no visible global function definition for ‘par’
    text.rpart: no visible global function definition for ‘complete.cases’
    text.rpart: no visible global function definition for ‘col2rgb’
    text.rpart : oval: no visible global function definition for ‘polygon’
    text.rpart : rectangle: no visible global function definition for
     ‘polygon’
    treeco: no visible global function definition for ‘dev.cur’
    Undefined global functions or variables:
     as.dendrogram col2rgb complete.cases dev.cur head is.leaf par points
     polygon stack tail text
    Consider adding
     importFrom("grDevices", "col2rgb", "dev.cur")
     importFrom("graphics", "par", "points", "polygon", "text")
     importFrom("stats", "as.dendrogram", "complete.cases", "is.leaf")
     importFrom("utils", "head", "stack", "tail")
    to your NAMESPACE.
Flavors: r-devel-linux-x86_64-debian-clang, r-devel-linux-x86_64-debian-gcc, r-devel-linux-x86_64-fedora-clang, r-devel-linux-x86_64-fedora-gcc, r-devel-windows-ix86+x86_64