CRAN Package Check Results for Package ggdendro

Last updated on 2016-10-01 10:47:38.

Flavor Version Tinstall Tcheck Ttotal Status Flags
r-devel-linux-x86_64-debian-clang 0.1-20 1.97 26.00 27.97 OK
r-devel-linux-x86_64-debian-gcc 0.1-20 1.75 25.00 26.76 OK
r-devel-linux-x86_64-fedora-clang 0.1-20 49.76 OK
r-devel-linux-x86_64-fedora-gcc 0.1-20 46.70 OK
r-devel-macos-x86_64-clang 0.1-20 39.22 OK
r-devel-windows-ix86+x86_64 0.1-20 9.00 68.00 77.00 WARN
r-patched-linux-x86_64 0.1-20 1.56 23.90 25.46 OK
r-patched-solaris-sparc 0.1-20 281.30 OK
r-patched-solaris-x86 0.1-20 57.10 OK
r-release-linux-x86_64 0.1-20 1.57 24.42 25.99 OK
r-release-osx-x86_64-mavericks 0.1-20 OK
r-release-windows-ix86+x86_64 0.1-20 6.00 50.00 56.00 OK
r-oldrel-windows-ix86+x86_64 0.1-20 7.00 80.00 87.00 OK

Check Details

Version: 0.1-20
Check: files in ‘vignettes’
Result: WARN
    Files in the 'vignettes' directory newer than all files in 'inst/doc':
     'ggdendro.Rmd'
Flavor: r-devel-windows-ix86+x86_64