CRAN Package Check Results for Package ggdmc

Last updated on 2022-12-09 01:50:29 CET.

Flavor Version Tinstall Tcheck Ttotal Status Flags
r-devel-linux-x86_64-debian-clang 0.2.6.0 140.00 84.67 224.67 NOTE
r-devel-linux-x86_64-debian-gcc 0.2.6.0 111.03 73.10 184.13 NOTE
r-devel-linux-x86_64-fedora-clang 0.2.6.0 337.73 NOTE
r-devel-linux-x86_64-fedora-gcc 0.2.6.0 301.52 NOTE
r-devel-windows-x86_64 0.2.6.0 128.00 160.00 288.00 NOTE
r-patched-linux-x86_64 0.2.6.0 116.26 78.79 195.05 NOTE
r-release-linux-x86_64 0.2.6.0 130.06 77.75 207.81 NOTE
r-release-macos-arm64 0.2.6.0 72.00 NOTE
r-release-macos-x86_64 0.2.6.0 106.00 NOTE
r-release-windows-x86_64 0.2.6.0 127.00 130.00 257.00 NOTE
r-oldrel-macos-arm64 0.2.6.0 76.00 NOTE
r-oldrel-macos-x86_64 0.2.6.0 109.00 NOTE
r-oldrel-windows-ix86+x86_64 0.2.6.0 333.00 141.00 474.00 NOTE

Check Details

Version: 0.2.6.0
Check: LazyData
Result: NOTE
     'LazyData' is specified without a 'data' directory
Flavors: r-devel-linux-x86_64-debian-clang, r-devel-linux-x86_64-debian-gcc, r-devel-linux-x86_64-fedora-clang, r-devel-linux-x86_64-fedora-gcc, r-devel-windows-x86_64, r-patched-linux-x86_64, r-release-linux-x86_64, r-release-macos-arm64, r-release-macos-x86_64, r-release-windows-x86_64, r-oldrel-macos-arm64, r-oldrel-macos-x86_64, r-oldrel-windows-ix86+x86_64

Version: 0.2.6.0
Check: installed package size
Result: NOTE
     installed size is 5.5Mb
     sub-directories of 1Mb or more:
     libs 5.1Mb
Flavors: r-release-macos-arm64, r-release-macos-x86_64, r-oldrel-macos-arm64, r-oldrel-macos-x86_64