CRAN Package Check Results for Package ggedit

Last updated on 2019-05-20 18:54:05 CEST.

Flavor Version Tinstall Tcheck Ttotal Status Flags
r-devel-linux-x86_64-debian-clang 0.3.0 8.31 65.45 73.76 OK
r-devel-linux-x86_64-debian-gcc 0.3.0 7.59 49.86 57.45 OK
r-devel-linux-x86_64-fedora-clang 0.3.0 85.88 NOTE
r-devel-linux-x86_64-fedora-gcc 0.3.0 85.56 NOTE
r-devel-windows-ix86+x86_64 0.3.0 25.00 105.00 130.00 OK
r-patched-linux-x86_64 0.3.0 8.85 65.37 74.22 OK
r-patched-solaris-x86 0.3.0 118.00 NOTE
r-release-linux-x86_64 0.3.0 8.54 64.77 73.31 OK
r-release-windows-ix86+x86_64 0.3.0 42.00 103.00 145.00 OK
r-release-osx-x86_64 0.3.0 NOTE
r-oldrel-windows-ix86+x86_64 0.3.0 10.00 83.00 93.00 OK
r-oldrel-osx-x86_64 0.3.0 NOTE

Check Details

Version: 0.3.0
Check: dependencies in R code
Result: NOTE
    Namespace in Imports field not imported from: ‘magrittr’
     All declared Imports should be used.
Flavors: r-devel-linux-x86_64-fedora-clang, r-devel-linux-x86_64-fedora-gcc, r-patched-solaris-x86, r-release-osx-x86_64, r-oldrel-osx-x86_64