CRAN Package Check Results for Package ggfocus

Last updated on 2022-08-07 21:56:24 CEST.

Flavor Version Tinstall Tcheck Ttotal Status Flags
r-devel-linux-x86_64-debian-clang 1.0.0 5.58 74.59 80.17 NOTE
r-devel-linux-x86_64-debian-gcc 1.0.0 4.59 54.53 59.12 NOTE
r-devel-linux-x86_64-fedora-clang 1.0.0 103.89 NOTE
r-devel-linux-x86_64-fedora-gcc 1.0.0 107.17 NOTE
r-devel-windows-x86_64 1.0.0 10.00 99.00 109.00 NOTE
r-patched-linux-x86_64 1.0.0 5.99 69.41 75.40 NOTE
r-release-linux-x86_64 1.0.0 6.45 69.93 76.38 NOTE
r-release-macos-arm64 1.0.0 35.00 NOTE
r-release-macos-x86_64 1.0.0 61.00 NOTE
r-release-windows-x86_64 1.0.0 15.00 99.00 114.00 NOTE
r-oldrel-macos-arm64 1.0.0 54.00 NOTE
r-oldrel-macos-x86_64 1.0.0 54.00 NOTE
r-oldrel-windows-ix86+x86_64 1.0.0 16.00 93.00 109.00 NOTE

Check Details

Version: 1.0.0
Check: LazyData
Result: NOTE
     'LazyData' is specified without a 'data' directory
Flavors: r-devel-linux-x86_64-debian-clang, r-devel-linux-x86_64-debian-gcc, r-devel-linux-x86_64-fedora-clang, r-devel-linux-x86_64-fedora-gcc, r-devel-windows-x86_64, r-patched-linux-x86_64, r-release-linux-x86_64, r-release-macos-arm64, r-release-macos-x86_64, r-release-windows-x86_64, r-oldrel-macos-arm64, r-oldrel-macos-x86_64, r-oldrel-windows-ix86+x86_64