CRAN Package Check Results for Package ggimage

Last updated on 2020-11-27 09:50:26 CET.

Flavor Version Tinstall Tcheck Ttotal Status Flags
r-devel-linux-x86_64-debian-clang 0.2.8 6.39 50.70 57.09 OK
r-devel-linux-x86_64-debian-gcc 0.2.8 5.19 37.29 42.48 OK
r-devel-linux-x86_64-fedora-clang 0.2.8 76.11 OK
r-devel-linux-x86_64-fedora-gcc 0.2.8 60.84 OK
r-devel-windows-ix86+x86_64 0.2.8 13.00 59.00 72.00 OK
r-patched-linux-x86_64 0.2.8 6.48 46.96 53.44 OK
r-patched-solaris-x86 0.2.8 92.90 NOTE
r-release-linux-x86_64 0.2.8 6.46 46.77 53.23 OK
r-release-macos-x86_64 0.2.8 NOTE
r-release-windows-ix86+x86_64 0.2.8 18.00 70.00 88.00 OK
r-oldrel-macos-x86_64 0.2.8 OK
r-oldrel-windows-ix86+x86_64 0.2.8 10.00 59.00 69.00 OK

Check Details

Version: 0.2.8
Check: package dependencies
Result: NOTE
    Package suggested but not available for checking: ‘rsvg’
Flavor: r-patched-solaris-x86

Version: 0.2.8
Check: package dependencies
Result: NOTE
    Package suggested but not available for checking: ‘ggtree’
Flavor: r-release-macos-x86_64