Last updated on 2022-06-25 20:50:17 CEST.
Flavor | Version | Tinstall | Tcheck | Ttotal | Status | Flags |
---|---|---|---|---|---|---|
r-devel-linux-x86_64-debian-clang | 0.4.1 | 4.81 | 54.14 | 58.95 | NOTE | |
r-devel-linux-x86_64-debian-gcc | 0.4.1 | 4.37 | 40.15 | 44.52 | NOTE | |
r-devel-linux-x86_64-fedora-clang | 0.4.1 | 80.09 | NOTE | |||
r-devel-linux-x86_64-fedora-gcc | 0.4.1 | 78.83 | NOTE | |||
r-devel-windows-x86_64 | 0.4.1 | 14.00 | 77.00 | 91.00 | NOTE | |
r-patched-linux-x86_64 | 0.4.1 | 10.91 | 50.09 | 61.00 | NOTE | |
r-release-linux-x86_64 | 0.4.1 | 5.46 | 50.84 | 56.30 | NOTE | |
r-release-macos-arm64 | 0.4.1 | 23.00 | NOTE | |||
r-release-macos-x86_64 | 0.4.1 | 51.00 | NOTE | |||
r-release-windows-x86_64 | 0.4.1 | 13.00 | 88.00 | 101.00 | NOTE | |
r-oldrel-macos-arm64 | 0.4.1 | 24.00 | NOTE | |||
r-oldrel-macos-x86_64 | 0.4.1 | 42.00 | NOTE | |||
r-oldrel-windows-ix86+x86_64 | 0.4.1 | 16.00 | 70.00 | 86.00 | NOTE |
Version: 0.4.1
Check: LazyData
Result: NOTE
'LazyData' is specified without a 'data' directory
Flavors: r-devel-linux-x86_64-debian-clang, r-devel-linux-x86_64-debian-gcc, r-devel-linux-x86_64-fedora-clang, r-devel-linux-x86_64-fedora-gcc, r-devel-windows-x86_64, r-patched-linux-x86_64, r-release-linux-x86_64, r-release-macos-arm64, r-release-macos-x86_64, r-release-windows-x86_64, r-oldrel-macos-arm64, r-oldrel-macos-x86_64, r-oldrel-windows-ix86+x86_64