CRAN Package Check Results for Package ggm

Last updated on 2018-04-26 06:47:18 CEST.

Flavor Version Tinstall Tcheck Ttotal Status Flags
r-devel-linux-x86_64-debian-clang 2.3 5.27 52.17 57.44 NOTE
r-devel-linux-x86_64-debian-gcc 2.3 6.22 43.97 50.19 NOTE
r-devel-linux-x86_64-fedora-clang 2.3 77.84 NOTE
r-devel-linux-x86_64-fedora-gcc 2.3 74.71 NOTE
r-devel-windows-ix86+x86_64 2.3 14.00 61.00 75.00 NOTE
r-patched-linux-x86_64 2.3 7.46 56.72 64.18 NOTE
r-patched-solaris-x86 2.3 99.00 NOTE
r-release-linux-x86_64 2.3 5.46 56.35 61.81 NOTE
r-release-windows-ix86+x86_64 2.3 14.00 61.00 75.00 NOTE
r-release-osx-x86_64 2.3 NOTE
r-oldrel-windows-ix86+x86_64 2.3 6.00 93.00 99.00 NOTE
r-oldrel-osx-x86_64 2.3 NOTE

Check Details

Version: 2.3
Check: R code for possible problems
Result: NOTE
    DAG: no visible global function definition for ‘terms’
    DG: no visible global function definition for ‘terms’
    UG: no visible global function definition for ‘terms’
    correlations: no visible global function definition for ‘cor’
    drawGraph : plot.dots: no visible global function definition for
     ‘points’
    drawGraph : plot.dots: no visible global function definition for ‘text’
    drawGraph : double.edges: no visible global function definition for
     ‘lines’
    drawGraph : double.edges: no visible global function definition for
     ‘segments’
    drawGraph : double.edges: no visible global function definition for
     ‘arrows’
    drawGraph : draw.edges: no visible global function definition for
     ‘segments’
    drawGraph : draw.edges: no visible global function definition for
     ‘arrows’
    drawGraph: no visible global function definition for ‘par’
    drawGraph: no visible global function definition for ‘plot’
    drawGraph: no visible global function definition for ‘locator’
    fitDAG: no visible global function definition for ‘formula’
    fitDAG: no visible global function definition for ‘var’
    fitDAG: no visible global function definition for ‘lm’
    fitmlogit: no visible global function definition for ‘model.frame’
    fitmlogit: no visible global function definition for ‘model.response’
    fitmlogit: no visible global function definition for ‘model.matrix’
    fitmlogit: no visible global function definition for ‘glm’
    fitmlogit: no visible binding for global variable ‘binomial’
    fitmlogit: no visible global function definition for ‘coef’
    pcor.test: no visible global function definition for ‘pt’
    plotGraph: no visible global function definition for ‘plot’
    rnormDag: no visible global function definition for ‘rnorm’
    rsphere: no visible global function definition for ‘rnorm’
    shipley.test : pval: no visible global function definition for ‘pt’
    shipley.test: no visible global function definition for ‘pchisq’
    Undefined global functions or variables:
     arrows binomial coef cor formula glm lines lm locator model.frame
     model.matrix model.response par pchisq plot points pt rnorm segments
     terms text var
    Consider adding
     importFrom("graphics", "arrows", "lines", "locator", "par", "plot",
     "points", "segments", "text")
     importFrom("stats", "binomial", "coef", "cor", "formula", "glm", "lm",
     "model.frame", "model.matrix", "model.response", "pchisq",
     "pt", "rnorm", "terms", "var")
    to your NAMESPACE file.
Flavors: r-devel-linux-x86_64-debian-clang, r-devel-linux-x86_64-debian-gcc, r-devel-linux-x86_64-fedora-clang, r-devel-linux-x86_64-fedora-gcc, r-devel-windows-ix86+x86_64, r-patched-linux-x86_64, r-patched-solaris-x86, r-release-linux-x86_64, r-release-windows-ix86+x86_64, r-release-osx-x86_64, r-oldrel-windows-ix86+x86_64, r-oldrel-osx-x86_64

Version: 2.3
Check: files in ‘vignettes’
Result: NOTE
    Package has no Sweave vignette sources and no VignetteBuilder field.
Flavors: r-devel-linux-x86_64-debian-clang, r-devel-linux-x86_64-debian-gcc, r-devel-linux-x86_64-fedora-clang, r-devel-linux-x86_64-fedora-gcc, r-devel-windows-ix86+x86_64, r-patched-linux-x86_64, r-patched-solaris-x86, r-release-linux-x86_64, r-release-windows-ix86+x86_64, r-release-osx-x86_64, r-oldrel-windows-ix86+x86_64, r-oldrel-osx-x86_64