CRAN Package Check Results for Package ggm

Last updated on 2014-04-21 12:31:32.

Flavor Version Tinstall Tcheck Ttotal Status Flags
r-devel-linux-x86_64-debian-clang 2.0 1.70 35.28 36.97 OK
r-devel-linux-x86_64-debian-gcc 2.0 1.66 36.11 37.78 OK
r-devel-linux-x86_64-fedora-clang 2.0 74.54 OK
r-devel-linux-x86_64-fedora-gcc 2.0 72.07 OK
r-devel-osx-x86_64-clang 2.0 65.57 OK
r-devel-osx-x86_64-gcc 2.0 ERROR
r-devel-windows-ix86+x86_64 2.0 5.00 47.00 52.00 OK
r-patched-linux-x86_64 2.0 1.70 35.68 37.38 OK
r-patched-solaris-sparc 2.0 375.60 OK
r-patched-solaris-x86 2.0 87.90 OK
r-release-linux-x86_64 2.0 1.68 35.55 37.24 OK
r-release-osx-x86_64-mavericks 2.0 WARN
r-release-osx-x86_64-snowleopard 2.0 OK
r-release-windows-ix86+x86_64 2.0 7.00 53.00 60.00 OK
r-oldrel-windows-ix86+x86_64 2.0 6.00 52.00 58.00 OK

Check Details

Version: 2.0
Check: package dependencies
Result: ERROR
    Package required but not available: ‘igraph’
    
    See the information on DESCRIPTION files in the chapter ‘Creating R
    packages’ of the ‘Writing R Extensions’ manual.
Flavor: r-devel-osx-x86_64-gcc

Version: 2.0
Check: PDF version of manual
Result: WARNING
    LaTeX errors when creating PDF version.
    This typically indicates Rd problems.
    LaTeX errors found:
    ! LaTeX Error: File `upquote.sty' not found.
    
    Type X to quit or <RETURN> to proceed,
    or enter new name. (Default extension: sty)
    
    e8d6b21/Rd2.tex:8: ==> Fatal error occurred, no output PDF file produced!
Flavor: r-release-osx-x86_64-mavericks