CRAN Package Check Results for Package ggm

Last updated on 2015-09-01 03:48:57.

Flavor Version Tinstall Tcheck Ttotal Status Flags
r-devel-linux-x86_64-debian-clang 2.3 1.69 33.14 34.83 NOTE
r-devel-linux-x86_64-debian-gcc 2.3 1.62 31.95 33.57 NOTE
r-devel-linux-x86_64-fedora-clang 2.3 64.85 NOTE
r-devel-linux-x86_64-fedora-gcc 2.3 61.53 NOTE
r-devel-osx-x86_64-clang 2.3 59.18 OK
r-devel-windows-ix86+x86_64 2.3 10.00 56.00 66.00 NOTE
r-patched-linux-x86_64 2.3 1.85 32.56 34.40 OK
r-patched-solaris-sparc 2.3 412.80 OK
r-patched-solaris-x86 2.3 83.10 OK
r-release-linux-x86_64 2.3 1.70 33.41 35.11 OK
r-release-osx-x86_64-mavericks 2.3 OK
r-release-windows-ix86+x86_64 2.3 11.00 61.00 72.00 OK
r-oldrel-windows-ix86+x86_64 2.3 13.00 64.00 77.00 OK

Check Details

Version: 2.3
Check: R code for possible problems
Result: NOTE
    DAG: no visible global function definition for ‘terms’
    DG: no visible global function definition for ‘terms’
    UG: no visible global function definition for ‘terms’
    correlations: no visible global function definition for ‘cor’
    drawGraph : plot.dots: no visible global function definition for
     ‘points’
    drawGraph : plot.dots: no visible global function definition for ‘text’
    drawGraph : double.edges: no visible global function definition for
     ‘lines’
    drawGraph : double.edges: no visible global function definition for
     ‘segments’
    drawGraph : double.edges: no visible global function definition for
     ‘arrows’
    drawGraph : draw.edges: no visible global function definition for
     ‘segments’
    drawGraph : draw.edges: no visible global function definition for
     ‘arrows’
    drawGraph: no visible global function definition for ‘par’
    drawGraph: no visible global function definition for ‘plot’
    drawGraph: no visible global function definition for ‘locator’
    fitDAG: no visible global function definition for ‘formula’
    fitDAG: no visible global function definition for ‘var’
    fitDAG: no visible global function definition for ‘lm’
    fitmlogit: no visible global function definition for ‘model.frame’
    fitmlogit: no visible global function definition for ‘model.response’
    fitmlogit: no visible global function definition for ‘model.matrix’
    fitmlogit: no visible global function definition for ‘glm’
    fitmlogit: no visible binding for global variable ‘binomial’
    fitmlogit: no visible global function definition for ‘coef’
    pcor.test: no visible global function definition for ‘pt’
    plotGraph: no visible global function definition for ‘plot’
    rnormDag: no visible global function definition for ‘rnorm’
    rsphere: no visible global function definition for ‘rnorm’
    shipley.test : pval: no visible global function definition for ‘pt’
    shipley.test: no visible global function definition for ‘pchisq’
    Undefined global functions or variables:
     arrows binomial coef cor formula glm lines lm locator model.frame
     model.matrix model.response par pchisq plot points pt rnorm segments
     terms text var
    Consider adding
     importFrom("graphics", "arrows", "lines", "locator", "par", "plot",
     "points", "segments", "text")
     importFrom("stats", "binomial", "coef", "cor", "formula", "glm", "lm",
     "model.frame", "model.matrix", "model.response", "pchisq",
     "pt", "rnorm", "terms", "var")
    to your NAMESPACE.
Flavors: r-devel-linux-x86_64-debian-clang, r-devel-linux-x86_64-debian-gcc, r-devel-linux-x86_64-fedora-clang, r-devel-linux-x86_64-fedora-gcc, r-devel-windows-ix86+x86_64