CRAN Package Check Results for Package ggm

Last updated on 2015-05-22 23:47:59.

Flavor Version Tinstall Tcheck Ttotal Status Flags
r-devel-linux-x86_64-debian-clang 2.3 2.54 33.99 36.53 OK
r-devel-linux-x86_64-debian-gcc 2.3 1.64 32.43 34.07 OK
r-devel-linux-x86_64-fedora-clang 2.3 66.92 OK
r-devel-linux-x86_64-fedora-gcc 2.3 63.25 OK
r-devel-osx-x86_64-clang 2.3 70.75 OK
r-devel-windows-ix86+x86_64 2.3 9.00 49.00 58.00 OK
r-patched-linux-x86_64 2.3 1.79 32.67 34.46 OK
r-patched-solaris-sparc 2.3 412.00 OK
r-patched-solaris-x86 2.3 80.40 OK
r-release-linux-x86_64 2.3 1.70 33.60 35.30 OK
r-release-osx-x86_64-mavericks 2.3 OK
r-release-osx-x86_64-snowleopard 2.3 ERROR
r-release-windows-ix86+x86_64 2.3 7.00 50.00 57.00 OK
r-oldrel-windows-ix86+x86_64 2.3 6.00 49.00 55.00 OK

Check Details

Version: 2.3
Check: package dependencies
Result: ERROR
    Package required but not available: ‘igraph’
    
    See section ‘The DESCRIPTION file’ in the ‘Writing R Extensions’
    manual.
Flavor: r-release-osx-x86_64-snowleopard