CRAN Package Check Results for Package ggm

Last updated on 2015-04-19 19:51:49.

Flavor Version Tinstall Tcheck Ttotal Status Flags
r-devel-linux-x86_64-debian-clang 2.3 1.72 33.22 34.94 OK
r-devel-linux-x86_64-debian-gcc 2.3 1.68 32.42 34.09 OK
r-devel-linux-x86_64-fedora-clang 2.3 67.15 OK
r-devel-linux-x86_64-fedora-gcc 2.3 62.14 OK
r-devel-osx-x86_64-clang 2.3 69.13 OK
r-devel-windows-ix86+x86_64 2.3 10.00 46.00 56.00 OK
r-patched-linux-x86_64 2.3 1.65 33.60 35.25 OK
r-patched-solaris-sparc 2.3 401.70 OK
r-patched-solaris-x86 2.3 80.80 OK
r-release-linux-x86_64 2.3 1.81 33.19 35.00 OK
r-release-osx-x86_64-mavericks 2.3 OK
r-release-osx-x86_64-snowleopard 2.3 ERROR
r-release-windows-ix86+x86_64 2.3 4.00 45.00 49.00 OK
r-oldrel-windows-ix86+x86_64 2.3 5.00 51.00 56.00 OK

Check Details

Version: 2.3
Check: package dependencies
Result: ERROR
    Package required but not available: ‘igraph’
    
    See section ‘The DESCRIPTION file’ in the ‘Writing R Extensions’
    manual.
Flavor: r-release-osx-x86_64-snowleopard