CRAN Package Check Results for Package ggm

Last updated on 2015-07-04 08:50:20.

Flavor Version Tinstall Tcheck Ttotal Status Flags
r-devel-linux-x86_64-debian-clang 2.3 2.14 33.65 35.78 NOTE
r-devel-linux-x86_64-debian-gcc 2.3 1.62 32.83 34.45 NOTE
r-devel-linux-x86_64-fedora-clang 2.3 65.18 NOTE
r-devel-linux-x86_64-fedora-gcc 2.3 61.74 NOTE
r-devel-osx-x86_64-clang 2.3 60.49 OK
r-devel-windows-ix86+x86_64 2.3 12.00 50.00 62.00 NOTE
r-patched-linux-x86_64 2.3 1.58 33.27 34.86 OK
r-patched-solaris-sparc 2.3 412.00 OK
r-patched-solaris-x86 2.3 82.10 OK
r-release-linux-x86_64 2.3 1.67 33.06 34.73 OK
r-release-osx-x86_64-mavericks 2.3 OK
r-release-windows-ix86+x86_64 2.3 9.00 82.00 91.00 OK
r-oldrel-windows-ix86+x86_64 2.3 8.00 58.00 66.00 OK

Check Details

Version: 2.3
Check: R code for possible problems
Result: NOTE
    DAG: no visible global function definition for ‘terms’
    DG: no visible global function definition for ‘terms’
    UG: no visible global function definition for ‘terms’
    correlations: no visible global function definition for ‘cor’
    drawGraph : plot.dots: no visible global function definition for
     ‘points’
    drawGraph : plot.dots: no visible global function definition for ‘text’
    drawGraph : double.edges: no visible global function definition for
     ‘lines’
    drawGraph : double.edges: no visible global function definition for
     ‘segments’
    drawGraph : double.edges: no visible global function definition for
     ‘arrows’
    drawGraph : draw.edges: no visible global function definition for
     ‘segments’
    drawGraph : draw.edges: no visible global function definition for
     ‘arrows’
    drawGraph: no visible global function definition for ‘par’
    drawGraph: no visible global function definition for ‘plot’
    drawGraph: no visible global function definition for ‘locator’
    fitDAG: no visible global function definition for ‘formula’
    fitDAG: no visible global function definition for ‘var’
    fitDAG: no visible global function definition for ‘lm’
    fitmlogit: no visible global function definition for ‘model.frame’
    fitmlogit: no visible global function definition for ‘model.response’
    fitmlogit: no visible global function definition for ‘model.matrix’
    fitmlogit: no visible global function definition for ‘glm’
    fitmlogit: no visible binding for global variable ‘binomial’
    fitmlogit: no visible global function definition for ‘coef’
    pcor.test: no visible global function definition for ‘pt’
    plotGraph: no visible global function definition for ‘plot’
    rnormDag: no visible global function definition for ‘rnorm’
    rsphere: no visible global function definition for ‘rnorm’
    shipley.test : pval: no visible global function definition for ‘pt’
    shipley.test: no visible global function definition for ‘pchisq’
    Undefined global functions or variables:
     arrows binomial coef cor formula glm lines lm locator model.frame
     model.matrix model.response par pchisq plot points pt rnorm segments
     terms text var
Flavors: r-devel-linux-x86_64-debian-clang, r-devel-linux-x86_64-debian-gcc, r-devel-linux-x86_64-fedora-clang, r-devel-linux-x86_64-fedora-gcc, r-devel-windows-ix86+x86_64