CRAN Package Check Results for Package ggmap

Last updated on 2015-09-02 03:48:26.

Flavor Version Tinstall Tcheck Ttotal Status Flags
r-devel-linux-x86_64-debian-clang 2.5.2 4.78 43.97 48.75 NOTE
r-devel-linux-x86_64-debian-gcc 2.5.2 4.81 42.45 47.26 NOTE
r-devel-linux-x86_64-fedora-clang 2.5.2 83.00 NOTE
r-devel-linux-x86_64-fedora-gcc 2.5.2 80.14 NOTE
r-devel-osx-x86_64-clang 2.5.2 80.58 OK
r-devel-windows-ix86+x86_64 2.5.2 20.00 77.00 97.00 NOTE
r-patched-linux-x86_64 2.5.2 6.10 44.17 50.27 OK
r-patched-solaris-sparc 2.5.2 514.80 OK
r-patched-solaris-x86 2.5.2 106.30 OK
r-release-linux-x86_64 2.5.2 5.25 45.16 50.41 OK
r-release-osx-x86_64-mavericks 2.5.2 OK
r-release-windows-ix86+x86_64 2.5.2 17.00 73.00 90.00 OK
r-oldrel-windows-ix86+x86_64 2.5.2 26.00 105.00 131.00 OK

Check Details

Version: 2.5.2
Check: R code for possible problems
Result: NOTE
    is.constant : <anonymous>: no visible global function definition for
     ‘asOneSidedFormula’
    Undefined global functions or variables:
     asOneSidedFormula
    Consider adding
     importFrom("stats", "asOneSidedFormula")
    to your NAMESPACE.
Flavors: r-devel-linux-x86_64-debian-clang, r-devel-linux-x86_64-debian-gcc, r-devel-linux-x86_64-fedora-clang, r-devel-linux-x86_64-fedora-gcc, r-devel-windows-ix86+x86_64