CRAN Package Check Results for Package ggmap

Last updated on 2014-10-01 17:48:22.

Flavor Version Tinstall Tcheck Ttotal Status Flags
r-devel-linux-x86_64-debian-clang 2.3 5.26 31.83 37.08 NOTE
r-devel-linux-x86_64-debian-gcc 2.3 5.32 31.24 36.55 NOTE
r-devel-linux-x86_64-fedora-clang 2.3 77.24 NOTE
r-devel-linux-x86_64-fedora-gcc 2.3 72.99 NOTE
r-devel-osx-x86_64-clang 2.3 68.10 NOTE
r-devel-windows-ix86+x86_64 2.3 13.00 51.00 64.00 NOTE
r-patched-linux-x86_64 2.3 5.33 32.74 38.07 NOTE
r-patched-solaris-sparc 2.3 430.40 NOTE
r-patched-solaris-x86 2.3 100.00 NOTE
r-release-linux-ix86 2.3 6.89 41.60 48.49 NOTE
r-release-linux-x86_64 2.3 5.32 33.12 38.44 NOTE
r-release-osx-x86_64-mavericks 2.3 NOTE
r-release-osx-x86_64-snowleopard 2.3 NOTE
r-release-windows-ix86+x86_64 2.3 14.00 57.00 71.00 NOTE
r-oldrel-windows-ix86+x86_64 2.3 16.00 58.00 74.00 NOTE

Check Details

Version: 2.3
Check: DESCRIPTION meta-information
Result: NOTE
    License components which are templates and need '+ file LICENSE':
     MIT
Flavors: r-devel-linux-x86_64-debian-clang, r-devel-linux-x86_64-debian-gcc, r-devel-linux-x86_64-fedora-clang, r-devel-linux-x86_64-fedora-gcc, r-devel-osx-x86_64-clang, r-patched-linux-x86_64, r-patched-solaris-sparc, r-patched-solaris-x86, r-release-linux-ix86, r-release-linux-x86_64, r-release-osx-x86_64-mavericks

Version: 2.3
Check: dependencies in R code
Result: NOTE
    Package in Depends field not imported from: ‘ggplot2’
     These packages need to be imported from (in the NAMESPACE file)
     for when this namespace is loaded but not attached.
    Unexported objects imported by ':::' calls:
     ‘ggplot2:::Geom’ ‘ggplot2:::Position’ ‘ggplot2:::Stat’
     ‘ggplot2:::is.constant’ ‘ggplot2:::rename_aes’
     ‘plyr:::list_to_dataframe’
     See the note in ?`:::` about the use of this operator.
    There are ::: calls to the package's namespace in its code. A package
     almost never needs to use ::: for its own objects:
     ‘annotation_raster’
    See the information on DESCRIPTION files in the chapter ‘Creating R
    packages’ of the ‘Writing R Extensions’ manual.
Flavors: r-devel-linux-x86_64-debian-clang, r-devel-linux-x86_64-debian-gcc, r-devel-linux-x86_64-fedora-clang, r-devel-linux-x86_64-fedora-gcc, r-devel-osx-x86_64-clang, r-devel-windows-ix86+x86_64, r-patched-linux-x86_64, r-patched-solaris-sparc, r-patched-solaris-x86, r-release-linux-ix86, r-release-linux-x86_64, r-release-osx-x86_64-mavericks, r-release-windows-ix86+x86_64, r-oldrel-windows-ix86+x86_64

Version: 2.3
Check: R code for possible problems
Result: NOTE
    ggimage: no visible global function definition for ‘ggplot’
    ggimage: no visible global function definition for ‘aes’
    ggimage: no visible global function definition for ‘geom_blank’
    ggimage: no visible global function definition for ‘scale_x_continuous’
    ggimage: no visible global function definition for ‘scale_y_continuous’
    gglocator: no visible global function definition for ‘last_plot’
    ggmap: no visible global function definition for ‘ggplot’
    ggmap: no visible global function definition for ‘aes’
    ggmap: no visible global function definition for ‘geom_blank’
    ggmap: no visible global function definition for ‘annotate’
    ggmap: no visible global function definition for ‘geom_tile’
    ggmap: no visible global function definition for ‘scale_fill_identity’
    ggmap: no visible global function definition for ‘xlim’
    ggmap: no visible global function definition for ‘ylim’
    ggmap: no visible global function definition for ‘coord_map’
    ggmap: no visible global function definition for ‘scale_x_continuous’
    ggmap: no visible global function definition for ‘scale_y_continuous’
    ggmap: no visible global function definition for ‘theme’
    ggmap: no visible global function definition for ‘element_rect’
    qmplot: no visible global function definition for ‘ggplot’
    qmplot: no visible global function definition for ‘annotate’
    qmplot: no visible global function definition for ‘coord_map’
    qmplot: no visible global function definition for ‘scale_x_continuous’
    qmplot: no visible global function definition for ‘scale_y_continuous’
    qmplot: no visible global function definition for ‘theme’
    qmplot: no visible global function definition for ‘element_rect’
    qmplot: no visible global function definition for ‘facet_null’
    qmplot: no visible global function definition for ‘facet_wrap’
    qmplot: no visible global function definition for ‘facet_grid’
    qmplot : <anonymous>: no visible global function definition for ‘layer’
    theme_inset: no visible global function definition for ‘theme_get’
    theme_inset: no visible global function definition for ‘element_blank’
    theme_nothing: no visible global function definition for ‘theme’
    theme_nothing: no visible global function definition for
     ‘element_blank’
Flavors: r-devel-linux-x86_64-debian-clang, r-devel-linux-x86_64-debian-gcc, r-devel-linux-x86_64-fedora-clang, r-devel-linux-x86_64-fedora-gcc, r-devel-osx-x86_64-clang, r-devel-windows-ix86+x86_64

Version: 2.3
Check: Rd line widths
Result: NOTE
    Rd file 'get_cloudmademap.Rd':
     \usage lines wider than 90 characters:
     get_cloudmademap(bbox = c(left = -95.80204, bottom = 29.38048, right = -94.92313, top = 30.14344),
    
    Rd file 'get_openstreetmap.Rd':
     \usage lines wider than 90 characters:
     get_openstreetmap(bbox = c(left = -95.80204, bottom = 29.38048, right = -94.92313, top = 30.14344),
    
    Rd file 'get_stamenmap.Rd':
     \usage lines wider than 90 characters:
     get_stamenmap(bbox = c(left = -95.80204, bottom = 29.38048, right = -94.92313, top = 30.14344),
    
    These lines will be truncated in the PDF manual.
Flavors: r-devel-linux-x86_64-debian-clang, r-devel-linux-x86_64-debian-gcc, r-devel-linux-x86_64-fedora-clang, r-devel-linux-x86_64-fedora-gcc, r-patched-linux-x86_64, r-release-linux-x86_64

Version: 2.3
Check: DESCRIPTION meta-information
Result: NOTE
    Licenses which are templates and need '+ file LICENSE':
     MIT
Flavor: r-release-osx-x86_64-snowleopard

Version: 2.3
Check: dependencies in R code
Result: NOTE
    Package in Depends field not imported from: 'ggplot2'
     These packages need to be imported from for the case when
     this namespace is loaded but not attached.
    Unexported objects imported by ':::' calls:
     'ggplot2:::Geom' 'ggplot2:::Position' 'ggplot2:::Stat'
     'ggplot2:::is.constant' 'ggplot2:::rename_aes'
     'plyr:::list_to_dataframe'
     See the note in ?`:::` about the use of this operator.
    There are ::: calls to the package's namespace in its code. A package
     almost never needs to use ::: for its own objects:
     'annotation_raster'
    See the information on DESCRIPTION files in the chapter 'Creating R
    packages' of the 'Writing R Extensions' manual.
Flavor: r-release-osx-x86_64-snowleopard