CRAN Package Check Results for Package ggmap

Last updated on 2015-06-30 19:47:47.

Flavor Version Tinstall Tcheck Ttotal Status Flags
r-devel-linux-x86_64-debian-clang 2.4 5.14 36.23 41.37 ERROR
r-devel-linux-x86_64-debian-gcc 2.4 4.71 35.40 40.12 ERROR
r-devel-linux-x86_64-fedora-clang 2.4 74.68 ERROR
r-devel-linux-x86_64-fedora-gcc 2.4 71.05 ERROR
r-devel-osx-x86_64-clang 2.4 76.90 ERROR
r-devel-windows-ix86+x86_64 2.4 13.00 58.00 71.00 ERROR
r-patched-linux-x86_64 2.4 4.80 36.02 40.81 ERROR
r-patched-solaris-sparc 2.4 431.00 ERROR
r-patched-solaris-x86 2.4 105.30 ERROR
r-release-linux-x86_64 2.4 4.99 36.27 41.26 ERROR
r-release-osx-x86_64-mavericks 2.4 OK
r-release-windows-ix86+x86_64 2.4 16.00 56.00 72.00 ERROR
r-oldrel-windows-ix86+x86_64 2.4 18.00 79.00 97.00 ERROR

Check Details

Version: 2.4
Check: R code for possible problems
Result: NOTE
    annotation_raster: no visible global function definition for
     ‘as.raster’
    checkGeocodeQueryLimit: no visible binding for global variable ‘time’
    check_dist_query_limit: no visible binding for global variable ‘time’
    check_route_query_limit: no visible binding for global variable ‘time’
    distQueryCheck: no visible binding for global variable ‘time’
    geocode: no visible global function definition for ‘URLencode’
    geocodeQueryCheck: no visible binding for global variable ‘time’
    get_cloudmademap: no visible global function definition for
     ‘download.file’
    get_cloudmademap: no visible binding for global variable ‘rgb’
    get_cloudmademap: no visible global function definition for ‘gray’
    get_cloudmademap: no visible global function definition for ‘as.raster’
    get_googlemap: no visible global function definition for ‘URLencode’
    get_googlemap: no visible global function definition for
     ‘download.file’
    get_googlemap: no visible binding for global variable ‘rgb’
    get_googlemap: no visible global function definition for ‘gray’
    get_navermap: no visible global function definition for ‘URLencode’
    get_navermap: no visible global function definition for ‘download.file’
    get_navermap: no visible binding for global variable ‘rgb’
    get_navermap: no visible global function definition for ‘gray’
    get_openstreetmap: no visible global function definition for
     ‘URLencode’
    get_openstreetmap: no visible global function definition for
     ‘download.file’
    get_openstreetmap: no visible global function definition for
     ‘as.raster’
    get_openstreetmap: no visible binding for global variable ‘rgb’
    get_openstreetmap: no visible global function definition for ‘gray’
    get_stamenmap: no visible global function definition for ‘as.raster’
    get_stamenmap_tile: no visible global function definition for
     ‘download.file’
    get_stamenmap_tile : <anonymous>: no visible global function definition
     for ‘rgb’
    get_stamenmap_tile: no visible binding for global variable ‘rgb’
    ggimage: no visible global function definition for ‘as.raster’
    inset_raster: no visible global function definition for ‘as.raster’
    is.constant : <anonymous>: no visible global function definition for
     ‘asOneSidedFormula’
    legs2route : <anonymous>: no visible global function definition for
     ‘tail’
    make_bbox: no visible global function definition for ‘extendrange’
    mapdist : getdists: no visible global function definition for
     ‘URLencode’
    qmplot: no visible global function definition for ‘getAnywhere’
    revgeocode: no visible global function definition for ‘URLencode’
    route: no visible global function definition for ‘URLencode’
    routeQueryCheck: no visible binding for global variable ‘time’
    stitch: no visible global function definition for ‘as.raster’
Flavors: r-devel-linux-x86_64-debian-clang, r-devel-linux-x86_64-debian-gcc, r-devel-linux-x86_64-fedora-clang, r-devel-windows-ix86+x86_64

Version: 2.4
Check: examples
Result: ERROR
    Running examples in ‘ggmap-Ex.R’ failed
    The error most likely occurred in:
    
    > ### Name: geocode
    > ### Title: Geocode
    > ### Aliases: geocode geocodeQueryCheck
    >
    > ### ** Examples
    >
    > # Types of input
    > geocode('Baylor University')
    Information from URL : http://maps.googleapis.com/maps/api/geocode/json?address=Baylor+University&sensor=false
     lon lat
    1 -97.11844 31.54822
    > geocode('1600 Pennsylvania Avenue, Washington DC')
    Information from URL : http://maps.googleapis.com/maps/api/geocode/json?address=1600+Pennsylvania+Avenue,+Washington+DC&sensor=false
     lon lat
    1 -76.98168 38.87866
    > geocode('the white house')
    Information from URL : http://maps.googleapis.com/maps/api/geocode/json?address=the+white+house&sensor=false
     lon lat
    1 -77.03653 38.89768
    > geocode(c('baylor university', 'salvation army waco'))
    Information from URL : http://maps.googleapis.com/maps/api/geocode/json?address=baylor+university&sensor=false
    Information from URL : http://maps.googleapis.com/maps/api/geocode/json?address=salvation+army+waco&sensor=false
     lon lat
    1 -97.11844 31.54822
    2 -97.12858 31.54158
    >
    > # Types of output
    > geocode('Baylor University', output = "latlona")
     lon lat
    1 -97.11844 31.54822
     address
    1 baylor university, 1311 south 5th street, waco, tx 76706, usa
    > geocode('Baylor University', output = "more")
    Error in data.frame(long_name = "Baylor University", short_name = "Baylor University", :
     arguments imply differing number of rows: 1, 0
    Calls: geocode ... as.data.frame -> as.data.frame.list -> eval -> eval -> data.frame
    Execution halted
Flavors: r-devel-linux-x86_64-debian-clang, r-devel-linux-x86_64-debian-gcc, r-devel-linux-x86_64-fedora-clang, r-devel-linux-x86_64-fedora-gcc, r-devel-osx-x86_64-clang, r-devel-windows-ix86+x86_64, r-patched-linux-x86_64, r-patched-solaris-sparc, r-patched-solaris-x86, r-release-linux-x86_64, r-release-windows-ix86+x86_64, r-oldrel-windows-ix86+x86_64