CRAN Package Check Results for Package ggmap

Last updated on 2014-07-31 03:48:33.

Flavor Version Tinstall Tcheck Ttotal Status Flags
r-devel-linux-x86_64-debian-clang 2.3 5.40 32.35 37.75 NOTE
r-devel-linux-x86_64-debian-gcc 2.3 5.55 32.45 38.00 NOTE
r-devel-linux-x86_64-fedora-clang 2.3 78.80 NOTE
r-devel-linux-x86_64-fedora-gcc 2.3 73.14 NOTE
r-devel-osx-x86_64-clang 2.3 70.23 NOTE
r-devel-windows-ix86+x86_64 2.3 13.00 50.00 63.00 NOTE
r-patched-linux-x86_64 2.3 5.38 32.39 37.76 NOTE
r-patched-solaris-sparc 2.3 430.40 NOTE
r-patched-solaris-x86 2.3 101.20 NOTE
r-release-linux-ix86 2.3 6.81 40.59 47.40 NOTE
r-release-linux-x86_64 2.3 6.03 32.72 38.75 NOTE
r-release-osx-x86_64-mavericks 2.3 NOTE
r-release-osx-x86_64-snowleopard 2.3 NOTE
r-release-windows-ix86+x86_64 2.3 20.00 75.00 95.00 NOTE
r-oldrel-windows-ix86+x86_64 2.3 21.00 79.00 100.00 NOTE

Check Details

Version: 2.3
Check: DESCRIPTION meta-information
Result: NOTE
    License components which are templates and need '+ file LICENSE':
     MIT
Flavors: r-devel-linux-x86_64-debian-clang, r-devel-linux-x86_64-debian-gcc, r-devel-linux-x86_64-fedora-clang, r-devel-linux-x86_64-fedora-gcc, r-devel-osx-x86_64-clang, r-patched-linux-x86_64, r-patched-solaris-sparc, r-patched-solaris-x86, r-release-linux-ix86, r-release-linux-x86_64, r-release-osx-x86_64-mavericks

Version: 2.3
Check: dependencies in R code
Result: NOTE
    Package in Depends field not imported from: ggplot2
     These packages need to be imported from (in the NAMESPACE file)
     for when this namespace is loaded but not attached.
    Unexported objects imported by ':::' calls:
     ggplot2:::Geom ggplot2:::Position ggplot2:::Stat
     ggplot2:::is.constant ggplot2:::rename_aes
     plyr:::list_to_dataframe
     See the note in ?`:::` about the use of this operator.
    There are ::: calls to the package's namespace in its code. A package
     almost never needs to use ::: for its own objects:
     annotation_raster
    See the information on DESCRIPTION files in the chapter Creating R
    packages of the Writing R Extensions manual.
Flavors: r-devel-linux-x86_64-debian-clang, r-devel-linux-x86_64-debian-gcc, r-devel-linux-x86_64-fedora-clang, r-devel-linux-x86_64-fedora-gcc, r-devel-osx-x86_64-clang, r-devel-windows-ix86+x86_64, r-patched-linux-x86_64, r-patched-solaris-sparc, r-patched-solaris-x86, r-release-linux-ix86, r-release-linux-x86_64, r-release-osx-x86_64-mavericks, r-release-windows-ix86+x86_64, r-oldrel-windows-ix86+x86_64

Version: 2.3
Check: Rd line widths
Result: NOTE
    Rd file 'get_cloudmademap.Rd':
     \usage lines wider than 90 characters:
     get_cloudmademap(bbox = c(left = -95.80204, bottom = 29.38048, right = -94.92313, top = 30.14344),
    
    Rd file 'get_openstreetmap.Rd':
     \usage lines wider than 90 characters:
     get_openstreetmap(bbox = c(left = -95.80204, bottom = 29.38048, right = -94.92313, top = 30.14344),
    
    Rd file 'get_stamenmap.Rd':
     \usage lines wider than 90 characters:
     get_stamenmap(bbox = c(left = -95.80204, bottom = 29.38048, right = -94.92313, top = 30.14344),
    
    These lines will be truncated in the PDF manual.
Flavors: r-devel-linux-x86_64-fedora-clang, r-devel-linux-x86_64-fedora-gcc

Version: 2.3
Check: DESCRIPTION meta-information
Result: NOTE
    Licenses which are templates and need '+ file LICENSE':
     MIT
Flavor: r-release-osx-x86_64-snowleopard

Version: 2.3
Check: dependencies in R code
Result: NOTE
    Package in Depends field not imported from: 'ggplot2'
     These packages need to be imported from for the case when
     this namespace is loaded but not attached.
    Unexported objects imported by ':::' calls:
     'ggplot2:::Geom' 'ggplot2:::Position' 'ggplot2:::Stat'
     'ggplot2:::is.constant' 'ggplot2:::rename_aes'
     'plyr:::list_to_dataframe'
     See the note in ?`:::` about the use of this operator.
    There are ::: calls to the package's namespace in its code. A package
     almost never needs to use ::: for its own objects:
     'annotation_raster'
    See the information on DESCRIPTION files in the chapter 'Creating R
    packages' of the 'Writing R Extensions' manual.
Flavor: r-release-osx-x86_64-snowleopard