CRAN Package Check Results for Package ggmap

Last updated on 2019-06-17 04:46:36 CEST.

Flavor Version Tinstall Tcheck Ttotal Status Flags
r-devel-linux-x86_64-debian-clang 3.0.0 9.43 56.85 66.28 OK
r-devel-linux-x86_64-debian-gcc 3.0.0 8.81 46.82 55.63 OK
r-devel-linux-x86_64-fedora-clang 3.0.0 81.28 OK
r-devel-linux-x86_64-fedora-gcc 3.0.0 77.46 OK
r-devel-windows-ix86+x86_64 3.0.0 27.00 102.00 129.00 OK
r-patched-linux-x86_64 3.0.0 9.53 56.83 66.36 OK
r-patched-solaris-x86 3.0.0 124.30 NOTE
r-release-linux-x86_64 3.0.0 10.09 57.16 67.25 OK
r-release-windows-ix86+x86_64 3.0.0 19.00 111.00 130.00 OK
r-release-osx-x86_64 3.0.0 OK
r-oldrel-windows-ix86+x86_64 3.0.0 10.00 101.00 111.00 OK
r-oldrel-osx-x86_64 3.0.0 OK

Check Details

Version: 3.0.0
Check: installed package size
Result: NOTE
     installed size is 5.1Mb
     sub-directories of 1Mb or more:
     data 4.5Mb
Flavor: r-patched-solaris-x86