CRAN Package Check Results for Package ggmap

Last updated on 2020-05-26 07:49:12 CEST.

Flavor Version Tinstall Tcheck Ttotal Status Flags
r-devel-linux-x86_64-debian-clang 3.0.0 12.49 73.01 85.50 OK
r-devel-linux-x86_64-debian-gcc 3.0.0 10.74 55.95 66.69 OK
r-devel-linux-x86_64-fedora-clang 3.0.0 103.70 OK
r-devel-linux-x86_64-fedora-gcc 3.0.0 99.44 OK
r-devel-windows-ix86+x86_64 3.0.0 30.00 89.00 119.00 OK
r-patched-linux-x86_64 3.0.0 11.18 71.46 82.64 OK
r-patched-solaris-x86 3.0.0 145.20 NOTE
r-release-linux-x86_64 3.0.0 12.04 71.06 83.10 OK
r-release-osx-x86_64 3.0.0 OK
r-release-windows-ix86+x86_64 3.0.0 40.00 129.00 169.00 OK
r-oldrel-osx-x86_64 3.0.0 OK
r-oldrel-windows-ix86+x86_64 3.0.0 21.00 110.00 131.00 OK

Check Details

Version: 3.0.0
Check: installed package size
Result: NOTE
     installed size is 5.1Mb
     sub-directories of 1Mb or more:
     data 4.5Mb
Flavor: r-patched-solaris-x86