CRAN Package Check Results for Package ggmap

Last updated on 2015-04-26 19:47:19.

Flavor Version Tinstall Tcheck Ttotal Status Flags
r-devel-linux-x86_64-debian-clang 2.4 4.69 63.52 68.21 OK
r-devel-linux-x86_64-debian-gcc 2.4 4.62 62.48 67.10 OK
r-devel-linux-x86_64-fedora-clang 2.4 101.32 OK
r-devel-linux-x86_64-fedora-gcc 2.4 97.71 OK
r-devel-osx-x86_64-clang 2.4 104.02 OK
r-devel-windows-ix86+x86_64 2.4 12.00 84.00 96.00 OK
r-patched-linux-x86_64 2.4 4.77 64.33 69.10 OK
r-patched-solaris-sparc 2.4 686.30 OK
r-patched-solaris-x86 2.4 142.20 OK
r-release-linux-x86_64 2.4 4.66 62.86 67.53 OK
r-release-osx-x86_64-mavericks 2.4 OK
r-release-osx-x86_64-snowleopard 2.4 ERROR
r-release-windows-ix86+x86_64 2.4 12.00 84.00 96.00 OK
r-oldrel-windows-ix86+x86_64 2.4 14.00 106.00 120.00 OK

Check Details

Version: 2.4
Check: package dependencies
Result: ERROR
    Packages required but not available: ‘ggplot2’ ‘scales’ ‘geosphere’
    
    See section ‘The DESCRIPTION file’ in the ‘Writing R Extensions’
    manual.
Flavor: r-release-osx-x86_64-snowleopard