CRAN Package Check Results for Package ggmap

Last updated on 2018-04-26 10:46:52 CEST.

Flavor Version Tinstall Tcheck Ttotal Status Flags
r-devel-linux-x86_64-debian-clang 2.6.1 9.96 44.14 54.10 ERROR
r-devel-linux-x86_64-debian-gcc 2.6.1 7.68 43.20 50.88 OK
r-devel-linux-x86_64-fedora-clang 2.6.1 66.62 OK
r-devel-linux-x86_64-fedora-gcc 2.6.1 75.92 OK
r-devel-windows-ix86+x86_64 2.6.1 20.00 69.00 89.00 OK
r-patched-linux-x86_64 2.6.1 8.24 53.50 61.74 OK
r-patched-solaris-x86 2.6.1 127.30 NOTE
r-release-linux-x86_64 2.6.1 10.15 53.68 63.83 OK
r-release-windows-ix86+x86_64 2.6.1 20.00 69.00 89.00 OK
r-release-osx-x86_64 2.6.1 OK
r-oldrel-windows-ix86+x86_64 2.6.1 13.00 70.00 83.00 OK
r-oldrel-osx-x86_64 2.6.1 OK

Check Details

Version: 2.6.1
Check: examples
Result: ERROR
    Running examples in ‘ggmap-Ex.R’ failed
    The error most likely occurred in:
    
    > base::assign(".ptime", proc.time(), pos = "CheckExEnv")
    > ### Name: print.ggmap
    > ### Title: Print a map
    > ### Aliases: print.ggmap
    >
    > ### ** Examples
    >
    >
    > get_map()
    Warning in download.file(url, destfile = tmp, quiet = !messaging, mode = "wb") :
     cannot open URL 'http://maps.googleapis.com/maps/api/staticmap?center=29.763284,-95.363271&zoom=10&size=640x640&scale=2&maptype=terrain&language=en-EN&sensor=false': HTTP status was '403 Forbidden'
    Error in download.file(url, destfile = tmp, quiet = !messaging, mode = "wb") :
     cannot open URL 'http://maps.googleapis.com/maps/api/staticmap?center=29.763284,-95.363271&zoom=10&size=640x640&scale=2&maptype=terrain&language=en-EN&sensor=false'
    Calls: get_map -> get_googlemap -> download.file
    Execution halted
Flavor: r-devel-linux-x86_64-debian-clang

Version: 2.6.1
Check: installed package size
Result: NOTE
     installed size is 5.0Mb
     sub-directories of 1Mb or more:
     data 4.5Mb
Flavor: r-patched-solaris-x86