CRAN Package Check Results for Package ggmap

Last updated on 2018-06-22 00:46:32 CEST.

Flavor Version Tinstall Tcheck Ttotal Status Flags
r-devel-linux-x86_64-debian-clang 2.6.1 7.62 52.30 59.92 OK
r-devel-linux-x86_64-debian-gcc 2.6.1 7.24 45.69 52.93 OK
r-devel-linux-x86_64-fedora-clang 2.6.1 80.15 OK
r-devel-linux-x86_64-fedora-gcc 2.6.1 76.79 OK
r-devel-windows-ix86+x86_64 2.6.1 22.00 72.00 94.00 OK
r-patched-linux-x86_64 2.6.1 10.22 53.52 63.74 OK
r-patched-solaris-x86 2.6.1 121.60 NOTE
r-release-linux-x86_64 2.6.1 10.77 54.26 65.03 OK
r-release-windows-ix86+x86_64 2.6.1 14.00 75.00 89.00 OK
r-release-osx-x86_64 2.6.1 OK
r-oldrel-windows-ix86+x86_64 2.6.1 14.00 69.00 83.00 OK
r-oldrel-osx-x86_64 2.6.1 OK

Check Details

Version: 2.6.1
Check: installed package size
Result: NOTE
     installed size is 5.0Mb
     sub-directories of 1Mb or more:
     data 4.5Mb
Flavor: r-patched-solaris-x86