CRAN Package Check Results for Package ggmap

Last updated on 2018-02-25 10:47:10 CET.

Flavor Version Tinstall Tcheck Ttotal Status Flags
r-devel-linux-x86_64-debian-clang 2.6.1 8.23 54.27 62.50 OK
r-devel-linux-x86_64-debian-gcc 2.6.1 7.30 42.49 49.79 OK
r-devel-linux-x86_64-fedora-clang 2.6.1 77.05 OK
r-devel-linux-x86_64-fedora-gcc 2.6.1 80.69 OK
r-devel-windows-ix86+x86_64 2.6.1 18.00 109.00 127.00 OK
r-patched-linux-x86_64 2.6.1 7.07 55.83 62.90 ERROR
r-patched-solaris-x86 2.6.1 110.30 OK
r-release-linux-x86_64 2.6.1 5.81 61.11 66.92 OK
r-release-windows-ix86+x86_64 2.6.1 18.00 98.00 116.00 OK
r-release-osx-x86_64 2.6.1 OK
r-oldrel-windows-ix86+x86_64 2.6.1 12.00 70.00 82.00 OK
r-oldrel-osx-x86_64 2.6.1 OK

Check Details

Version: 2.6.1
Check: examples
Result: ERROR
    Running examples in ‘ggmap-Ex.R’ failed
    The error most likely occurred in:
    
    > base::assign(".ptime", proc.time(), pos = "CheckExEnv")
    > ### Name: print.ggmap
    > ### Title: Print a map
    > ### Aliases: print.ggmap
    >
    > ### ** Examples
    >
    >
    > get_map()
    Warning in download.file(url, destfile = tmp, quiet = !messaging, mode = "wb") :
     cannot open URL 'http://maps.googleapis.com/maps/api/staticmap?center=29.763284,-95.363271&zoom=10&size=640x640&scale=2&maptype=terrain&language=en-EN&sensor=false': HTTP status was '403 Forbidden'
    Error in download.file(url, destfile = tmp, quiet = !messaging, mode = "wb") :
     cannot open URL 'http://maps.googleapis.com/maps/api/staticmap?center=29.763284,-95.363271&zoom=10&size=640x640&scale=2&maptype=terrain&language=en-EN&sensor=false'
    Calls: get_map -> get_googlemap -> download.file
    Execution halted
Flavor: r-patched-linux-x86_64