CRAN Package Check Results for Package ggmap

Last updated on 2015-07-31 06:46:56.

Flavor Version Tinstall Tcheck Ttotal Status Flags
r-devel-linux-x86_64-debian-clang 2.4 4.92 48.44 53.36 ERROR
r-devel-linux-x86_64-debian-gcc 2.4 4.86 49.50 54.37 ERROR
r-devel-linux-x86_64-fedora-clang 2.4 47.14 ERROR
r-devel-linux-x86_64-fedora-gcc 2.4 47.38 ERROR
r-devel-osx-x86_64-clang 2.4 84.93 ERROR
r-devel-windows-ix86+x86_64 2.4 12.00 113.00 125.00 NOTE
r-patched-linux-x86_64 2.4 4.91 49.86 54.77 ERROR
r-patched-solaris-sparc 2.4 494.00 ERROR
r-patched-solaris-x86 2.4 125.30 ERROR
r-release-linux-x86_64 2.4 4.95 64.29 69.24 OK
r-release-osx-x86_64-mavericks 2.4 OK
r-release-windows-ix86+x86_64 2.4 18.00 76.00 94.00 ERROR
r-oldrel-windows-ix86+x86_64 2.4 18.00 99.00 117.00 ERROR

Check Details

Version: 2.4
Check: R code for possible problems
Result: NOTE
    annotation_raster: no visible global function definition for
     ‘as.raster’
    checkGeocodeQueryLimit: no visible binding for global variable ‘time’
    check_dist_query_limit: no visible binding for global variable ‘time’
    check_route_query_limit: no visible binding for global variable ‘time’
    distQueryCheck: no visible binding for global variable ‘time’
    geocode: no visible global function definition for ‘URLencode’
    geocodeQueryCheck: no visible binding for global variable ‘time’
    get_cloudmademap: no visible global function definition for
     ‘download.file’
    get_cloudmademap: no visible binding for global variable ‘rgb’
    get_cloudmademap: no visible global function definition for ‘gray’
    get_cloudmademap: no visible global function definition for ‘as.raster’
    get_googlemap: no visible global function definition for ‘URLencode’
    get_googlemap: no visible global function definition for
     ‘download.file’
    get_googlemap: no visible binding for global variable ‘rgb’
    get_googlemap: no visible global function definition for ‘gray’
    get_navermap: no visible global function definition for ‘URLencode’
    get_navermap: no visible global function definition for ‘download.file’
    get_navermap: no visible binding for global variable ‘rgb’
    get_navermap: no visible global function definition for ‘gray’
    get_openstreetmap: no visible global function definition for
     ‘URLencode’
    get_openstreetmap: no visible global function definition for
     ‘download.file’
    get_openstreetmap: no visible global function definition for
     ‘as.raster’
    get_openstreetmap: no visible binding for global variable ‘rgb’
    get_openstreetmap: no visible global function definition for ‘gray’
    get_stamenmap: no visible global function definition for ‘as.raster’
    get_stamenmap_tile: no visible global function definition for
     ‘download.file’
    get_stamenmap_tile : <anonymous>: no visible global function definition
     for ‘rgb’
    get_stamenmap_tile: no visible binding for global variable ‘rgb’
    ggimage: no visible global function definition for ‘as.raster’
    inset_raster: no visible global function definition for ‘as.raster’
    is.constant : <anonymous>: no visible global function definition for
     ‘asOneSidedFormula’
    legs2route : <anonymous>: no visible global function definition for
     ‘tail’
    make_bbox: no visible global function definition for ‘extendrange’
    mapdist : getdists: no visible global function definition for
     ‘URLencode’
    qmplot: no visible global function definition for ‘getAnywhere’
    revgeocode: no visible global function definition for ‘URLencode’
    route: no visible global function definition for ‘URLencode’
    routeQueryCheck: no visible binding for global variable ‘time’
    stitch: no visible global function definition for ‘as.raster’
    Undefined global functions or variables:
     URLencode as.raster asOneSidedFormula download.file extendrange
     getAnywhere gray rgb tail time
    Consider adding
     importFrom("grDevices", "as.raster", "extendrange", "gray", "rgb")
     importFrom("stats", "asOneSidedFormula", "time")
     importFrom("utils", "URLencode", "download.file", "getAnywhere",
     "tail")
    to your NAMESPACE.
Flavors: r-devel-linux-x86_64-debian-clang, r-devel-linux-x86_64-debian-gcc, r-devel-linux-x86_64-fedora-clang, r-devel-linux-x86_64-fedora-gcc, r-devel-windows-ix86+x86_64

Version: 2.4
Check: examples
Result: ERROR
    Running examples in ‘ggmap-Ex.R’ failed
    The error most likely occurred in:
    
    > ### Name: get_stamenmap
    > ### Title: Get a Stamen Map
    > ### Aliases: get_stamenmap
    >
    > ### ** Examples
    >
    > gc <- geocode("marrs mclean science building, baylor university")
    Information from URL : http://maps.googleapis.com/maps/api/geocode/json?address=marrs+mclean+science+building,+baylor+university&sensor=false
    Warning: geocode failed with status ZERO_RESULTS, location = "marrs+mclean+science+building,+baylor+university"
    > google <- get_googlemap("baylor university", zoom = 15)
    Map from URL : http://maps.googleapis.com/maps/api/staticmap?center=baylor+university&zoom=15&size=640x640&maptype=terrain&sensor=false
    Information from URL : http://maps.googleapis.com/maps/api/geocode/json?address=baylor+university&sensor=false
    > ggmap(google) +
    + geom_point(aes(x = lon, y = lat), data = gc, colour = "red", size = 2)
    Error: Discrete value supplied to continuous scale
    Execution halted
Flavors: r-devel-linux-x86_64-debian-clang, r-devel-linux-x86_64-debian-gcc, r-devel-linux-x86_64-fedora-clang, r-devel-linux-x86_64-fedora-gcc, r-devel-osx-x86_64-clang, r-patched-linux-x86_64, r-patched-solaris-sparc, r-patched-solaris-x86, r-release-windows-ix86+x86_64, r-oldrel-windows-ix86+x86_64