CRAN Package Check Results for Package ggmap

Last updated on 2015-05-29 17:47:16.

Flavor Version Tinstall Tcheck Ttotal Status Flags
r-devel-linux-x86_64-debian-clang 2.4 5.04 91.90 96.94 OK
r-devel-linux-x86_64-debian-gcc 2.4 4.77 61.92 66.70 OK
r-devel-linux-x86_64-fedora-clang 2.4 103.22 OK
r-devel-linux-x86_64-fedora-gcc 2.4 97.52 OK
r-devel-osx-x86_64-clang 2.4 107.98 OK
r-devel-windows-ix86+x86_64 2.4 14.00 90.00 104.00 OK
r-patched-linux-x86_64 2.4 4.94 81.89 86.83 OK
r-patched-solaris-sparc 2.4 646.90 OK
r-patched-solaris-x86 2.4 144.40 OK
r-release-linux-x86_64 2.4 4.88 63.55 68.43 OK
r-release-osx-x86_64-mavericks 2.4 OK
r-release-osx-x86_64-snowleopard 2.4 ERROR
r-release-windows-ix86+x86_64 2.4 12.00 85.00 97.00 OK
r-oldrel-windows-ix86+x86_64 2.4 20.00 119.00 139.00 OK

Check Details

Version: 2.4
Check: package dependencies
Result: ERROR
    Packages required but not available: ‘ggplot2’ ‘scales’ ‘geosphere’
    
    See section ‘The DESCRIPTION file’ in the ‘Writing R Extensions’
    manual.
Flavor: r-release-osx-x86_64-snowleopard