CRAN Package Check Results for Package ggmcmc

Last updated on 2014-11-28 19:51:19.

Flavor Version Tinstall Tcheck Ttotal Status Flags
r-devel-linux-x86_64-debian-clang 0.5.1 1.62 29.90 31.52 NOTE
r-devel-linux-x86_64-debian-gcc 0.5.1 1.58 29.34 30.92 NOTE
r-devel-linux-x86_64-fedora-clang 0.5.1 67.81 NOTE
r-devel-linux-x86_64-fedora-gcc 0.5.1 73.11 NOTE
r-devel-osx-x86_64-clang 0.5.1 58.84 NOTE
r-devel-windows-ix86+x86_64 0.5.1 7.00 45.00 52.00 NOTE
r-patched-linux-x86_64 0.5.1 1.73 31.42 33.15 NOTE
r-patched-solaris-sparc 0.5.1 364.80 NOTE
r-patched-solaris-x86 0.5.1 81.80 NOTE
r-release-linux-ix86 0.5.1 2.01 38.04 40.05 NOTE
r-release-linux-x86_64 0.5.1 1.66 31.84 33.50 NOTE
r-release-osx-x86_64-mavericks 0.5.1 NOTE
r-release-osx-x86_64-snowleopard 0.5.1 WARN
r-release-windows-ix86+x86_64 0.5.1 8.00 55.00 63.00 NOTE
r-oldrel-windows-ix86+x86_64 0.5.1 6.00 53.00 59.00 NOTE

Check Details

Version: 0.5.1
Check: package dependencies
Result: NOTE
    Package suggested but not available for checking: ‘rstan’
Flavors: r-devel-linux-x86_64-debian-clang, r-devel-linux-x86_64-debian-gcc, r-devel-linux-x86_64-fedora-clang, r-devel-linux-x86_64-fedora-gcc, r-devel-osx-x86_64-clang, r-devel-windows-ix86+x86_64, r-patched-linux-x86_64, r-patched-solaris-sparc, r-patched-solaris-x86, r-release-linux-ix86, r-release-linux-x86_64, r-release-osx-x86_64-snowleopard, r-release-windows-ix86+x86_64, r-oldrel-windows-ix86+x86_64

Version: 0.5.1
Check: package dependencies
Result: NOTE
    Packages suggested but not available for checking: ‘rjags’ ‘rstan’
Flavor: r-release-osx-x86_64-mavericks

Version: 0.5.1
Check: examples
Result: WARN
    checking a package with encoding 'UTF-8' in an ASCII locale
    
     OK
Flavor: r-release-osx-x86_64-snowleopard