CRAN Package Check Results for Package ggmcmc

Last updated on 2015-03-30 05:48:38.

Flavor Version Tinstall Tcheck Ttotal Status Flags
r-devel-linux-x86_64-debian-clang 0.6 1.64 29.70 31.34 NOTE
r-devel-linux-x86_64-debian-gcc 0.6 1.62 28.76 30.38 NOTE
r-devel-linux-x86_64-fedora-clang 0.6 61.43 NOTE
r-devel-linux-x86_64-fedora-gcc 0.6 62.16 NOTE
r-devel-osx-x86_64-clang 0.6 65.37 NOTE
r-prerel-windows-ix86+x86_64 0.6 7.00 46.00 53.00 NOTE
r-prerel-linux-x86_64 0.6 1.58 29.25 30.84 NOTE
r-prerel-solaris-sparc 0.6 412.90 NOTE
r-prerel-solaris-x86 0.6 78.30 NOTE
r-release-linux-x86_64 0.6 2.84 39.06 41.90 OK
r-release-osx-x86_64-mavericks 0.6 OK
r-release-osx-x86_64-snowleopard 0.6 OK
r-release-windows-ix86+x86_64 0.6 10.00 72.00 82.00 OK
r-oldrel-windows-ix86+x86_64 0.6 1.00 1.00 2.00 ERROR

Check Details

Version: 0.6
Check: DESCRIPTION meta-information
Result: NOTE
    Malformed Title field: should not end in a period.
Flavors: r-devel-linux-x86_64-debian-clang, r-devel-linux-x86_64-debian-gcc, r-devel-linux-x86_64-fedora-clang, r-devel-linux-x86_64-fedora-gcc, r-devel-osx-x86_64-clang, r-prerel-windows-ix86+x86_64, r-prerel-linux-x86_64, r-prerel-solaris-sparc, r-prerel-solaris-x86

Version: 0.6
Check: package dependencies
Result: ERROR
    Package required but not available: 'tidyr'
    
    See the information on DESCRIPTION files in the chapter 'Creating R
    packages' of the 'Writing R Extensions' manual.
Flavor: r-oldrel-windows-ix86+x86_64