CRAN Package Check Results for Package ggmcmc

Last updated on 2015-04-27 06:46:37.

Flavor Version Tinstall Tcheck Ttotal Status Flags
r-devel-linux-x86_64-debian-clang 0.6 1.87 29.00 30.87 NOTE
r-devel-linux-x86_64-debian-gcc 0.6 1.61 29.49 31.10 NOTE
r-devel-linux-x86_64-fedora-clang 0.6 60.87 NOTE
r-devel-linux-x86_64-fedora-gcc 0.6 56.91 NOTE
r-devel-osx-x86_64-clang 0.6 58.92 NOTE
r-devel-windows-ix86+x86_64 0.6 6.00 45.00 51.00 NOTE
r-patched-linux-x86_64 0.6 1.62 28.86 30.48 NOTE
r-patched-solaris-sparc 0.6 412.90 NOTE
r-patched-solaris-x86 0.6 79.30 NOTE
r-release-linux-x86_64 0.6 1.62 28.86 30.48 NOTE
r-release-osx-x86_64-mavericks 0.6 NOTE
r-release-osx-x86_64-snowleopard 0.6 ERROR
r-release-windows-ix86+x86_64 0.6 6.00 43.00 49.00 NOTE
r-oldrel-windows-ix86+x86_64 0.6 9.00 59.00 68.00 OK

Check Details

Version: 0.6
Check: DESCRIPTION meta-information
Result: NOTE
    Malformed Title field: should not end in a period.
Flavors: r-devel-linux-x86_64-debian-clang, r-devel-linux-x86_64-debian-gcc, r-devel-linux-x86_64-fedora-clang, r-devel-linux-x86_64-fedora-gcc, r-devel-osx-x86_64-clang, r-devel-windows-ix86+x86_64, r-patched-solaris-sparc, r-patched-solaris-x86, r-release-osx-x86_64-mavericks, r-release-windows-ix86+x86_64

Version: 0.6
Check: package dependencies
Result: ERROR
    Packages required but not available: ‘dplyr’ ‘tidyr’ ‘ggplot2’
    
    See section ‘The DESCRIPTION file’ in the ‘Writing R Extensions’
    manual.
Flavor: r-release-osx-x86_64-snowleopard