CRAN Package Check Results for Package ggmcmc

Last updated on 2014-09-21 00:46:43.

Flavor Version Tinstall Tcheck Ttotal Status Flags
r-devel-linux-x86_64-debian-clang 0.5.1 1.58 29.15 30.74 NOTE
r-devel-linux-x86_64-debian-gcc 0.5.1 1.55 29.24 30.78 NOTE
r-devel-linux-x86_64-fedora-clang 0.5.1 65.29 NOTE
r-devel-linux-x86_64-fedora-gcc 0.5.1 60.07 NOTE
r-devel-osx-x86_64-clang 0.5.1 57.60 NOTE
r-devel-windows-ix86+x86_64 0.5.1 6.00 45.00 51.00 NOTE
r-patched-linux-x86_64 0.5.1 1.68 31.78 33.46 NOTE
r-patched-solaris-sparc 0.5.1 364.80 NOTE
r-patched-solaris-x86 0.5.1 81.30 NOTE
r-release-linux-ix86 0.5.1 2.14 39.95 42.10 NOTE
r-release-linux-x86_64 0.5.1 1.71 31.28 32.99 NOTE
r-release-osx-x86_64-mavericks 0.5.1 NOTE
r-release-osx-x86_64-snowleopard 0.5.1 WARN
r-release-windows-ix86+x86_64 0.5.1 7.00 52.00 59.00 NOTE
r-oldrel-windows-ix86+x86_64 0.5.1 7.00 49.00 56.00 NOTE

Check Details

Version: 0.5.1
Check: package dependencies
Result: NOTE
    Package suggested but not available for checking: ‘rstan’
Flavors: r-devel-linux-x86_64-debian-clang, r-devel-linux-x86_64-debian-gcc, r-devel-linux-x86_64-fedora-clang, r-devel-linux-x86_64-fedora-gcc, r-devel-osx-x86_64-clang, r-devel-windows-ix86+x86_64, r-patched-linux-x86_64, r-patched-solaris-sparc, r-patched-solaris-x86, r-release-linux-ix86, r-release-linux-x86_64, r-release-osx-x86_64-snowleopard, r-release-windows-ix86+x86_64, r-oldrel-windows-ix86+x86_64

Version: 0.5.1
Check: package dependencies
Result: NOTE
    Packages suggested but not available for checking: ‘rjags’ ‘rstan’
Flavor: r-release-osx-x86_64-mavericks

Version: 0.5.1
Check: examples
Result: WARN
    checking a package with encoding 'UTF-8' in an ASCII locale
    
     OK
Flavor: r-release-osx-x86_64-snowleopard