CRAN Package Check Results for Package ggmcmc

Last updated on 2015-05-25 19:47:10.

Flavor Version Tinstall Tcheck Ttotal Status Flags
r-devel-linux-x86_64-debian-clang 0.6 1.68 30.10 31.78 NOTE
r-devel-linux-x86_64-debian-gcc 0.6 1.78 28.90 30.68 NOTE
r-devel-linux-x86_64-fedora-clang 0.6 61.12 NOTE
r-devel-linux-x86_64-fedora-gcc 0.6 59.06 NOTE
r-devel-osx-x86_64-clang 0.6 59.76 NOTE
r-devel-windows-ix86+x86_64 0.6 7.00 48.00 55.00 NOTE
r-patched-linux-x86_64 0.6 1.68 29.34 31.02 NOTE
r-patched-solaris-sparc 0.6 395.30 NOTE
r-patched-solaris-x86 0.6 82.20 NOTE
r-release-linux-x86_64 0.6 1.74 30.06 31.81 NOTE
r-release-osx-x86_64-mavericks 0.6 NOTE
r-release-osx-x86_64-snowleopard 0.6 ERROR
r-release-windows-ix86+x86_64 0.6 6.00 49.00 55.00 NOTE
r-oldrel-windows-ix86+x86_64 0.6 12.00 68.00 80.00 OK

Check Details

Version: 0.6
Check: DESCRIPTION meta-information
Result: NOTE
    Malformed Title field: should not end in a period.
Flavors: r-devel-linux-x86_64-debian-clang, r-devel-linux-x86_64-debian-gcc, r-devel-linux-x86_64-fedora-clang, r-devel-linux-x86_64-fedora-gcc, r-devel-osx-x86_64-clang, r-devel-windows-ix86+x86_64, r-patched-linux-x86_64, r-patched-solaris-sparc, r-patched-solaris-x86, r-release-linux-x86_64, r-release-osx-x86_64-mavericks, r-release-windows-ix86+x86_64

Version: 0.6
Check: package dependencies
Result: ERROR
    Packages required but not available: ‘dplyr’ ‘tidyr’ ‘ggplot2’
    
    See section ‘The DESCRIPTION file’ in the ‘Writing R Extensions’
    manual.
Flavor: r-release-osx-x86_64-snowleopard