CRAN Package Check Results for Package ggmcmc

Last updated on 2016-06-30 23:47:46.

Flavor Version Tinstall Tcheck Ttotal Status Flags
r-devel-linux-x86_64-debian-gcc 1.1 2.05 76.09 78.13 OK
r-devel-linux-x86_64-fedora-clang 1.1 103.63 OK
r-devel-linux-x86_64-fedora-gcc 1.1 141.12 OK
r-devel-osx-x86_64-clang 1.1 55.28 WARN
r-devel-windows-ix86+x86_64 1.1 8.00 132.00 140.00 OK
r-patched-linux-x86_64 1.1 2.18 80.10 82.29 OK
r-patched-solaris-sparc 1.1 809.30 OK
r-patched-solaris-x86 1.1 157.40 OK
r-release-linux-x86_64 1.1 1.92 74.75 76.67 OK
r-release-osx-x86_64-mavericks 1.1 WARN
r-release-windows-ix86+x86_64 1.1 11.00 177.00 188.00 OK
r-oldrel-windows-ix86+x86_64 1.1 4.00 2.00 6.00 ERROR

Check Details

Version: 1.1
Check: re-building of vignette outputs
Result: WARN
    Error in re-building vignettes:
     ...
    Loading required package: dplyr
    
    Attaching package: 'dplyr'
    
    The following objects are masked from 'package:stats':
    
     filter, lag
    
    The following objects are masked from 'package:base':
    
     intersect, setdiff, setequal, union
    
    Loading required package: tidyr
    Loading required package: ggplot2
    Registering fonts with R
    Warning in grid.Call(L_textBounds, as.graphicsAnnot(x$label), x$x, x$y, :
     no font could be found for family "Source Sans Pro"
    Warning in grid.Call(L_textBounds, as.graphicsAnnot(x$label), x$x, x$y, :
     no font could be found for family "Source Sans Pro"
    Quitting from lines 142-143 (using_ggmcmc.Rmd)
    Error: processing vignette 'using_ggmcmc.Rmd' failed with diagnostics:
    polygon edge not found
    Execution halted
Flavor: r-devel-osx-x86_64-clang

Version: 1.1
Check: re-building of vignette outputs
Result: WARN
    Error in re-building vignettes:
     ...
    Warning in (if (grepl("\\.[Rr]md$", file)) knit2html else if (grepl("\\.[Rr]rst$", :
     It seems you should call rmarkdown::render() instead of knitr::knit2html() because using_ggmcmc.Rmd appears to be an R Markdown v2 document.
    Loading required package: dplyr
    
    Attaching package: 'dplyr'
    
    The following objects are masked from 'package:stats':
    
     filter, lag
    
    The following objects are masked from 'package:base':
    
     intersect, setdiff, setequal, union
    
    Loading required package: tidyr
    Loading required package: ggplot2
    Registering fonts with R
    Warning in grid.Call(L_textBounds, as.graphicsAnnot(x$label), x$x, x$y, :
     no font could be found for family "Source Sans Pro"
    Warning in grid.Call(L_textBounds, as.graphicsAnnot(x$label), x$x, x$y, :
     no font could be found for family "Source Sans Pro"
    Quitting from lines 142-143 (using_ggmcmc.Rmd)
    Error: processing vignette 'using_ggmcmc.Rmd' failed with diagnostics:
    polygon edge not found
    Execution halted
Flavor: r-release-osx-x86_64-mavericks

Version: 1.1
Check: package dependencies
Result: ERROR
    Package required and available but unsuitable version: 'GGally'
    
    See section 'The DESCRIPTION file' in the 'Writing R Extensions'
    manual.
Flavor: r-oldrel-windows-ix86+x86_64