CRAN Package Check Results for Package ggmcmc

Last updated on 2014-10-23 09:52:46.

Flavor Version Tinstall Tcheck Ttotal Status Flags
r-devel-linux-x86_64-debian-clang 0.5.1 1.72 30.13 31.85 NOTE
r-devel-linux-x86_64-debian-gcc 0.5.1 1.62 30.44 32.07 NOTE
r-devel-linux-x86_64-fedora-clang 0.5.1 66.06 NOTE
r-devel-linux-x86_64-fedora-gcc 0.5.1 62.89 NOTE
r-devel-osx-x86_64-clang 0.5.1 59.71 NOTE
r-devel-windows-ix86+x86_64 0.5.1 7.00 46.00 53.00 NOTE
r-patched-linux-x86_64 0.5.1 1.67 30.95 32.62 NOTE
r-patched-solaris-sparc 0.5.1 364.80 NOTE
r-patched-solaris-x86 0.5.1 81.20 NOTE
r-release-linux-ix86 0.5.1 2.14 40.01 42.16 NOTE
r-release-linux-x86_64 0.5.1 1.66 31.14 32.80 NOTE
r-release-osx-x86_64-mavericks 0.5.1 NOTE
r-release-osx-x86_64-snowleopard 0.5.1 WARN
r-release-windows-ix86+x86_64 0.5.1 7.00 49.00 56.00 NOTE
r-oldrel-windows-ix86+x86_64 0.5.1 8.00 58.00 66.00 NOTE

Check Details

Version: 0.5.1
Check: package dependencies
Result: NOTE
    Package suggested but not available for checking: ‘rstan’
Flavors: r-devel-linux-x86_64-debian-clang, r-devel-linux-x86_64-debian-gcc, r-devel-linux-x86_64-fedora-clang, r-devel-linux-x86_64-fedora-gcc, r-devel-osx-x86_64-clang, r-devel-windows-ix86+x86_64, r-patched-linux-x86_64, r-patched-solaris-sparc, r-patched-solaris-x86, r-release-linux-ix86, r-release-linux-x86_64, r-release-osx-x86_64-snowleopard, r-release-windows-ix86+x86_64, r-oldrel-windows-ix86+x86_64

Version: 0.5.1
Check: package dependencies
Result: NOTE
    Packages suggested but not available for checking: ‘rjags’ ‘rstan’
Flavor: r-release-osx-x86_64-mavericks

Version: 0.5.1
Check: examples
Result: WARN
    checking a package with encoding 'UTF-8' in an ASCII locale
    
     OK
Flavor: r-release-osx-x86_64-snowleopard