CRAN Package Check Results for Package ggmcmc

Last updated on 2017-02-20 17:48:57.

Flavor Version Tinstall Tcheck Ttotal Status Flags
r-devel-linux-x86_64-debian-clang 1.1 1.82 91.21 93.03 OK
r-devel-linux-x86_64-debian-gcc 1.1 1.90 86.02 87.92 OK
r-devel-linux-x86_64-fedora-clang 1.1 171.83 OK --no-stop-on-test-error
r-devel-linux-x86_64-fedora-gcc 1.1 170.06 OK --no-stop-on-test-error
r-devel-macos-x86_64-clang 65.85 WARN --no-stop-on-test-error
r-devel-windows-ix86+x86_64 1.1 13.00 209.00 222.00 OK
r-patched-linux-x86_64 1.1 1.94 78.65 80.59 OK
r-patched-solaris-sparc 1.1 864.60 OK
r-patched-solaris-x86 1.1 173.30 OK
r-release-linux-x86_64 1.1 1.82 76.92 78.74 OK
r-release-osx-x86_64-mavericks 1.1 WARN
r-release-windows-ix86+x86_64 1.1 6.00 157.00 163.00 OK
r-oldrel-windows-ix86+x86_64 1.1 7.00 161.00 168.00 OK

Check Details

Version: 1.1
Flags: --no-stop-on-test-error
Check: re-building of vignette outputs
Result: WARN
    Error in re-building vignettes:
     ...
     no font could be found for family "Source Sans Pro"
    Warning in grid.Call(C_textBounds, as.graphicsAnnot(x$label), x$x, x$y, :
     no font could be found for family "Source Sans Pro"
    Warning in grid.Call(C_textBounds, as.graphicsAnnot(x$label), x$x, x$y, :
     no font could be found for family "Source Sans Pro"
    Warning in grid.Call(C_textBounds, as.graphicsAnnot(x$label), x$x, x$y, :
     no font could be found for family "Source Sans Pro"
    Warning in grid.Call(C_textBounds, as.graphicsAnnot(x$label), x$x, x$y, :
     no font could be found for family "Source Sans Pro"
    Warning in grid.Call(C_textBounds, as.graphicsAnnot(x$label), x$x, x$y, :
     no font could be found for family "Source Sans Pro"
    Warning in grid.Call(C_textBounds, as.graphicsAnnot(x$label), x$x, x$y, :
     no font could be found for family "Source Sans Pro"
    Warning in grid.Call(C_textBounds, as.graphicsAnnot(x$label), x$x, x$y, :
     no font could be found for family "Source Sans Pro"
    Warning in grid.Call(C_textBounds, as.graphicsAnnot(x$label), x$x, x$y, :
     no font could be found for family "Source Sans Pro"
    Warning in grid.Call(C_textBounds, as.graphicsAnnot(x$label), x$x, x$y, :
     no font could be found for family "Source Sans Pro"
    Warning in grid.Call(C_textBounds, as.graphicsAnnot(x$label), x$x, x$y, :
     no font could be found for family "Source Sans Pro"
    Quitting from lines 142-143 (using_ggmcmc.Rmd)
    Error: processing vignette 'using_ggmcmc.Rmd' failed with diagnostics:
    polygon edge not found
    Execution halted
Flavor: r-devel-macos-x86_64-clang

Version: 1.1
Check: re-building of vignette outputs
Result: WARN
    Error in re-building vignettes:
     ...
    Warning in (if (grepl("\\.[Rr]md$", file)) knit2html else if (grepl("\\.[Rr]rst$", :
     It seems you should call rmarkdown::render() instead of knitr::knit2html() because using_ggmcmc.Rmd appears to be an R Markdown v2 document.
    Loading required package: dplyr
    
    Attaching package: 'dplyr'
    
    The following objects are masked from 'package:stats':
    
     filter, lag
    
    The following objects are masked from 'package:base':
    
     intersect, setdiff, setequal, union
    
    Loading required package: tidyr
    Loading required package: ggplot2
    Registering fonts with R
    Warning in grid.Call(L_textBounds, as.graphicsAnnot(x$label), x$x, x$y, :
     no font could be found for family "Source Sans Pro"
    Warning in grid.Call(L_textBounds, as.graphicsAnnot(x$label), x$x, x$y, :
     no font could be found for family "Source Sans Pro"
    Quitting from lines 142-143 (using_ggmcmc.Rmd)
    Error: processing vignette 'using_ggmcmc.Rmd' failed with diagnostics:
    polygon edge not found
    Execution halted
Flavor: r-release-osx-x86_64-mavericks