CRAN Package Check Results for Package ggmcmc

Last updated on 2015-07-04 11:49:44.

Flavor Version Tinstall Tcheck Ttotal Status Flags
r-devel-linux-x86_64-debian-clang 0.6 2.13 29.42 31.55 NOTE
r-devel-linux-x86_64-debian-gcc 0.6 1.66 28.88 30.55 NOTE
r-devel-linux-x86_64-fedora-clang 0.6 60.55 NOTE
r-devel-linux-x86_64-fedora-gcc 0.6 58.23 NOTE
r-devel-osx-x86_64-clang 0.6 55.84 NOTE
r-devel-windows-ix86+x86_64 0.6 7.00 51.00 58.00 NOTE
r-patched-linux-x86_64 0.6 1.69 30.00 31.69 NOTE
r-patched-solaris-sparc 0.6 395.30 NOTE
r-patched-solaris-x86 0.6 82.20 NOTE
r-release-linux-x86_64 0.6 1.76 29.44 31.20 NOTE
r-release-osx-x86_64-mavericks 0.6 NOTE
r-release-windows-ix86+x86_64 0.6 9.00 46.00 55.00 NOTE
r-oldrel-windows-ix86+x86_64 0.6 12.00 67.00 79.00 OK

Check Details

Version: 0.6
Check: DESCRIPTION meta-information
Result: NOTE
    Malformed Title field: should not end in a period.
Flavors: r-devel-linux-x86_64-debian-clang, r-devel-linux-x86_64-debian-gcc, r-devel-linux-x86_64-fedora-clang, r-devel-linux-x86_64-fedora-gcc, r-devel-osx-x86_64-clang, r-devel-windows-ix86+x86_64, r-patched-linux-x86_64, r-patched-solaris-sparc, r-patched-solaris-x86, r-release-linux-x86_64, r-release-osx-x86_64-mavericks, r-release-windows-ix86+x86_64

Version: 0.6
Check: R code for possible problems
Result: NOTE
    ac: no visible global function definition for ‘cor’
    ci: no visible global function definition for ‘quantile’
    ggmcmc: no visible global function definition for ‘pdf’
    ggmcmc: no visible global function definition for ‘dev.off’
    ggs: no visible global function definition for ‘read.table’
    ggs_Rhat: no visible global function definition for ‘var’
    ggs_caterpillar: no visible global function definition for ‘reorder’
    ggs_crosscorrelation: no visible global function definition for ‘cor’
    ggs_rocplot: no visible global function definition for ‘quantile’
    ggs_separation: no visible global function definition for ‘quantile’
    sde0f: no visible global function definition for ‘ar’
    Undefined global functions or variables:
     ar cor dev.off pdf quantile read.table reorder var
Flavors: r-devel-linux-x86_64-debian-clang, r-devel-linux-x86_64-debian-gcc, r-devel-linux-x86_64-fedora-clang, r-devel-linux-x86_64-fedora-gcc, r-devel-windows-ix86+x86_64