CRAN Package Check Results for Package ggmcmc

Last updated on 2017-11-21 08:57:13 CET.

Flavor Version Tinstall Tcheck Ttotal Status Flags
r-devel-linux-x86_64-debian-clang 1.1 1.74 89.99 91.73 OK
r-devel-linux-x86_64-debian-gcc 1.1 1.50 200.03 201.53 OK
r-devel-linux-x86_64-fedora-clang 1.1 173.49 OK
r-devel-linux-x86_64-fedora-gcc 1.1 218.29 OK
r-devel-windows-ix86+x86_64 1.1 6.00 165.00 171.00 OK
r-patched-linux-x86_64 1.1 1.88 96.32 98.20 OK
r-patched-solaris-x86 1.1 219.70 OK
r-release-linux-x86_64 1.1 1.94 95.57 97.50 OK
r-release-windows-ix86+x86_64 1.1 8.00 172.00 180.00 OK
r-release-osx-x86_64 1.1 WARN
r-oldrel-windows-ix86+x86_64 1.1 5.00 163.00 168.00 OK
r-oldrel-osx-x86_64 1.1 WARN

Check Details

Version: 1.1
Check: package dependencies
Result: NOTE
    Package suggested but not available for checking: ‘Cairo’
Flavor: r-release-osx-x86_64

Version: 1.1
Check: re-building of vignette outputs
Result: WARN
    Error in re-building vignettes:
     ...
     no font could be found for family "Source Sans Pro"
    Warning in grid.Call(C_textBounds, as.graphicsAnnot(x$label), x$x, x$y, :
     no font could be found for family "Source Sans Pro"
    Warning in grid.Call(C_textBounds, as.graphicsAnnot(x$label), x$x, x$y, :
     no font could be found for family "Source Sans Pro"
    Warning in grid.Call(C_textBounds, as.graphicsAnnot(x$label), x$x, x$y, :
     no font could be found for family "Source Sans Pro"
    Warning in grid.Call(C_textBounds, as.graphicsAnnot(x$label), x$x, x$y, :
     no font could be found for family "Source Sans Pro"
    Warning in grid.Call(C_textBounds, as.graphicsAnnot(x$label), x$x, x$y, :
     no font could be found for family "Source Sans Pro"
    Warning in grid.Call(C_textBounds, as.graphicsAnnot(x$label), x$x, x$y, :
     no font could be found for family "Source Sans Pro"
    Warning in grid.Call(C_textBounds, as.graphicsAnnot(x$label), x$x, x$y, :
     no font could be found for family "Source Sans Pro"
    Warning in grid.Call(C_textBounds, as.graphicsAnnot(x$label), x$x, x$y, :
     no font could be found for family "Source Sans Pro"
    Warning in grid.Call(C_textBounds, as.graphicsAnnot(x$label), x$x, x$y, :
     no font could be found for family "Source Sans Pro"
    Warning in grid.Call(C_textBounds, as.graphicsAnnot(x$label), x$x, x$y, :
     no font could be found for family "Source Sans Pro"
    Quitting from lines 142-143 (using_ggmcmc.Rmd)
    Error: processing vignette 'using_ggmcmc.Rmd' failed with diagnostics:
    polygon edge not found
    Execution halted
Flavor: r-release-osx-x86_64

Version: 1.1
Check: re-building of vignette outputs
Result: WARN
    Error in re-building vignettes:
     ...
    Warning in (if (grepl("\\.[Rr]md$", file)) knit2html else if (grepl("\\.[Rr]rst$", :
     It seems you should call rmarkdown::render() instead of knitr::knit2html() because using_ggmcmc.Rmd appears to be an R Markdown v2 document.
    Loading required package: dplyr
    
    Attaching package: 'dplyr'
    
    The following objects are masked from 'package:stats':
    
     filter, lag
    
    The following objects are masked from 'package:base':
    
     intersect, setdiff, setequal, union
    
    Loading required package: tidyr
    Loading required package: ggplot2
    Registering fonts with R
    Warning in grid.Call(L_textBounds, as.graphicsAnnot(x$label), x$x, x$y, :
     no font could be found for family "Source Sans Pro"
    Warning in grid.Call(L_textBounds, as.graphicsAnnot(x$label), x$x, x$y, :
     no font could be found for family "Source Sans Pro"
    Quitting from lines 142-143 (using_ggmcmc.Rmd)
    Error: processing vignette 'using_ggmcmc.Rmd' failed with diagnostics:
    polygon edge not found
    Execution halted
Flavor: r-oldrel-osx-x86_64