CRAN Package Check Results for Package ggmcmc

Last updated on 2014-08-20 21:47:26.

Flavor Version Tinstall Tcheck Ttotal Status Flags
r-devel-linux-x86_64-debian-clang 0.5.1 1.70 30.02 31.72 NOTE
r-devel-linux-x86_64-debian-gcc 0.5.1 1.53 29.34 30.87 NOTE
r-devel-linux-x86_64-fedora-clang 0.5.1 68.04 NOTE
r-devel-linux-x86_64-fedora-gcc 0.5.1 63.30 NOTE
r-devel-osx-x86_64-clang 0.5.1 56.25 NOTE
r-devel-windows-ix86+x86_64 0.5.1 6.00 48.00 54.00 NOTE
r-patched-linux-x86_64 0.5.1 1.68 31.89 33.57 NOTE
r-patched-solaris-sparc 0.5.1 364.80 NOTE
r-patched-solaris-x86 0.5.1 81.40 NOTE
r-release-linux-ix86 0.5.1 2.12 39.57 41.69 NOTE
r-release-linux-x86_64 0.5.1 1.74 32.12 33.86 NOTE
r-release-osx-x86_64-mavericks 0.5.1 NOTE
r-release-osx-x86_64-snowleopard 0.5.1 WARN
r-release-windows-ix86+x86_64 0.5.1 7.00 51.00 58.00 NOTE
r-oldrel-windows-ix86+x86_64 0.5.1 7.00 55.00 62.00 NOTE

Check Details

Version: 0.5.1
Check: package dependencies
Result: NOTE
    Package suggested but not available for checking: ‘rstan’
Flavors: r-devel-linux-x86_64-debian-clang, r-devel-linux-x86_64-debian-gcc, r-devel-linux-x86_64-fedora-clang, r-devel-linux-x86_64-fedora-gcc, r-devel-osx-x86_64-clang, r-devel-windows-ix86+x86_64, r-patched-linux-x86_64, r-patched-solaris-sparc, r-patched-solaris-x86, r-release-linux-ix86, r-release-linux-x86_64, r-release-osx-x86_64-snowleopard, r-release-windows-ix86+x86_64, r-oldrel-windows-ix86+x86_64

Version: 0.5.1
Check: package dependencies
Result: NOTE
    Packages suggested but not available for checking: ‘rjags’ ‘rstan’
Flavor: r-release-osx-x86_64-mavericks

Version: 0.5.1
Check: examples
Result: WARNING
    checking a package with encoding 'UTF-8' in an ASCII locale
    
     OK
Flavor: r-release-osx-x86_64-snowleopard