CRAN Package Check Results for Package ggmcmc

Last updated on 2015-01-26 03:52:24.

Flavor Version Tinstall Tcheck Ttotal Status Flags
r-devel-linux-x86_64-debian-clang 0.6 1.94 31.29 33.23 OK
r-devel-linux-x86_64-debian-gcc 0.6 1.84 30.10 31.94 OK
r-devel-linux-x86_64-fedora-clang 0.6 84.34 OK
r-devel-linux-x86_64-fedora-gcc 0.6 82.26 OK
r-devel-osx-x86_64-clang 0.6 76.34 OK
r-devel-windows-ix86+x86_64 0.6 7.00 57.00 64.00 OK
r-patched-linux-x86_64 0.6 2.33 39.80 42.13 OK
r-patched-solaris-sparc 0.6 424.80 OK
r-patched-solaris-x86 0.6 104.90 OK
r-release-linux-ix86 0.6 2.80 46.94 49.74 OK
r-release-linux-x86_64 0.6 2.36 38.78 41.14 OK
r-release-osx-x86_64-mavericks 0.6 OK
r-release-osx-x86_64-snowleopard 0.6 OK
r-release-windows-ix86+x86_64 0.6 11.00 69.00 80.00 OK
r-oldrel-windows-ix86+x86_64 0.6 1.00 2.00 3.00 ERROR

Check Details

Version: 0.6
Check: package dependencies
Result: ERROR
    Package required but not available: 'tidyr'
    
    See the information on DESCRIPTION files in the chapter 'Creating R
    packages' of the 'Writing R Extensions' manual.
Flavor: r-oldrel-windows-ix86+x86_64