CRAN Package Check Results for Package ggmcmc

Last updated on 2018-04-22 07:49:20 CEST.

Flavor Version Tinstall Tcheck Ttotal Status Flags
r-devel-linux-x86_64-debian-clang 1.1 4.71 142.74 147.45 OK
r-devel-linux-x86_64-debian-gcc 1.1 3.17 103.55 106.72 OK
r-devel-linux-x86_64-fedora-clang 1.1 171.91 OK
r-devel-linux-x86_64-fedora-gcc 1.1 174.54 OK
r-devel-windows-ix86+x86_64 1.1 10.00 171.00 181.00 OK
r-devel-osx-x86_64 1.1 WARN
r-patched-linux-x86_64 1.1 3.77 138.17 141.94 OK
r-patched-solaris-x86 1.1 229.60 OK
r-release-linux-x86_64 1.1 2.62 139.55 142.17 OK
r-release-windows-ix86+x86_64 1.1 8.00 155.00 163.00 OK
r-release-osx-x86_64 1.1 WARN
r-oldrel-windows-ix86+x86_64 1.1 13.00 148.00 161.00 OK

Check Details

Version: 1.1
Check: package dependencies
Result: NOTE
    Package suggested but not available for checking: ‘Cairo’
Flavors: r-devel-osx-x86_64, r-release-osx-x86_64

Version: 1.1
Check: re-building of vignette outputs
Result: WARN
    Error in re-building vignettes:
     ...
     no font could be found for family "Source Sans Pro"
    Warning in grid.Call(C_textBounds, as.graphicsAnnot(x$label), x$x, x$y, :
     no font could be found for family "Source Sans Pro"
    Warning in grid.Call(C_textBounds, as.graphicsAnnot(x$label), x$x, x$y, :
     no font could be found for family "Source Sans Pro"
    Warning in grid.Call(C_textBounds, as.graphicsAnnot(x$label), x$x, x$y, :
     no font could be found for family "Source Sans Pro"
    Warning in grid.Call(C_textBounds, as.graphicsAnnot(x$label), x$x, x$y, :
     no font could be found for family "Source Sans Pro"
    Warning in grid.Call(C_textBounds, as.graphicsAnnot(x$label), x$x, x$y, :
     no font could be found for family "Source Sans Pro"
    Warning in grid.Call(C_textBounds, as.graphicsAnnot(x$label), x$x, x$y, :
     no font could be found for family "Source Sans Pro"
    Warning in grid.Call(C_textBounds, as.graphicsAnnot(x$label), x$x, x$y, :
     no font could be found for family "Source Sans Pro"
    Warning in grid.Call(C_textBounds, as.graphicsAnnot(x$label), x$x, x$y, :
     no font could be found for family "Source Sans Pro"
    Warning in grid.Call(C_textBounds, as.graphicsAnnot(x$label), x$x, x$y, :
     no font could be found for family "Source Sans Pro"
    Warning in grid.Call(C_textBounds, as.graphicsAnnot(x$label), x$x, x$y, :
     no font could be found for family "Source Sans Pro"
    Quitting from lines 142-143 (using_ggmcmc.Rmd)
    Error: processing vignette 'using_ggmcmc.Rmd' failed with diagnostics:
    polygon edge not found
    Execution halted
Flavors: r-devel-osx-x86_64, r-release-osx-x86_64