CRAN Package Check Results for Package ggmcmc

Last updated on 2014-07-24 14:48:42.

Flavor Version Tinstall Tcheck Ttotal Status Flags
r-devel-linux-x86_64-debian-clang 0.5.1 1.65 31.62 33.27 NOTE
r-devel-linux-x86_64-debian-gcc 0.5.1 1.66 30.16 31.81 NOTE
r-devel-linux-x86_64-fedora-clang 0.5.1 69.31 NOTE
r-devel-linux-x86_64-fedora-gcc 0.5.1 68.08 NOTE
r-devel-osx-x86_64-clang 0.5.1 58.39 NOTE
r-devel-windows-ix86+x86_64 0.5.1 7.00 50.00 57.00 NOTE
r-patched-linux-x86_64 0.5.1 1.66 30.44 32.10 NOTE
r-patched-solaris-sparc 0.5.1 370.40 NOTE
r-patched-solaris-x86 0.5.1 80.30 NOTE
r-release-linux-ix86 0.5.1 2.10 39.49 41.59 NOTE
r-release-linux-x86_64 0.5.1 1.71 30.70 32.40 NOTE
r-release-osx-x86_64-mavericks 0.5.1 NOTE
r-release-osx-x86_64-snowleopard 0.5.1 WARN
r-release-windows-ix86+x86_64 0.5.1 6.00 51.00 57.00 NOTE
r-oldrel-windows-ix86+x86_64 0.5.1 6.00 50.00 56.00 NOTE

Check Details

Version: 0.5.1
Check: package dependencies
Result: NOTE
    Package suggested but not available for checking: ‘rstan’
Flavors: r-devel-linux-x86_64-debian-clang, r-devel-linux-x86_64-debian-gcc, r-devel-linux-x86_64-fedora-clang, r-devel-linux-x86_64-fedora-gcc, r-devel-osx-x86_64-clang, r-devel-windows-ix86+x86_64, r-patched-linux-x86_64, r-patched-solaris-sparc, r-patched-solaris-x86, r-release-linux-ix86, r-release-linux-x86_64, r-release-osx-x86_64-snowleopard, r-release-windows-ix86+x86_64, r-oldrel-windows-ix86+x86_64

Version: 0.5.1
Check: package dependencies
Result: NOTE
    Packages suggested but not available for checking: ‘rjags’ ‘rstan’
Flavor: r-release-osx-x86_64-mavericks

Version: 0.5.1
Check: examples
Result: WARNING
    checking a package with encoding 'UTF-8' in an ASCII locale
    
     OK
Flavor: r-release-osx-x86_64-snowleopard