CRAN Package Check Results for Package ggmcmc

Last updated on 2014-12-22 17:51:24.

Flavor Version Tinstall Tcheck Ttotal Status Flags
r-devel-linux-x86_64-debian-clang 0.5.1 1.86 32.66 34.52 NOTE
r-devel-linux-x86_64-debian-gcc 0.5.1 1.70 30.73 32.43 NOTE
r-devel-linux-x86_64-fedora-clang 0.5.1 66.35 NOTE
r-devel-linux-x86_64-fedora-gcc 0.5.1 62.87 NOTE
r-devel-osx-x86_64-clang 0.5.1 60.04 NOTE
r-devel-windows-ix86+x86_64 0.5.1 8.00 51.00 59.00 NOTE
r-patched-linux-x86_64 0.5.1 1.77 30.96 32.73 NOTE
r-patched-solaris-sparc 0.5.1 347.00 NOTE
r-patched-solaris-x86 0.5.1 81.30 NOTE
r-release-linux-ix86 0.5.1 2.00 37.77 39.77 NOTE
r-release-linux-x86_64 0.5.1 1.69 34.36 36.06 NOTE
r-release-osx-x86_64-mavericks 0.5.1 NOTE
r-release-osx-x86_64-snowleopard 0.5.1 WARN
r-release-windows-ix86+x86_64 0.5.1 7.00 48.00 55.00 NOTE
r-oldrel-windows-ix86+x86_64 0.5.1 7.00 54.00 61.00 NOTE

Check Details

Version: 0.5.1
Check: package dependencies
Result: NOTE
    Package suggested but not available for checking: ‘rstan’
Flavors: r-devel-linux-x86_64-debian-clang, r-devel-linux-x86_64-debian-gcc, r-devel-linux-x86_64-fedora-clang, r-devel-linux-x86_64-fedora-gcc, r-devel-osx-x86_64-clang, r-devel-windows-ix86+x86_64, r-patched-linux-x86_64, r-patched-solaris-sparc, r-patched-solaris-x86, r-release-linux-ix86, r-release-linux-x86_64, r-release-osx-x86_64-snowleopard, r-release-windows-ix86+x86_64, r-oldrel-windows-ix86+x86_64

Version: 0.5.1
Check: package dependencies
Result: NOTE
    Packages suggested but not available for checking: ‘rjags’ ‘rstan’
Flavor: r-release-osx-x86_64-mavericks

Version: 0.5.1
Check: examples
Result: WARN
    checking a package with encoding 'UTF-8' in an ASCII locale
    
     OK
Flavor: r-release-osx-x86_64-snowleopard