CRAN Package Check Results for Package ggmcmc

Last updated on 2014-04-18 17:48:03.

Flavor Version Tinstall Tcheck Ttotal Status Flags
r-devel-linux-x86_64-debian-clang 0.5.1 1.79 34.16 35.95 NOTE
r-devel-linux-x86_64-debian-gcc NOTE
r-devel-linux-x86_64-fedora-clang 0.5.1 71.61 NOTE
r-devel-linux-x86_64-fedora-gcc 0.5.1 68.39 NOTE
r-devel-macosx-x86_64-clang 0.5.1 67.34 NOTE
r-devel-macosx-x86_64-gcc 0.5.1 ERROR
r-devel-windows-ix86+x86_64 0.5.1 6.00 46.00 52.00 NOTE
r-patched-linux-x86_64 0.5.1 1.82 35.43 37.25 NOTE
r-patched-solaris-sparc 0.5.1 370.40 NOTE
r-patched-solaris-x86 0.5.1 84.30 NOTE
r-release-linux-ix86 0.5.1 4.00 56.00 60.00 NOTE
r-release-linux-x86_64 0.5.1 1.84 35.55 37.39 NOTE
r-release-macosx-x86_64 0.5.1 WARN
r-release-windows-ix86+x86_64 0.5.1 7.00 51.00 58.00 NOTE
r-oldrel-windows-ix86+x86_64 0.5.1 7.00 52.00 59.00 NOTE

Check Details

Version: 0.5.1
Check: package dependencies
Result: NOTE
    Package suggested but not available for checking: ‘rstan’
Flavors: r-devel-linux-x86_64-debian-clang, r-devel-linux-x86_64-debian-gcc, r-devel-linux-x86_64-fedora-clang, r-devel-linux-x86_64-fedora-gcc, r-devel-macosx-x86_64-clang, r-devel-windows-ix86+x86_64, r-patched-linux-x86_64, r-patched-solaris-sparc, r-patched-solaris-x86, r-release-linux-ix86, r-release-linux-x86_64, r-release-macosx-x86_64, r-release-windows-ix86+x86_64, r-oldrel-windows-ix86+x86_64

Version: 0.5.1
Check: package dependencies
Result: ERROR
    Package required but not available: ‘ggplot2’
    
    Package suggested but not available for checking: ‘rstan’
    
    See the information on DESCRIPTION files in the chapter ‘Creating R
    packages’ of the ‘Writing R Extensions’ manual.
Flavor: r-devel-macosx-x86_64-gcc

Version: 0.5.1
Check: examples
Result: WARNING
    checking a package with encoding 'UTF-8' in an ASCII locale
    
     OK
Flavor: r-release-macosx-x86_64