Last updated on 2022-05-16 10:52:40 CEST.
Flavor | Version | Tinstall | Tcheck | Ttotal | Status | Flags |
---|---|---|---|---|---|---|
r-devel-linux-x86_64-debian-clang | 0.3.3 | 10.45 | 113.99 | 124.44 | OK | |
r-devel-linux-x86_64-debian-gcc | 0.3.3 | 6.78 | 83.06 | 89.84 | OK | |
r-devel-linux-x86_64-fedora-clang | 0.3.3 | 143.30 | NOTE | |||
r-devel-linux-x86_64-fedora-gcc | 0.3.3 | 138.61 | NOTE | |||
r-devel-windows-x86_64 | 0.3.3 | 38.00 | 132.00 | 170.00 | OK | |
r-patched-linux-x86_64 | 0.3.3 | 8.18 | 107.30 | 115.48 | OK | |
r-release-linux-x86_64 | 0.3.3 | 8.01 | 105.32 | 113.33 | OK | |
r-release-macos-arm64 | 0.3.3 | 41.00 | NOTE | |||
r-release-macos-x86_64 | 0.3.3 | 72.00 | NOTE | |||
r-release-windows-x86_64 | 0.3.3 | 37.00 | 131.00 | 168.00 | OK | |
r-oldrel-macos-arm64 | 0.3.3 | 56.00 | NOTE | |||
r-oldrel-macos-x86_64 | 0.3.3 | 55.00 | NOTE | |||
r-oldrel-windows-ix86+x86_64 | 0.3.3 | 23.00 | 121.00 | 144.00 | OK |
Version: 0.3.3
Check: dependencies in R code
Result: NOTE
Namespaces in Imports field not imported from:
‘productplots’ ‘scales’
All declared Imports should be used.
Flavors: r-devel-linux-x86_64-fedora-clang, r-devel-linux-x86_64-fedora-gcc, r-release-macos-arm64, r-release-macos-x86_64, r-oldrel-macos-arm64, r-oldrel-macos-x86_64