CRAN Package Check Results for Package ggmsa

Last updated on 2020-07-07 11:50:48 CEST.

Flavor Version Tinstall Tcheck Ttotal Status Flags
r-devel-linux-x86_64-debian-clang 0.0.4 14.78 174.59 189.37 OK
r-devel-linux-x86_64-debian-gcc 0.0.4 13.32 129.52 142.84 OK
r-devel-linux-x86_64-fedora-clang 0.0.4 233.37 OK
r-devel-linux-x86_64-fedora-gcc 0.0.4 224.23 OK
r-devel-windows-ix86+x86_64 0.0.4 35.00 222.00 257.00 OK
r-patched-linux-x86_64 0.0.4 14.69 167.40 182.09 OK
r-patched-solaris-x86 0.0.4 346.60 OK
r-release-linux-x86_64 0.0.4 14.06 169.44 183.50 OK
r-release-osx-x86_64 0.0.4 NOTE
r-release-windows-ix86+x86_64 0.0.4 36.00 221.00 257.00 OK
r-oldrel-osx-x86_64 0.0.4 OK
r-oldrel-windows-ix86+x86_64 0.0.4 40.00 271.00 311.00 OK

Check Details

Version: 0.0.4
Check: package dependencies
Result: NOTE
    Package suggested but not available for checking: ‘ggtree’
Flavor: r-release-osx-x86_64