CRAN Package Check Results for Package ggmulti

Last updated on 2021-04-11 19:52:06 CEST.

Flavor Version Tinstall Tcheck Ttotal Status Flags
r-devel-linux-x86_64-debian-clang 1.0.1 10.74 150.89 161.63 NOTE
r-devel-linux-x86_64-debian-gcc 1.0.1 8.05 105.05 113.10 NOTE
r-devel-linux-x86_64-fedora-clang 1.0.1 190.14 NOTE
r-devel-linux-x86_64-fedora-gcc 1.0.1 190.91 NOTE
r-devel-windows-ix86+x86_64 1.0.1 21.00 177.00 198.00 NOTE
r-devel-windows-x86_64-gcc10-UCRT 1.0.1 NOTE
r-patched-linux-x86_64 1.0.1 7.40 138.95 146.35 OK
r-patched-solaris-x86 1.0.1 229.10 OK
r-release-linux-x86_64 1.0.1 7.44 136.69 144.13 OK
r-release-macos-x86_64 1.0.1 OK
r-release-windows-ix86+x86_64 1.0.1 23.00 186.00 209.00 OK
r-oldrel-macos-x86_64 1.0.1 ERROR
r-oldrel-windows-ix86+x86_64 1.0.1 15.00 123.00 138.00 ERROR

Check Details

Version: 1.0.1
Check: LazyData
Result: NOTE
     'LazyData' is specified without a 'data' directory
Flavors: r-devel-linux-x86_64-debian-clang, r-devel-linux-x86_64-debian-gcc, r-devel-linux-x86_64-fedora-clang, r-devel-linux-x86_64-fedora-gcc, r-devel-windows-ix86+x86_64, r-devel-windows-x86_64-gcc10-UCRT

Version: 1.0.1
Check: tests
Result: ERROR
     Running ‘testthat.R’ [28s/28s]
    Running the tests in ‘tests/testthat.R’ failed.
    Last 13 lines of output:
     4. └─ggplot2:::by_layer(function(l, d) l$compute_position(d, layout))
     5. └─ggplot2:::f(l = layers[[i]], d = data[[i]])
     6. └─l$compute_position(d, layout)
     7. └─ggplot2:::f(..., self = self)
     8. └─self$position$compute_layer(data, params, layout)
     9. └─ggplot2:::f(..., self = self)
     10. └─ggplot2:::dapply(...)
     11. └─ggplot2:::apply_fun(df)
     12. └─ggplot2:::fun(x, ...)
     13. └─self$compute_panel(data = data, params = params, scales = scales)
     14. └─ggmulti:::f(...)
    
     [ FAIL 1 | WARN 0 | SKIP 0 | PASS 56 ]
     Error: Test failures
     Execution halted
Flavor: r-oldrel-macos-x86_64

Version: 1.0.1
Check: tests
Result: ERROR
     Running 'testthat.R' [31s]
    Running the tests in 'tests/testthat.R' failed.
    Complete output:
     >
     >
     > library(testthat)
     > library(ggmulti)
     Loading required package: ggplot2
     Need help? Check https://great-northern-diver.github.io/ggmulti/ for
     more details
    
     Attaching package: 'ggmulti'
    
     The following object is masked from 'package:ggplot2':
    
     coord_polar
    
     >
     > testthat::test_check("ggmulti")
     == Failed tests ================================================================
     -- Error (test_generalized_geoms.R:27:3): test built geoms in ggplot -----------
     Error: subscript out of bounds
     Backtrace:
     x
     1. +-ggplot2::ggplot_build(p) test_generalized_geoms.R:27:2
     2. \-ggmulti:::ggplot_build.gg(p)
     3. \-ggplot2:::ggplot_build_ggplot(plot)
     4. \-ggplot2:::by_layer(function(l, d) l$compute_position(d, layout))
     5. \-ggplot2:::f(l = layers[[i]], d = data[[i]])
     6. \-l$compute_position(d, layout)
     7. \-ggplot2:::f(..., self = self)
     8. \-self$position$compute_layer(data, params, layout)
     9. \-ggplot2:::f(..., self = self)
     10. \-ggplot2:::dapply(...)
     11. \-ggplot2:::apply_fun(df)
     12. \-ggplot2:::fun(x, ...)
     13. \-self$compute_panel(data = data, params = params, scales = scales)
     14. \-ggmulti:::f(...)
    
     [ FAIL 1 | WARN 0 | SKIP 0 | PASS 56 ]
     Error: Test failures
     Execution halted
Flavor: r-oldrel-windows-ix86+x86_64