CRAN Package Check Results for Package ggnormalviolin

Last updated on 2019-02-18 17:48:08 CET.

Flavor Version Tinstall Tcheck Ttotal Status Flags
r-devel-linux-x86_64-debian-clang 0.1.1 2.46 25.05 27.51 OK
r-devel-linux-x86_64-debian-gcc 0.1.1 1.95 20.34 22.29 OK
r-devel-linux-x86_64-fedora-clang 0.1.1 34.90 NOTE
r-devel-linux-x86_64-fedora-gcc 0.1.1 30.85 NOTE
r-devel-windows-ix86+x86_64 0.1.1 7.00 36.00 43.00 OK
r-patched-linux-x86_64 0.1.1 1.71 23.39 25.10 OK
r-patched-solaris-x86 0.1.1 47.00 NOTE
r-release-linux-x86_64 0.1.1 OK
r-release-windows-ix86+x86_64 0.1.1 4.00 58.00 62.00 OK
r-release-osx-x86_64 0.1.1 NOTE
r-oldrel-windows-ix86+x86_64 0.1.1 6.00 36.00 42.00 OK
r-oldrel-osx-x86_64 0.1.1 NOTE

Check Details

Version: 0.1.1
Check: dependencies in R code
Result: NOTE
    Namespaces in Imports field not imported from:
     ‘dplyr’ ‘grid’ ‘scales’
     All declared Imports should be used.
Flavors: r-devel-linux-x86_64-fedora-clang, r-devel-linux-x86_64-fedora-gcc, r-patched-solaris-x86, r-release-osx-x86_64, r-oldrel-osx-x86_64