CRAN Package Check Results for Package ggnormalviolin

Last updated on 2019-08-17 19:48:27 CEST.

Flavor Version Tinstall Tcheck Ttotal Status Flags
r-devel-linux-x86_64-debian-clang 0.1.2 3.49 25.09 28.58 OK
r-devel-linux-x86_64-debian-gcc 0.1.2 3.09 20.51 23.60 OK
r-devel-linux-x86_64-fedora-clang 0.1.2 34.40 NOTE
r-devel-linux-x86_64-fedora-gcc 0.1.2 32.92 NOTE
r-devel-windows-ix86+x86_64 0.1.2 15.00 66.00 81.00 OK
r-patched-linux-x86_64 0.1.2 3.08 24.37 27.45 OK
r-patched-solaris-x86 0.1.2 53.60 NOTE
r-release-linux-x86_64 0.1.2 3.27 24.25 27.52 OK
r-release-windows-ix86+x86_64 0.1.2 15.00 52.00 67.00 OK
r-release-osx-x86_64 0.1.2 NOTE
r-oldrel-windows-ix86+x86_64 0.1.2 5.00 55.00 60.00 OK
r-oldrel-osx-x86_64 0.1.2 NOTE

Check Details

Version: 0.1.2
Check: dependencies in R code
Result: NOTE
    Namespaces in Imports field not imported from:
     ‘dplyr’ ‘grid’ ‘scales’
     All declared Imports should be used.
Flavors: r-devel-linux-x86_64-fedora-clang, r-devel-linux-x86_64-fedora-gcc, r-patched-solaris-x86, r-release-osx-x86_64, r-oldrel-osx-x86_64