CRAN Package Check Results for Package ggnormalviolin

Last updated on 2019-04-26 13:47:36 CEST.

Flavor Version Tinstall Tcheck Ttotal Status Flags
r-devel-linux-x86_64-debian-clang 0.1.1 3.45 24.61 28.06 OK
r-devel-linux-x86_64-debian-gcc 0.1.1 2.69 19.94 22.63 OK
r-devel-linux-x86_64-fedora-clang 0.1.1 34.10 NOTE
r-devel-linux-x86_64-fedora-gcc 0.1.1 31.40 NOTE
r-devel-windows-ix86+x86_64 0.1.1 17.00 60.00 77.00 OK
r-patched-linux-x86_64 0.1.1 3.06 24.49 27.55 OK
r-patched-solaris-x86 0.1.1 50.30 NOTE
r-release-linux-x86_64 0.1.1 1.81 23.06 24.87 OK
r-release-windows-ix86+x86_64 0.1.1 6.00 42.00 48.00 OK
r-release-osx-x86_64 0.1.1 NOTE
r-oldrel-windows-ix86+x86_64 0.1.1 5.00 52.00 57.00 OK
r-oldrel-osx-x86_64 0.1.1 NOTE

Check Details

Version: 0.1.1
Check: dependencies in R code
Result: NOTE
    Namespaces in Imports field not imported from:
     ‘dplyr’ ‘grid’ ‘scales’
     All declared Imports should be used.
Flavors: r-devel-linux-x86_64-fedora-clang, r-devel-linux-x86_64-fedora-gcc, r-patched-solaris-x86, r-release-osx-x86_64, r-oldrel-osx-x86_64