CRAN Package Check Results for Package ggpackets

Last updated on 2022-10-05 23:55:01 CEST.

Flavor Version Tinstall Tcheck Ttotal Status Flags
r-devel-linux-x86_64-debian-clang 0.2.0 6.76 89.30 96.06 OK
r-devel-linux-x86_64-debian-gcc 0.2.0 6.07 66.73 72.80 OK
r-devel-linux-x86_64-fedora-clang 0.2.0 129.82 NOTE
r-devel-linux-x86_64-fedora-gcc 0.2.0 128.87 NOTE
r-devel-windows-x86_64 0.2.0 52.00 136.00 188.00 OK
r-patched-linux-x86_64 0.2.0 6.11 83.58 89.69 OK
r-release-linux-x86_64 0.2.0 7.91 82.23 90.14 OK
r-release-macos-arm64 0.2.0 42.00 NOTE
r-release-macos-x86_64 0.2.0 58.00 NOTE
r-release-windows-x86_64 0.2.0 14.00 125.00 139.00 OK
r-oldrel-macos-arm64 0.2.0 42.00 NOTE
r-oldrel-macos-x86_64 0.2.0 61.00 NOTE
r-oldrel-windows-ix86+x86_64 0.2.0 19.00 115.00 134.00 OK

Check Details

Version: 0.2.0
Check: dependencies in R code
Result: NOTE
    Namespace in Imports field not imported from: ‘tibble’
     All declared Imports should be used.
Flavors: r-devel-linux-x86_64-fedora-clang, r-devel-linux-x86_64-fedora-gcc, r-release-macos-arm64, r-release-macos-x86_64, r-oldrel-macos-arm64, r-oldrel-macos-x86_64