CRAN Package Check Results for Package ggparallel

Last updated on 2014-10-21 05:47:58.

Flavor Version Tinstall Tcheck Ttotal Status Flags
r-devel-linux-x86_64-debian-clang 0.1.1 1.57 26.39 27.96 NOTE
r-devel-linux-x86_64-debian-gcc 0.1.1 1.45 25.90 27.35 NOTE
r-devel-linux-x86_64-fedora-clang 0.1.1 58.51 NOTE
r-devel-linux-x86_64-fedora-gcc 0.1.1 54.65 NOTE
r-devel-osx-x86_64-clang 0.1.1 53.54 NOTE
r-devel-windows-ix86+x86_64 0.1.1 7.00 40.00 47.00 NOTE
r-patched-linux-x86_64 0.1.1 1.52 26.56 28.08 NOTE
r-patched-solaris-sparc 0.1.1 314.50 NOTE
r-patched-solaris-x86 0.1.1 75.20 NOTE
r-release-linux-ix86 0.1.1 1.96 37.07 39.03 NOTE
r-release-linux-x86_64 0.1.1 1.65 27.24 28.88 NOTE
r-release-osx-x86_64-mavericks 0.1.1 NOTE
r-release-osx-x86_64-snowleopard 0.1.1 NOTE
r-release-windows-ix86+x86_64 0.1.1 6.00 43.00 49.00 NOTE
r-oldrel-windows-ix86+x86_64 0.1.1 6.00 44.00 50.00 NOTE

Check Details

Version: 0.1.1
Check: DESCRIPTION meta-information
Result: NOTE
    License components which are templates and need '+ file LICENSE':
     MIT
Flavors: r-devel-linux-x86_64-debian-clang, r-devel-linux-x86_64-debian-gcc, r-devel-linux-x86_64-fedora-clang, r-devel-linux-x86_64-fedora-gcc, r-devel-osx-x86_64-clang, r-patched-linux-x86_64, r-patched-solaris-sparc, r-patched-solaris-x86, r-release-linux-ix86, r-release-linux-x86_64, r-release-osx-x86_64-mavericks

Version: 0.1.1
Check: top-level files
Result: NOTE
    Non-standard file/directory found at top level:
     ‘ggparallel.Rproj’
Flavors: r-devel-linux-x86_64-debian-clang, r-devel-linux-x86_64-debian-gcc, r-devel-linux-x86_64-fedora-clang, r-devel-linux-x86_64-fedora-gcc, r-patched-linux-x86_64, r-release-linux-x86_64

Version: 0.1.1
Check: dependencies in R code
Result: NOTE
    Packages in Depends field not imported from:
     ‘ggplot2’ ‘plyr’ ‘reshape2’
     These packages need to be imported from (in the NAMESPACE file)
     for when this namespace is loaded but not attached.
    See the information on DESCRIPTION files in the chapter ‘Creating R
    packages’ of the ‘Writing R Extensions’ manual.
Flavors: r-devel-linux-x86_64-debian-clang, r-devel-linux-x86_64-debian-gcc, r-devel-linux-x86_64-fedora-clang, r-devel-linux-x86_64-fedora-gcc, r-devel-osx-x86_64-clang, r-devel-windows-ix86+x86_64, r-patched-linux-x86_64, r-patched-solaris-sparc, r-patched-solaris-x86, r-release-linux-ix86, r-release-linux-x86_64, r-release-osx-x86_64-mavericks, r-release-windows-ix86+x86_64, r-oldrel-windows-ix86+x86_64

Version: 0.1.1
Check: R code for possible problems
Result: NOTE
    ggparallel : getRibbons: no visible global function definition for
     ‘melt’
    ggparallel : getRibbons: no visible global function definition for
     ‘geom_ribbon’
    ggparallel : getRibbons: no visible global function definition for
     ‘aes’
    ggparallel : getRibbons: no visible binding for global variable ‘id’
    ggparallel : getRibbons: no visible global function definition for
     ‘ddply’
    ggparallel : getRibbons: no visible global function definition for ‘.’
    ggparallel : getRibbons: no visible global function definition for
     ‘geom_line’
    ggparallel : getRibbons: no visible global function definition for
     ‘scale_size’
    ggparallel : getRibbons: no visible binding for global variable
     ‘summarise’
    ggparallel: no visible global function definition for ‘melt’
    ggparallel: no visible global function definition for ‘ddply’
    ggparallel: no visible global function definition for ‘.’
    ggparallel: no visible binding for global variable ‘summarize’
    ggparallel: no visible global function definition for ‘geom_text’
    ggparallel: no visible global function definition for ‘aes’
    ggparallel: no visible global function definition for ‘theme’
    ggparallel: no visible global function definition for ‘ggplot’
    ggparallel: no visible global function definition for ‘geom_bar’
    ggparallel: no visible global function definition for ‘xlab’
    ggparallel: no visible global function definition for
     ‘scale_x_discrete’
Flavors: r-devel-linux-x86_64-debian-clang, r-devel-linux-x86_64-debian-gcc, r-devel-linux-x86_64-fedora-clang, r-devel-linux-x86_64-fedora-gcc, r-devel-osx-x86_64-clang, r-devel-windows-ix86+x86_64, r-patched-linux-x86_64, r-patched-solaris-sparc, r-patched-solaris-x86

Version: 0.1.1
Check: Rd line widths
Result: NOTE
    Rd file 'genes.Rd':
     \examples lines wider than 100 characters:
     ggparallel(list("path", "chrom"), text.offset=c(0.03, 0,-0.03), data = genes, width=0.1, order=c(1,0), angle=0, color="white",
     scale_colour_manual(values = c( brewer.pal("YlOrRd", n = 9), rep("grey80", 24)), guide="none") +
    
    Rd file 'ggparallel.Rd':
     \examples lines wider than 100 characters:
     ggparallel(names(titanic)[c(1,4,2,3)], titanic, weight=1, asp=0.5, method="hammock", ratio=0.2, order=c(0,0)) +
     ggparallel(names(titanic)[c(1,4,2,3)], titanic, weight="Freq", asp=0.5, method="hammock", order=c(0,0)) +
     ggparallel(list("path", "chrom"), text.offset=c(0.03, 0,-0.03), data = genes, width=0.1, order=c(1,0), text.angle=0, color="white",
     scale_colour_manual(values = c( brewer.pal("YlOrRd", n = 9), rep("grey80", 24)), guide="none") +
    
    These lines will be truncated in the PDF manual.
Flavors: r-devel-linux-x86_64-debian-clang, r-devel-linux-x86_64-debian-gcc, r-devel-linux-x86_64-fedora-clang, r-devel-linux-x86_64-fedora-gcc, r-patched-linux-x86_64, r-release-linux-x86_64

Version: 0.1.1
Check: DESCRIPTION meta-information
Result: NOTE
    Licenses which are templates and need '+ file LICENSE':
     MIT
Flavor: r-release-osx-x86_64-snowleopard