CRAN Package Check Results for Package ggplot2

Last updated on 2015-05-26 04:46:58.

Flavor Version Tinstall Tcheck Ttotal Status Flags
r-devel-linux-x86_64-debian-clang 1.0.1 4.49 102.71 107.20 ERROR
r-devel-linux-x86_64-debian-gcc 1.0.1 4.20 104.50 108.71 OK
r-devel-linux-x86_64-fedora-clang 1.0.1 210.86 OK
r-devel-linux-x86_64-fedora-gcc 1.0.1 205.48 OK
r-devel-osx-x86_64-clang 1.0.1 179.18 OK
r-devel-windows-ix86+x86_64 1.0.1 19.00 170.00 189.00 OK
r-patched-linux-x86_64 1.0.1 4.51 102.06 106.56 OK
r-patched-solaris-sparc 1.0.1 1218.00 OK
r-patched-solaris-x86 1.0.1 257.30 OK
r-release-linux-x86_64 1.0.1 4.29 105.12 109.41 ERROR
r-release-osx-x86_64-mavericks 1.0.1 NOTE
r-release-osx-x86_64-snowleopard 1.0.1 ERROR
r-release-windows-ix86+x86_64 1.0.1 12.00 161.00 173.00 OK
r-oldrel-windows-ix86+x86_64 1.0.1 14.00 157.00 171.00 ERROR

Check Details

Version: 1.0.1
Check: tests
Result: ERROR
    Running the tests in ‘tests/test-all.R’ failed.
    Last 13 lines of output:
     30: test_code(desc, substitute(code), env = parent.frame())
     31: test_that("plot succeeds even if some computation fails", { p1 <- ggplot(mtcars, aes(disp, mpg)) + geom_point() + facet_grid(gear ~ carb) p2 <- p1 + geom_smooth() b1 <- ggplot_build(p1) expect_equal(length(b1$data), 1) expect_warning(b2 <- ggplot_build(p2)) expect_equal(length(b2$data), 2)})
     32: eval(expr, envir, enclos)
     33: eval(exprs, envir)
     34: sys.source2(fname, new.env(parent = env))
     35: FUN(X[[i]], ...)
     36: lapply(paths, test_file, env = env, reporter = current_reporter, start_end_reporter = FALSE)
     37: test_dir(test_path, reporter = reporter, env = env, filter = filter, ...)
     38: with_top_env(env, { test_dir(test_path, reporter = reporter, env = env, filter = filter, ...)})
     39: run_tests(package, test_path, filter, reporter, ...)
     40: test_package("ggplot2")
     aborting ...
     Segmentation fault
Flavor: r-devel-linux-x86_64-debian-clang

Version: 1.0.1
Check: tests
Result: ERROR
    Running the tests in ‘tests/test-all.R’ failed.
    Last 13 lines of output:
     })
     })
     14: FUN(X[[i]], ...)
     15: ddply(d, "PANEL", function(panel_data) {
     scales <- panel_scales(panel, panel_data$PANEL[1])
     l$calc_statistic(panel_data, scales)
     })
     16: ldply(.data = pieces, .fun = .fun, ..., .progress = .progress, .inform = .inform,
     .parallel = .parallel, .paropts = .paropts)
     17: list_to_dataframe(res, attr(.data, "split_labels"), .id, id_as_factor)
     18: stop("Results must be all atomic, or all data frames")
     Error: Test failures
     Execution halted
Flavor: r-release-linux-x86_64

Version: 1.0.1
Check: package dependencies
Result: NOTE
    Packages suggested but not available for checking: ‘Hmisc’ ‘multcomp’
Flavor: r-release-osx-x86_64-mavericks

Version: 1.0.1
Check: Rd cross-references
Result: NOTE
    Packages unavailable to check Rd xrefs: ‘multcomp’, ‘Hmisc’
Flavor: r-release-osx-x86_64-mavericks

Version: 1.0.1
Check: package dependencies
Result: ERROR
    Package required but not available: ‘scales’
    
    Packages suggested but not available for checking:
     ‘quantreg’ ‘Hmisc’ ‘multcomp’ ‘knitr’
    
    VignetteBuilder package required for checking but not installed: ‘knitr’
    
    See section ‘The DESCRIPTION file’ in the ‘Writing R Extensions’
    manual.
Flavor: r-release-osx-x86_64-snowleopard

Version: 1.0.1
Check: tests
Result: ERROR
    Running the tests in 'tests/test-all.R' failed.
    Last 13 lines of output:
     geom_smooth: method="auto" and size of largest group is <1000, so using loess. Use 'method = x' to change the smoothing method.
     geom_smooth: method="auto" and size of largest group is <1000, so using loess. Use 'method = x' to change the smoothing method.
     geom_smooth: method="auto" and size of largest group is <1000, so using loess. Use 'method = x' to change the smoothing method.
     Error in predLoess(y, x, newx, s, weights, pars$robust, pars$span, pars$degree, :
     NA/NaN/Inf in foreign function call (arg 5)
     In addition: Warning message:
     In max(panels$ROW) : no non-missing arguments to max; returning -Inf
     geom_smooth: method="auto" and size of largest group is <1000, so using loess. Use 'method = x' to change the smoothing method.
     geom_smooth: method="auto" and size of largest group is <1000, so using loess. Use 'method = x' to change the smoothing method.
     geom_smooth: method="auto" and size of largest group is <1000, so using loess. Use 'method = x' to change the smoothing method.
     1
     stat-bin :
     stat-sum :
Flavor: r-oldrel-windows-ix86+x86_64