CRAN Package Check Results for Package ggplot2

Last updated on 2018-09-23 12:47:33 CEST.

Flavor Version Tinstall Tcheck Ttotal Status Flags
r-devel-linux-x86_64-debian-clang 3.0.0 17.18 337.02 354.20 OK
r-devel-linux-x86_64-debian-gcc 3.0.0 13.98 263.45 277.43 OK
r-devel-linux-x86_64-fedora-clang 3.0.0 415.75 NOTE
r-devel-linux-x86_64-fedora-gcc 3.0.0 410.49 NOTE
r-devel-windows-ix86+x86_64 3.0.0 36.00 451.00 487.00 OK
r-patched-linux-x86_64 3.0.0 15.71 331.35 347.06 OK
r-patched-solaris-x86 3.0.0 512.60 NOTE
r-release-linux-x86_64 3.0.0 15.73 331.70 347.43 OK
r-release-windows-ix86+x86_64 3.0.0 22.00 465.00 487.00 OK
r-release-osx-x86_64 3.0.0 NOTE
r-oldrel-windows-ix86+x86_64 3.0.0 15.00 401.00 416.00 OK
r-oldrel-osx-x86_64 3.0.0 NOTE

Check Details

Version: 3.0.0
Check: dependencies in R code
Result: NOTE
    Namespaces in Imports field not imported from:
     ‘mgcv’ ‘reshape2’ ‘viridisLite’
     All declared Imports should be used.
Flavors: r-devel-linux-x86_64-fedora-clang, r-devel-linux-x86_64-fedora-gcc, r-patched-solaris-x86, r-release-osx-x86_64, r-oldrel-osx-x86_64