CRAN Package Check Results for Package ggplot2

Last updated on 2018-07-22 11:48:24 CEST.

Flavor Version Tinstall Tcheck Ttotal Status Flags
r-devel-linux-x86_64-debian-clang 3.0.0 17.60 339.03 356.63 OK
r-devel-linux-x86_64-debian-gcc 3.0.0 13.68 263.42 277.10 OK
r-devel-linux-x86_64-fedora-clang 3.0.0 422.87 NOTE
r-devel-linux-x86_64-fedora-gcc 3.0.0 413.59 NOTE
r-devel-windows-ix86+x86_64 3.0.0 38.00 341.00 379.00 OK
r-patched-linux-x86_64 3.0.0 OK
r-patched-solaris-x86 3.0.0 516.90 NOTE
r-release-linux-x86_64 3.0.0 16.77 337.42 354.19 OK
r-release-windows-ix86+x86_64 3.0.0 36.00 459.00 495.00 OK
r-release-osx-x86_64 3.0.0 NOTE
r-oldrel-windows-ix86+x86_64 3.0.0 17.00 526.00 543.00 OK
r-oldrel-osx-x86_64 3.0.0 NOTE

Check Details

Version: 3.0.0
Check: dependencies in R code
Result: NOTE
    Namespaces in Imports field not imported from:
     ‘mgcv’ ‘reshape2’ ‘viridisLite’
     All declared Imports should be used.
Flavors: r-devel-linux-x86_64-fedora-clang, r-devel-linux-x86_64-fedora-gcc, r-patched-solaris-x86, r-release-osx-x86_64, r-oldrel-osx-x86_64