CRAN Package Check Results for Package ggplot2

Last updated on 2014-10-26 07:50:01.

Flavor Version Tinstall Tcheck Ttotal Status Flags
r-devel-linux-x86_64-debian-clang 1.0.0 5.38 116.52 121.90 NOTE
r-devel-linux-x86_64-debian-gcc 1.0.0 5.10 110.57 115.67 NOTE
r-devel-linux-x86_64-fedora-clang 1.0.0 247.04 NOTE
r-devel-linux-x86_64-fedora-gcc 1.0.0 234.33 NOTE
r-devel-osx-x86_64-clang 1.0.0 201.51 NOTE
r-devel-windows-ix86+x86_64 1.0.0 14.00 155.00 169.00 NOTE
r-patched-linux-x86_64 1.0.0 5.18 122.83 128.01 NOTE
r-patched-solaris-sparc 1.0.0 1377.00 NOTE
r-patched-solaris-x86 1.0.0 291.50 NOTE
r-release-linux-ix86 1.0.0 7.13 153.75 160.88 OK
r-release-linux-x86_64 1.0.0 5.36 125.18 130.54 OK
r-release-osx-x86_64-mavericks 1.0.0 NOTE
r-release-osx-x86_64-snowleopard 1.0.0 OK
r-release-windows-ix86+x86_64 1.0.0 13.00 184.00 197.00 OK
r-oldrel-windows-ix86+x86_64 1.0.0 15.00 182.00 197.00 OK

Check Details

Version: 1.0.0
Check: R code for possible problems
Result: NOTE
    fortify.SpatialPolygonsDataFrame: no visible global function definition
     for ‘unionSpatialPolygons’
    hexBin: no visible global function definition for ‘hexbin’
    hexBin: no visible global function definition for ‘hcell2xy’
    hexGrob: no visible global function definition for ‘hexcoords’
    mproject: no visible global function definition for ‘mapproject’
Flavors: r-devel-linux-x86_64-debian-clang, r-devel-linux-x86_64-debian-gcc, r-devel-linux-x86_64-fedora-clang, r-devel-linux-x86_64-fedora-gcc, r-devel-osx-x86_64-clang, r-devel-windows-ix86+x86_64, r-patched-linux-x86_64, r-patched-solaris-sparc, r-patched-solaris-x86

Version: 1.0.0
Check: package dependencies
Result: NOTE
    Package suggested but not available for checking: ‘maptools’
Flavor: r-release-osx-x86_64-mavericks

Version: 1.0.0
Check: R code for possible problems
Result: NOTE
    fortify.SpatialPolygonsDataFrame: no visible global function definition
     for ‘unionSpatialPolygons’
Flavor: r-release-osx-x86_64-mavericks