CRAN Package Check Results for Package ggplot2

Last updated on 2014-09-02 23:47:31.

Flavor Version Tinstall Tcheck Ttotal Status Flags
r-devel-linux-x86_64-debian-clang 1.0.0 6.34 110.39 116.73 NOTE
r-devel-linux-x86_64-debian-gcc 1.0.0 4.92 108.69 113.61 NOTE
r-devel-linux-x86_64-fedora-clang 1.0.0 255.51 NOTE
r-devel-linux-x86_64-fedora-gcc 1.0.0 242.55 NOTE
r-devel-osx-x86_64-clang 1.0.0 185.84 NOTE
r-devel-windows-ix86+x86_64 1.0.0 12.00 176.00 188.00 NOTE
r-patched-linux-x86_64 1.0.0 6.74 124.52 131.27 OK
r-patched-solaris-sparc 1.0.0 1397.10 OK
r-patched-solaris-x86 1.0.0 305.30 OK
r-release-linux-ix86 1.0.0 7.36 144.50 151.86 OK
r-release-linux-x86_64 1.0.0 5.67 123.12 128.79 OK
r-release-osx-x86_64-mavericks 1.0.0 NOTE
r-release-osx-x86_64-snowleopard 1.0.0 OK
r-release-windows-ix86+x86_64 1.0.0 12.00 192.00 204.00 OK
r-oldrel-windows-ix86+x86_64 1.0.0 12.00 180.00 192.00 OK

Check Details

Version: 1.0.0
Check: R code for possible problems
Result: NOTE
    fortify.SpatialPolygonsDataFrame: no visible global function definition
     for ‘unionSpatialPolygons’
    hexBin: no visible global function definition for ‘hexbin’
    hexBin: no visible global function definition for ‘hcell2xy’
    hexGrob: no visible global function definition for ‘hexcoords’
    mproject: no visible global function definition for ‘mapproject’
Flavors: r-devel-linux-x86_64-debian-clang, r-devel-linux-x86_64-debian-gcc, r-devel-linux-x86_64-fedora-clang, r-devel-linux-x86_64-fedora-gcc, r-devel-osx-x86_64-clang, r-devel-windows-ix86+x86_64

Version: 1.0.0
Check: package dependencies
Result: NOTE
    Package suggested but not available for checking: ‘maptools’
Flavor: r-release-osx-x86_64-mavericks

Version: 1.0.0
Check: R code for possible problems
Result: NOTE
    fortify.SpatialPolygonsDataFrame: no visible global function definition
     for ‘unionSpatialPolygons’
Flavor: r-release-osx-x86_64-mavericks