CRAN Package Check Results for Package ggplot2

Last updated on 2019-03-19 16:51:31 CET.

Flavor Version Tinstall Tcheck Ttotal Status Flags
r-devel-linux-x86_64-debian-clang 3.1.0 17.70 186.88 204.58 ERROR
r-devel-linux-x86_64-debian-gcc 3.1.0 16.77 255.99 272.76 OK
r-devel-linux-x86_64-fedora-clang 3.1.0 407.18 NOTE
r-devel-linux-x86_64-fedora-gcc 3.1.0 387.29 NOTE
r-devel-windows-ix86+x86_64 3.1.0 44.00 459.00 503.00 OK
r-patched-linux-x86_64 3.1.0 15.57 331.59 347.16 OK
r-patched-solaris-x86 3.1.0 540.20 NOTE
r-release-linux-x86_64 3.1.0 18.55 336.77 355.32 OK
r-release-windows-ix86+x86_64 3.1.0 38.00 348.00 386.00 OK
r-release-osx-x86_64 3.1.0 NOTE
r-oldrel-windows-ix86+x86_64 3.1.0 28.00 520.00 548.00 WARN
r-oldrel-osx-x86_64 3.1.0 NOTE

Check Details

Version: 3.1.0
Check: whether package can be installed
Result: WARN
    Found the following significant warnings:
     Warning: unable to re-encode 'utilities.r' lines 175, 180, 230
     Warning: unable to re-encode 'labeller.r' lines 601, 602
Flavor: r-devel-linux-x86_64-debian-clang

Version: 3.1.0
Check: for unstated dependencies in examples
Result: WARN
    Warning in parse(file = files, n = -1L) :
     invalid input found on input connection 'ggplot2-Ex.R'
Flavor: r-devel-linux-x86_64-debian-clang

Version: 3.1.0
Check: examples
Result: ERROR
    Running examples in 'ggplot2-Ex.R' failed
    The error most likely occurred in:
    
    > base::assign(".ptime", proc.time(), pos = "CheckExEnv")
    > ### Name: expand_scale
    > ### Title: Generate expansion vector for scales.
    > ### Aliases: expand_scale
    >
    > ### ** Examples
    >
    > # No space below the bars but 10% above them
    > ggplot(mtcars) +
    + geom_bar(aes(x = factor(cyl))) +
    + scale_y_continuous(expand = expand_scale(mult = c(0, .1)))
    >
    > # Add 2 units of space on the left and right of the data
    > ggplot(subset(diamonds, carat > 2), aes(cut, clarity)) +
    + geom_jitter() +
    + scale_x_discrete(expand = expand_scale(add = 2))
    >
    > # Reproduce the default range expansion used
    > <ERROR: re-encoding failure from encoding 'UTF-8'>
    # when the + ggplot(subset(diamonds, carat > 2), aes(cut, price)) +
    > geom_jitter() +
    + scale_x_discrete(expand = expand_scale(add = .6)) +
    + scale_y_continuous(expand = expand_scale(mult = .05))
    Error: Cannot add ggproto objects together. Did you forget to add this object to a ggplot object?
    Execution halted
Flavor: r-devel-linux-x86_64-debian-clang

Version: 3.1.0
Check: dependencies in R code
Result: NOTE
    Namespaces in Imports field not imported from:
     ‘mgcv’ ‘reshape2’ ‘viridisLite’
     All declared Imports should be used.
Flavors: r-devel-linux-x86_64-fedora-clang, r-devel-linux-x86_64-fedora-gcc, r-patched-solaris-x86, r-release-osx-x86_64, r-oldrel-osx-x86_64

Version: 3.1.0
Check: package dependencies
Result: NOTE
    Package suggested but not available for checking: ‘vdiffr’
Flavor: r-patched-solaris-x86

Version: 3.1.0
Check: whether package can be installed
Result: WARN
    Found the following significant warnings:
     Warning: S3 methods '[.fun_list', '[.grouped_df', 'all.equal.tbl_df', 'anti_join.data.frame', 'anti_join.tbl_df', 'arrange.data.frame', 'arrange.default', 'arrange.grouped_df', 'arrange.tbl_df', 'arrange_.data.frame', 'arrange_.tbl_df', 'as.data.frame.grouped_df', 'as.data.frame.rowwise_df', 'as.data.frame.tbl_cube', 'as.table.tbl_cube', 'as.tbl.data.frame', 'as.tbl.tbl', 'as.tbl_cube.array', 'as.tbl_cube.data.frame', 'as.tbl_cube.matrix', 'as.tbl_cube.table', 'as_tibble.grouped_df', 'as_tibble.tbl_cube', 'auto_copy.tbl_cube', 'auto_copy.tbl_df', 'cbind.grouped_df', 'collapse.data.frame', 'collect.data.frame', 'common_by.NULL', 'common_by.character', 'common_by.default', 'common_by.list', 'compute.data.frame', 'copy_to.DBIConnection', 'copy_to.src_local', 'default_missing.data.frame', 'default_missing.default', 'dim.tbl_cube', 'distinct.data.frame', 'distinct.default', 'distinct.grouped_df', 'distinct.tbl_df', 'distinct_.data.frame', 'distinct_.grouped_df', 'distinct_.tbl_df', 'do.NULL', 'do.da [... truncated]
Flavor: r-oldrel-windows-ix86+x86_64