CRAN Package Check Results for Package ggplot2

Last updated on 2017-10-16 23:47:27.

Flavor Version Tinstall Tcheck Ttotal Status Flags
r-devel-linux-x86_64-debian-clang 2.2.1 4.06 188.84 192.90 OK
r-devel-linux-x86_64-debian-gcc 2.2.1 4.58 193.18 197.76 OK
r-devel-linux-x86_64-fedora-clang 2.2.1 354.49 NOTE
r-devel-linux-x86_64-fedora-gcc 2.2.1 353.85 NOTE
r-devel-windows-ix86+x86_64 2.2.1 10.00 298.00 308.00 OK
r-patched-linux-x86_64 2.2.1 3.87 181.89 185.76 OK
r-patched-solaris-x86 2.2.1 411.50 ERROR
r-release-linux-x86_64 2.2.1 3.97 186.55 190.52 OK
r-release-windows-ix86+x86_64 2.2.1 12.00 286.00 298.00 OK
r-release-osx-x86_64 2.2.1 NOTE
r-oldrel-windows-ix86+x86_64 2.2.1 13.00 269.00 282.00 OK
r-oldrel-osx-x86_64 2.2.1 NOTE

Check Details

Version: 2.2.1
Check: dependencies in R code
Result: NOTE
    Namespace in Imports field not imported from: ‘reshape2’
     All declared Imports should be used.
Flavors: r-devel-linux-x86_64-fedora-clang, r-devel-linux-x86_64-fedora-gcc, r-patched-solaris-x86, r-release-osx-x86_64, r-oldrel-osx-x86_64

Version: 2.2.1
Check: tests
Result: ERROR
     Running ‘testthat.R’ [32s/33s]
    Running the tests in ‘tests/testthat.R’ failed.
    Complete output:
     > library(testthat)
     > library(ggplot2)
     >
     > test_check("ggplot2")
     1. Failure: inherits timezone from data (@test-scale-date.R#18) ----------------
     sc$timezone not equal to NULL.
     Types not compatible: character vs NULL
    
    
     testthat results ================================================================
     OK: 804 SKIPPED: 0 FAILED: 1
     1. Failure: inherits timezone from data (@test-scale-date.R#18)
    
     Error: testthat unit tests failed
     Execution halted
Flavor: r-patched-solaris-x86