CRAN Package Check Results for Package ggplot2

Last updated on 2018-05-22 13:46:31 CEST.

Flavor Version Tinstall Tcheck Ttotal Status Flags
r-devel-linux-x86_64-debian-clang 2.2.1 17.28 271.95 289.23 OK
r-devel-linux-x86_64-debian-gcc 2.2.1 9.08 208.70 217.78 OK
r-devel-linux-x86_64-fedora-clang 2.2.1 326.33 NOTE
r-devel-linux-x86_64-fedora-gcc 2.2.1 322.97 NOTE
r-devel-windows-ix86+x86_64 2.2.1 26.00 300.00 326.00 OK
r-patched-linux-x86_64 2.2.1 13.52 257.65 271.17 OK
r-patched-solaris-x86 2.2.1 416.60 ERROR
r-release-linux-x86_64 2.2.1 11.23 252.35 263.58 OK
r-release-windows-ix86+x86_64 2.2.1 32.00 376.00 408.00 OK
r-release-osx-x86_64 2.2.1 NOTE
r-oldrel-windows-ix86+x86_64 2.2.1 21.00 431.00 452.00 OK
r-oldrel-osx-x86_64 2.2.1 NOTE

Check Details

Version: 2.2.1
Check: dependencies in R code
Result: NOTE
    Namespace in Imports field not imported from: ‘reshape2’
     All declared Imports should be used.
Flavors: r-devel-linux-x86_64-fedora-clang, r-devel-linux-x86_64-fedora-gcc, r-patched-solaris-x86, r-release-osx-x86_64, r-oldrel-osx-x86_64

Version: 2.2.1
Check: tests
Result: ERROR
     Running ‘testthat.R’ [25s/32s]
    Running the tests in ‘tests/testthat.R’ failed.
    Complete output:
     > library(testthat)
     > library(ggplot2)
     >
     > test_check("ggplot2")
     ── 1. Failure: inherits timezone from data (@test-scale-date.R#18) ────────────
     sc$timezone not equal to NULL.
     Types not compatible: character is not NULL
    
     ══ testthat results ═══════════════════════════════════════════════════════════
     OK: 804 SKIPPED: 1 FAILED: 1
     1. Failure: inherits timezone from data (@test-scale-date.R#18)
    
     Error: testthat unit tests failed
     Execution halted
Flavor: r-patched-solaris-x86