CRAN Package Check Results for Package ggplot2

Last updated on 2014-11-21 19:48:01.

Flavor Version Tinstall Tcheck Ttotal Status Flags
r-devel-linux-x86_64-debian-clang 1.0.0 5.10 111.02 116.12 NOTE
r-devel-linux-x86_64-debian-gcc 1.0.0 5.31 108.71 114.02 NOTE
r-devel-linux-x86_64-fedora-clang 1.0.0 241.47 NOTE
r-devel-linux-x86_64-fedora-gcc 1.0.0 229.06 NOTE
r-devel-osx-x86_64-clang 1.0.0 203.99 NOTE
r-devel-windows-ix86+x86_64 1.0.0 12.00 160.00 172.00 NOTE
r-patched-linux-x86_64 1.0.0 5.15 128.23 133.38 NOTE
r-patched-solaris-sparc 1.0.0 1377.00 NOTE
r-patched-solaris-x86 1.0.0 298.20 NOTE
r-release-linux-ix86 1.0.0 6.49 134.24 140.73 NOTE
r-release-linux-x86_64 1.0.0 5.13 121.25 126.38 NOTE
r-release-osx-x86_64-mavericks 1.0.0 NOTE
r-release-osx-x86_64-snowleopard 1.0.0 OK
r-release-windows-ix86+x86_64 1.0.0 16.00 188.00 204.00 NOTE
r-oldrel-windows-ix86+x86_64 1.0.0 13.00 191.00 204.00 OK

Check Details

Version: 1.0.0
Check: R code for possible problems
Result: NOTE
    fortify.SpatialPolygonsDataFrame: no visible global function definition
     for ‘unionSpatialPolygons’
    hexBin: no visible global function definition for ‘hexbin’
    hexBin: no visible global function definition for ‘hcell2xy’
    hexGrob: no visible global function definition for ‘hexcoords’
    mproject: no visible global function definition for ‘mapproject’
Flavors: r-devel-linux-x86_64-debian-clang, r-devel-linux-x86_64-debian-gcc, r-devel-linux-x86_64-fedora-clang, r-devel-linux-x86_64-fedora-gcc, r-devel-osx-x86_64-clang, r-devel-windows-ix86+x86_64, r-patched-linux-x86_64, r-patched-solaris-sparc, r-patched-solaris-x86, r-release-linux-ix86, r-release-linux-x86_64, r-release-windows-ix86+x86_64

Version: 1.0.0
Check: package dependencies
Result: NOTE
    Package suggested but not available for checking: ‘maptools’
Flavor: r-release-osx-x86_64-mavericks

Version: 1.0.0
Check: R code for possible problems
Result: NOTE
    fortify.SpatialPolygonsDataFrame: no visible global function definition
     for ‘unionSpatialPolygons’
Flavor: r-release-osx-x86_64-mavericks