CRAN Package Check Results for Package ggplot2

Last updated on 2015-04-28 03:47:20.

Flavor Version Tinstall Tcheck Ttotal Status Flags
r-devel-linux-x86_64-debian-clang 1.0.1 4.51 101.28 105.79 OK
r-devel-linux-x86_64-debian-gcc 1.0.1 4.23 100.99 105.22 OK
r-devel-linux-x86_64-fedora-clang 1.0.1 215.15 OK
r-devel-linux-x86_64-fedora-gcc 1.0.1 200.71 OK
r-devel-osx-x86_64-clang 1.0.1 177.72 OK
r-devel-windows-ix86+x86_64 1.0.1 16.00 157.00 173.00 OK
r-patched-linux-x86_64 1.0.1 4.26 100.22 104.48 OK
r-patched-solaris-sparc 1.0.1 1108.40 OK
r-patched-solaris-x86 1.0.1 249.30 OK
r-release-linux-x86_64 1.0.1 4.21 112.24 116.44 OK
r-release-osx-x86_64-mavericks 1.0.1 NOTE
r-release-osx-x86_64-snowleopard 1.0.1 ERROR
r-release-windows-ix86+x86_64 1.0.1 16.00 212.00 228.00 OK
r-oldrel-windows-ix86+x86_64 1.0.1 11.00 163.00 174.00 OK

Check Details

Version: 1.0.1
Check: package dependencies
Result: NOTE
    Packages suggested but not available for checking: ‘Hmisc’ ‘multcomp’
Flavor: r-release-osx-x86_64-mavericks

Version: 1.0.1
Check: Rd cross-references
Result: NOTE
    Packages unavailable to check Rd xrefs: ‘multcomp’, ‘Hmisc’
Flavor: r-release-osx-x86_64-mavericks

Version: 1.0.1
Check: package dependencies
Result: ERROR
    Package required but not available: ‘scales’
    
    Packages suggested but not available for checking:
     ‘quantreg’ ‘Hmisc’ ‘multcomp’ ‘knitr’
    
    VignetteBuilder package required for checking but not installed: ‘knitr’
    
    See section ‘The DESCRIPTION file’ in the ‘Writing R Extensions’
    manual.
Flavor: r-release-osx-x86_64-snowleopard