CRAN Package Check Results for Package ggplot2

Last updated on 2014-04-24 15:50:38.

Flavor Version Tinstall Tcheck Ttotal Status Flags
r-devel-linux-x86_64-debian-clang 0.9.3.1 5.61 124.95 130.56 NOTE
r-devel-linux-x86_64-debian-gcc 0.9.3.1 5.19 126.47 131.66 NOTE
r-devel-linux-x86_64-fedora-clang 0.9.3.1 269.74 NOTE
r-devel-linux-x86_64-fedora-gcc 0.9.3.1 259.33 NOTE
r-devel-osx-x86_64-clang 0.9.3.1 192.97 NOTE
r-devel-osx-x86_64-gcc 0.9.3.1 ERROR
r-devel-windows-ix86+x86_64 0.9.3.1 11.00 177.00 188.00 NOTE
r-patched-linux-x86_64 0.9.3.1 5.37 129.24 134.61 NOTE
r-patched-solaris-sparc 0.9.3.1 1265.00 ERROR
r-patched-solaris-x86 0.9.3.1 295.30 NOTE
r-release-linux-ix86 0.9.3.1 9.00 179.00 188.00 NOTE
r-release-linux-x86_64 0.9.3.1 5.40 129.68 135.08 NOTE
r-release-osx-x86_64-mavericks 0.9.3.1 NOTE
r-release-osx-x86_64-snowleopard 0.9.3.1 NOTE
r-release-windows-ix86+x86_64 0.9.3.1 11.00 181.00 192.00 NOTE
r-oldrel-windows-ix86+x86_64 0.9.3.1 13.00 189.00 202.00 NOTE

Check Details

Version: 0.9.3.1
Check: dependencies in R code
Result: NOTE
    Package in Depends field not imported from: ‘methods’
     These packages need to be imported from (in the NAMESPACE file)
     for when this namespace is loaded but not attached.
    ':::' call which should be '::': ‘plyr:::split_indices’
     See the note in ?`:::` about the use of this operator.
    Unexported object imported by a ':::' call: ‘grid:::drawGTree’
     See the note in ?`:::` about the use of this operator.
    See the information on DESCRIPTION files in the chapter ‘Creating R
    packages’ of the ‘Writing R Extensions’ manual.
Flavors: r-devel-linux-x86_64-debian-clang, r-devel-linux-x86_64-debian-gcc, r-devel-linux-x86_64-fedora-clang, r-devel-linux-x86_64-fedora-gcc, r-devel-osx-x86_64-clang, r-devel-windows-ix86+x86_64, r-patched-linux-x86_64, r-patched-solaris-sparc, r-patched-solaris-x86, r-release-linux-ix86, r-release-linux-x86_64, r-release-osx-x86_64-mavericks, r-release-windows-ix86+x86_64, r-oldrel-windows-ix86+x86_64

Version: 0.9.3.1
Check: R code for possible problems
Result: NOTE
    borders: no visible binding for global variable ‘long’
    borders: no visible binding for global variable ‘lat’
    borders: no visible binding for global variable ‘group’
    collide: no visible binding for global variable ‘x’
    collide: no visible binding for global variable ‘y’
    collide: no visible binding for global variable ‘ymax’
    compute_grob_dimensions: no visible binding for global variable ‘type’
    compute_intercept: no visible binding for global variable ‘group’
    ggfluctuation: no visible binding for global variable ‘x’
    ggfluctuation: no visible binding for global variable ‘y’
    ggfluctuation: no visible binding for global variable ‘result’
    ggfluctuation: no visible binding for global variable ‘freq’
    ggplot_gtable : find_panel: no visible binding for global variable
     ‘name’
    ggplot_gtable : find_panel: no visible binding for global variable ‘r’
    ggplot_gtable : find_panel: no visible binding for global variable ‘b’
    ggplot_gtable : find_panel: no visible binding for global variable ‘l’
    ggplot_gtable: no visible binding for global variable ‘name’
    guide_gengrob.legend: no visible binding for global variable ‘R’
    guide_gengrob.legend: no visible binding for global variable ‘key.row’
    guide_gengrob.legend: no visible binding for global variable ‘key.col’
    guide_gengrob.legend: no visible binding for global variable
     ‘label.row’
    guide_gengrob.legend: no visible binding for global variable
     ‘label.col’
    label_bquote: no visible binding for global variable ‘x’
    layout_grid: no visible binding for global variable ‘PANEL’
    locate_grid: no visible binding for global variable ‘PANEL’
    plotmatrix: no visible binding for global variable ‘x’
    plotmatrix: no visible binding for global variable ‘y’
    plotmatrix: no visible binding for global variable ‘..scaled..’
    summarise_by_x: no visible binding for global variable ‘group’
    summarise_by_x: no visible binding for global variable ‘x’
Flavors: r-devel-linux-x86_64-debian-clang, r-devel-linux-x86_64-debian-gcc, r-devel-linux-x86_64-fedora-clang, r-devel-linux-x86_64-fedora-gcc, r-devel-osx-x86_64-clang, r-devel-windows-ix86+x86_64, r-patched-linux-x86_64, r-patched-solaris-sparc, r-patched-solaris-x86, r-release-linux-ix86, r-release-linux-x86_64, r-release-osx-x86_64-snowleopard, r-release-windows-ix86+x86_64, r-oldrel-windows-ix86+x86_64

Version: 0.9.3.1
Check: Rd line widths
Result: NOTE
    Rd file 'aes_position.Rd':
     \examples lines wider than 100 characters:
     b <- ggplot(abc, aes(x = X1, ymin = "0%", lower = "25%", middle = "50%", upper = "75%", ymax = "100%"))
    
    Rd file 'geom_boxplot.Rd':
     \examples lines wider than 100 characters:
     b <- ggplot(abc, aes(x = X1, ymin = `0%`, lower = `25%`, middle = `50%`, upper = `75%`, ymax = `100%`))
    
    Rd file 'geom_linerange.Rd':
     \examples lines wider than 100 characters:
     cuts <- data.frame(cut=unique(diamonds$cut), predict(dmod, data.frame(cut = unique(diamonds$cut)), se=TRUE)[c("fit","se.fit")])
    
    Rd file 'geom_map.Rd':
     \examples lines wider than 100 characters:
     ggplot(crimes, aes(map_id = state)) + geom_map(aes(fill = Murder), map = states_map) + expand_limits(x = states_map$long, y = states_ ... [TRUNCATED]
     ggplot(crimesm, aes(map_id = state)) + geom_map(aes(fill = value), map = states_map) + expand_limits(x = states_map$long, y = states_ ... [TRUNCATED]
    
    Rd file 'geom_segment.Rd':
     \examples lines wider than 100 characters:
     (p <- p + geom_segment(aes(xend = long + delta_long, yend = lat + delta_lat), arrow = arrow(length = unit(0.1,"cm"))))
    
    Rd file 'geom_tile.Rd':
     \examples lines wider than 100 characters:
     qplot(x, y, fill=col[z], data=example, geom="tile", width=w, group=1) + scale_fill_identity(labels=letters[1:5], breaks=col)
    
    Rd file 'stat_function.Rd':
     \examples lines wider than 100 characters:
     ggplot(data.frame(x = c(-5, 5)), aes(x)) + stat_function(fun = dnorm, args = list(mean = 2, sd = .5))
    
    These lines will be truncated in the PDF manual.
Flavors: r-devel-linux-x86_64-fedora-clang, r-devel-linux-x86_64-fedora-gcc

Version: 0.9.3.1
Check: package dependencies
Result: ERROR
    Package required but not available: ‘scales’
    
    Packages suggested but not available for checking:
     ‘quantreg’ ‘Hmisc’ ‘maptools’ ‘multcomp’
    
    See the information on DESCRIPTION files in the chapter ‘Creating R
    packages’ of the ‘Writing R Extensions’ manual.
Flavor: r-devel-osx-x86_64-gcc

Version: 0.9.3.1
Check: tests
Result: ERROR
    Running the tests in ‘tests/test-all.R’ failed.
    Last 13 lines of output:
     stat-density2d : ....
     Themes : .................................................
     Utilities : .............
    
    
     1. Failure(@test-stats.r#77): stat_sum -----------------------------------------
     all(ddply(ret, .(y), summarise, prop = sum(prop))$prop == 1) isn't true
    
     2. Failure(@test-stats.r#83): stat_sum -----------------------------------------
     all(ddply(ret, .(y), summarise, prop = sum(prop))$prop == 1) isn't true
    
     Error: Test failures
     Execution halted
Flavor: r-patched-solaris-sparc

Version: 0.9.3.1
Check: package dependencies
Result: NOTE
    Packages suggested but not available for checking: ‘maptools’ ‘multcomp’
Flavor: r-release-osx-x86_64-mavericks

Version: 0.9.3.1
Check: R code for possible problems
Result: NOTE
    borders: no visible binding for global variable ‘long’
    borders: no visible binding for global variable ‘lat’
    borders: no visible binding for global variable ‘group’
    collide: no visible binding for global variable ‘x’
    collide: no visible binding for global variable ‘y’
    collide: no visible binding for global variable ‘ymax’
    compute_grob_dimensions: no visible binding for global variable ‘type’
    compute_intercept: no visible binding for global variable ‘group’
    fortify.SpatialPolygonsDataFrame: no visible global function definition
     for ‘polygons’
    fortify.SpatialPolygonsDataFrame: no visible global function definition
     for ‘unionSpatialPolygons’
    ggfluctuation: no visible binding for global variable ‘x’
    ggfluctuation: no visible binding for global variable ‘y’
    ggfluctuation: no visible binding for global variable ‘result’
    ggfluctuation: no visible binding for global variable ‘freq’
    ggplot_gtable : find_panel: no visible binding for global variable
     ‘name’
    ggplot_gtable : find_panel: no visible binding for global variable ‘r’
    ggplot_gtable : find_panel: no visible binding for global variable ‘b’
    ggplot_gtable : find_panel: no visible binding for global variable ‘l’
    ggplot_gtable: no visible binding for global variable ‘name’
    guide_gengrob.legend: no visible binding for global variable ‘R’
    guide_gengrob.legend: no visible binding for global variable ‘key.row’
    guide_gengrob.legend: no visible binding for global variable ‘key.col’
    guide_gengrob.legend: no visible binding for global variable
     ‘label.row’
    guide_gengrob.legend: no visible binding for global variable
     ‘label.col’
    label_bquote: no visible binding for global variable ‘x’
    layout_grid: no visible binding for global variable ‘PANEL’
    locate_grid: no visible binding for global variable ‘PANEL’
    plotmatrix: no visible binding for global variable ‘x’
    plotmatrix: no visible binding for global variable ‘y’
    plotmatrix: no visible binding for global variable ‘..scaled..’
    summarise_by_x: no visible binding for global variable ‘group’
    summarise_by_x: no visible binding for global variable ‘x’
Flavor: r-release-osx-x86_64-mavericks

Version: 0.9.3.1
Check: Rd cross-references
Result: NOTE
    Package unavailable to check Rd xrefs: ‘multcomp’
Flavors: r-release-osx-x86_64-mavericks, r-release-osx-x86_64-snowleopard

Version: 0.9.3.1
Check: package dependencies
Result: NOTE
    Package suggested but not available for checking: ‘multcomp’
Flavor: r-release-osx-x86_64-snowleopard

Version: 0.9.3.1
Check: dependencies in R code
Result: NOTE
    Package in Depends field not imported from: ‘methods’
     These packages need to be imported from for the case when
     this namespace is loaded but not attached.
    ‘:::’ call which should be ‘::’: ‘plyr:::split_indices’
     See the note in ?`:::` about the use of this operator.
    Unexported object imported by a ‘:::’ call: ‘grid:::drawGTree’
     See the note in ?`:::` about the use of this operator.
    See the information on DESCRIPTION files in the chapter ‘Creating R
    packages’ of the ‘Writing R Extensions’ manual.
Flavor: r-release-osx-x86_64-snowleopard