CRAN Package Check Results for Package ggplot2

Last updated on 2017-06-28 01:54:50.

Flavor Version Tinstall Tcheck Ttotal Status Flags
r-devel-linux-x86_64-debian-clang 2.2.1 3.76 178.51 182.27 OK
r-devel-linux-x86_64-debian-gcc 2.2.1 4.08 177.94 182.02 OK
r-devel-linux-x86_64-fedora-clang 2.2.1 341.23 NOTE
r-devel-linux-x86_64-fedora-gcc 2.2.1 331.27 NOTE
r-devel-windows-ix86+x86_64 2.2.1 16.00 278.00 294.00 OK
r-patched-linux-x86_64 2.2.1 4.22 184.13 188.35 OK
r-patched-solaris-sparc 2.2.1 1898.60 ERROR
r-patched-solaris-x86 2.2.1 380.50 ERROR
r-release-linux-x86_64 2.2.1 3.92 175.17 179.08 OK
r-release-windows-ix86+x86_64 2.2.1 11.00 433.00 444.00 OK
r-release-osx-x86_64 2.2.1 NOTE
r-oldrel-windows-ix86+x86_64 2.2.1 15.00 372.00 387.00 OK
r-oldrel-osx-x86_64 2.2.1 NOTE

Check Details

Version: 2.2.1
Check: dependencies in R code
Result: NOTE
    Namespace in Imports field not imported from: ‘reshape2’
     All declared Imports should be used.
Flavors: r-devel-linux-x86_64-fedora-clang, r-devel-linux-x86_64-fedora-gcc, r-patched-solaris-sparc, r-patched-solaris-x86, r-release-osx-x86_64, r-oldrel-osx-x86_64

Version: 2.2.1
Check: tests
Result: ERROR
     Running ‘testthat.R’ [153s/153s]
    Running the tests in ‘tests/testthat.R’ failed.
    Complete output:
     > library(testthat)
     > library(ggplot2)
     >
     > test_check("ggplot2")
     1. Failure: inherits timezone from data (@test-scale-date.R#18) ----------------
     sc$timezone not equal to NULL.
     Types not compatible: character vs NULL
    
    
     testthat results ================================================================
     OK: 804 SKIPPED: 0 FAILED: 1
     1. Failure: inherits timezone from data (@test-scale-date.R#18)
    
     Error: testthat unit tests failed
     Execution halted
Flavor: r-patched-solaris-sparc

Version: 2.2.1
Check: tests
Result: ERROR
     Running ‘testthat.R’ [29s/32s]
    Running the tests in ‘tests/testthat.R’ failed.
    Complete output:
     > library(testthat)
     > library(ggplot2)
     >
     > test_check("ggplot2")
     1. Failure: inherits timezone from data (@test-scale-date.R#18) ----------------
     sc$timezone not equal to NULL.
     Types not compatible: character vs NULL
    
    
     testthat results ================================================================
     OK: 804 SKIPPED: 0 FAILED: 1
     1. Failure: inherits timezone from data (@test-scale-date.R#18)
    
     Error: testthat unit tests failed
     Execution halted
Flavor: r-patched-solaris-x86