CRAN Package Check Results for Package ggplot2

Last updated on 2016-12-09 15:47:51.

Flavor Version Tinstall Tcheck Ttotal Status Flags
r-devel-linux-x86_64-debian-clang 2.2.0 4.15 194.74 198.89 OK
r-devel-linux-x86_64-debian-gcc 2.2.0 4.10 182.49 186.59 OK
r-devel-linux-x86_64-fedora-clang 2.2.0 367.39 NOTE --no-stop-on-test-error
r-devel-linux-x86_64-fedora-gcc 2.2.0 364.60 NOTE --no-stop-on-test-error
r-devel-macos-x86_64-clang 2.2.0 275.73 NOTE --no-stop-on-test-error
r-devel-windows-ix86+x86_64 2.2.0 12.00 283.00 295.00 OK
r-patched-linux-x86_64 2.2.0 4.05 168.85 172.90 OK
r-patched-solaris-sparc 2.2.0 1759.60 ERROR
r-patched-solaris-x86 2.2.0 351.90 ERROR
r-release-linux-x86_64 2.2.0 3.81 171.68 175.49 OK
r-release-osx-x86_64-mavericks 2.2.0 NOTE
r-release-windows-ix86+x86_64 2.2.0 10.00 256.00 266.00 OK
r-oldrel-windows-ix86+x86_64 2.2.0 18.00 350.00 368.00 WARN

Check Details

Version: 2.2.0
Flags: --no-stop-on-test-error
Check: dependencies in R code
Result: NOTE
    Namespace in Imports field not imported from: ‘reshape2’
     All declared Imports should be used.
Flavors: r-devel-linux-x86_64-fedora-clang, r-devel-linux-x86_64-fedora-gcc, r-devel-macos-x86_64-clang

Version: 2.2.0
Check: dependencies in R code
Result: NOTE
    Namespace in Imports field not imported from: ‘reshape2’
     All declared Imports should be used.
Flavors: r-patched-solaris-sparc, r-patched-solaris-x86, r-release-osx-x86_64-mavericks, r-oldrel-windows-ix86+x86_64

Version: 2.2.0
Check: tests
Result: ERROR
     Running ‘testthat.R’ [123s/123s]
    Running the tests in ‘tests/testthat.R’ failed.
    Last 13 lines of output:
     >
     > test_check("ggplot2")
     1. Failure: inherits timezone from data (@test-scale-date.R#18) ----------------
     sc$timezone not equal to NULL.
     Types not compatible: character vs NULL
    
    
     testthat results ================================================================
     OK: 778 SKIPPED: 0 FAILED: 1
     1. Failure: inherits timezone from data (@test-scale-date.R#18)
    
     Error: testthat unit tests failed
     Execution halted
Flavor: r-patched-solaris-sparc

Version: 2.2.0
Check: tests
Result: ERROR
     Running ‘testthat.R’ [22s/23s]
    Running the tests in ‘tests/testthat.R’ failed.
    Last 13 lines of output:
     >
     > test_check("ggplot2")
     1. Failure: inherits timezone from data (@test-scale-date.R#18) ----------------
     sc$timezone not equal to NULL.
     Types not compatible: character vs NULL
    
    
     testthat results ================================================================
     OK: 778 SKIPPED: 0 FAILED: 1
     1. Failure: inherits timezone from data (@test-scale-date.R#18)
    
     Error: testthat unit tests failed
     Execution halted
Flavor: r-patched-solaris-x86

Version: 2.2.0
Check: Rd files
Result: WARN
    prepare_Rd: geom_bar.Rd:94: unknown macro '\aesthetics'
    prepare_Rd: geom_bin2d.Rd:76: unknown macro '\aesthetics'
    prepare_Rd: geom_boxplot.Rd:110: unknown macro '\aesthetics'
    prepare_Rd: geom_contour.Rd:78: unknown macro '\aesthetics'
    prepare_Rd: geom_count.Rd:66: unknown macro '\aesthetics'
    prepare_Rd: geom_density.Rd:89: unknown macro '\aesthetics'
    prepare_Rd: geom_density_2d.Rd:82: unknown macro '\aesthetics'
    prepare_Rd: geom_dotplot.Rd:110: unknown macro '\aesthetics'
    prepare_Rd: geom_errorbarh.Rd:59: unknown macro '\aesthetics'
    prepare_Rd: geom_hex.Rd:74: unknown macro '\aesthetics'
    prepare_Rd: geom_jitter.Rd:80: unknown macro '\aesthetics'
    prepare_Rd: geom_linerange.Rd:79: unknown macro '\aesthetics'
    prepare_Rd: geom_map.Rd:60: unknown macro '\aesthetics'
    prepare_Rd: geom_path.Rd:89: unknown macro '\aesthetics'
    prepare_Rd: geom_point.Rd:90: unknown macro '\aesthetics'
    prepare_Rd: geom_polygon.Rd:62: unknown macro '\aesthetics'
    prepare_Rd: geom_qq.Rd:68: unknown macro '\aesthetics'
    prepare_Rd: geom_quantile.Rd:82: unknown macro '\aesthetics'
    prepare_Rd: geom_ribbon.Rd:74: unknown macro '\aesthetics'
    prepare_Rd: geom_rug.Rd:70: unknown macro '\aesthetics'
    prepare_Rd: geom_segment.Rd:89: unknown macro '\aesthetics'
    prepare_Rd: geom_smooth.Rd:107: unknown macro '\aesthetics'
    prepare_Rd: geom_spoke.Rd:61: unknown macro '\aesthetics'
    prepare_Rd: geom_text.Rd:91: unknown macro '\aesthetics'
    prepare_Rd: geom_tile.Rd:82: unknown macro '\aesthetics'
    prepare_Rd: geom_violin.Rd:89: unknown macro '\aesthetics'
    prepare_Rd: stat_function.Rd:68: unknown macro '\aesthetics'
    prepare_Rd: stat_summary.Rd:78: unknown macro '\aesthetics'
    prepare_Rd: stat_unique.Rd:58: unknown macro '\aesthetics'
    macros/aesthetics.Rd: Sections \title, and \name must exist and be unique in Rd files
    problem found in 'aesthetics.Rd'
Flavor: r-oldrel-windows-ix86+x86_64