Last updated on 2022-05-21 13:52:07 CEST.
Flavor | Version | Tinstall | Tcheck | Ttotal | Status | Flags |
---|---|---|---|---|---|---|
r-devel-linux-x86_64-debian-clang | 3.3.6 | 31.17 | 456.75 | 487.92 | OK | |
r-devel-linux-x86_64-debian-gcc | 3.3.6 | 24.65 | 320.90 | 345.55 | OK | |
r-devel-linux-x86_64-fedora-clang | 3.3.6 | 521.85 | NOTE | |||
r-devel-linux-x86_64-fedora-gcc | 3.3.6 | 573.18 | NOTE | |||
r-devel-windows-x86_64 | 3.3.6 | 414.00 | 544.00 | 958.00 | OK | |
r-patched-linux-x86_64 | 3.3.6 | 37.97 | 406.10 | 444.07 | OK | |
r-release-linux-x86_64 | 3.3.6 | 24.85 | 417.43 | 442.28 | OK | |
r-release-macos-arm64 | 3.3.6 | 153.00 | NOTE | |||
r-release-macos-x86_64 | 3.3.6 | 209.00 | NOTE | |||
r-release-windows-x86_64 | 3.3.6 | 477.00 | 524.00 | 1001.00 | OK | |
r-oldrel-macos-arm64 | 3.3.6 | 103.00 | NOTE | |||
r-oldrel-macos-x86_64 | 3.3.6 | 202.00 | NOTE | |||
r-oldrel-windows-ix86+x86_64 | 3.3.6 | 48.00 | 475.00 | 523.00 | OK |
Version: 3.3.6
Check: dependencies in R code
Result: NOTE
Namespace in Imports field not imported from: ‘mgcv’
All declared Imports should be used.
Flavors: r-devel-linux-x86_64-fedora-clang, r-devel-linux-x86_64-fedora-gcc, r-release-macos-arm64, r-release-macos-x86_64, r-oldrel-macos-arm64, r-oldrel-macos-x86_64
Version: 3.3.6
Check: installed package size
Result: NOTE
installed size is 5.9Mb
sub-directories of 1Mb or more:
R 2.1Mb
doc 1.9Mb
Flavors: r-release-macos-arm64, r-oldrel-macos-arm64