CRAN Package Check Results for Package ggplot2

Last updated on 2015-02-28 19:51:07.

Flavor Version Tinstall Tcheck Ttotal Status Flags
r-devel-linux-x86_64-debian-clang 1.0.0 4.47 106.73 111.20 WARN
r-devel-linux-x86_64-debian-gcc 1.0.0 4.50 103.52 108.02 WARN
r-devel-linux-x86_64-fedora-clang 1.0.0 213.18 WARN
r-devel-linux-x86_64-fedora-gcc 1.0.0 206.48 WARN
r-devel-osx-x86_64-clang 1.0.0 192.28 WARN
r-devel-windows-ix86+x86_64 1.0.0 22.00 151.00 173.00 WARN
r-patched-linux-x86_64 1.0.0 5.19 131.06 136.25 WARN
r-patched-solaris-sparc 1.0.0 1389.90 WARN
r-patched-solaris-x86 1.0.0 295.90 WARN
r-release-linux-ix86 1.0.0 6.54 137.44 143.98 NOTE
r-release-linux-x86_64 1.0.0 6.02 133.40 139.42 NOTE
r-release-osx-x86_64-mavericks 1.0.0 WARN
r-release-osx-x86_64-snowleopard 1.0.0 OK
r-release-windows-ix86+x86_64 1.0.0 13.00 192.00 205.00 NOTE
r-oldrel-windows-ix86+x86_64 1.0.0 15.00 202.00 217.00 OK

Check Details

Version: 1.0.0
Check: R code for possible problems
Result: NOTE
    fortify.SpatialPolygonsDataFrame: no visible global function definition
     for ‘unionSpatialPolygons’
    hexBin: no visible global function definition for ‘hexbin’
    hexBin: no visible global function definition for ‘hcell2xy’
    hexGrob: no visible global function definition for ‘hexcoords’
    mproject: no visible global function definition for ‘mapproject’
Flavors: r-devel-linux-x86_64-debian-clang, r-devel-linux-x86_64-debian-gcc, r-devel-linux-x86_64-fedora-clang, r-devel-linux-x86_64-fedora-gcc, r-devel-osx-x86_64-clang, r-devel-windows-ix86+x86_64, r-patched-linux-x86_64, r-patched-solaris-sparc, r-patched-solaris-x86, r-release-linux-ix86, r-release-linux-x86_64, r-release-osx-x86_64-mavericks, r-release-windows-ix86+x86_64

Version: 1.0.0
Check: for unstated dependencies in examples
Result: WARN
    'library' or 'require' calls not declared from:
     ‘gridExtra’ ‘igraph’ ‘lattice’
    'data(package=)' call not declared from: ‘rpart’
Flavors: r-devel-linux-x86_64-debian-clang, r-devel-linux-x86_64-debian-gcc, r-devel-linux-x86_64-fedora-clang, r-devel-linux-x86_64-fedora-gcc, r-devel-osx-x86_64-clang, r-devel-windows-ix86+x86_64, r-patched-linux-x86_64, r-patched-solaris-sparc, r-patched-solaris-x86, r-release-osx-x86_64-mavericks