CRAN Package Check Results for Package ggplot2

Last updated on 2014-12-19 20:48:16.

Flavor Version Tinstall Tcheck Ttotal Status Flags
r-devel-linux-x86_64-debian-clang 1.0.0 5.15 111.98 117.13 WARN
r-devel-linux-x86_64-debian-gcc 1.0.0 4.88 114.01 118.89 WARN
r-devel-linux-x86_64-fedora-clang 1.0.0 242.00 WARN
r-devel-linux-x86_64-fedora-gcc 1.0.0 204.08 WARN
r-devel-osx-x86_64-clang 1.0.0 204.88 WARN
r-devel-windows-ix86+x86_64 1.0.0 17.00 162.00 179.00 WARN
r-patched-linux-x86_64 1.0.0 5.24 119.34 124.58 WARN
r-patched-solaris-sparc 1.0.0 1334.60 WARN
r-patched-solaris-x86 1.0.0 298.00 WARN
r-release-linux-ix86 1.0.0 6.52 134.11 140.62 NOTE
r-release-linux-x86_64 1.0.0 5.15 132.77 137.92 NOTE
r-release-osx-x86_64-mavericks 1.0.0 NOTE
r-release-osx-x86_64-snowleopard 1.0.0 OK
r-release-windows-ix86+x86_64 1.0.0 16.00 171.00 187.00 NOTE
r-oldrel-windows-ix86+x86_64 1.0.0 15.00 186.00 201.00 OK

Check Details

Version: 1.0.0
Check: R code for possible problems
Result: NOTE
    fortify.SpatialPolygonsDataFrame: no visible global function definition
     for ‘unionSpatialPolygons’
    hexBin: no visible global function definition for ‘hexbin’
    hexBin: no visible global function definition for ‘hcell2xy’
    hexGrob: no visible global function definition for ‘hexcoords’
    mproject: no visible global function definition for ‘mapproject’
Flavors: r-devel-linux-x86_64-debian-clang, r-devel-linux-x86_64-debian-gcc, r-devel-linux-x86_64-fedora-clang, r-devel-linux-x86_64-fedora-gcc, r-devel-osx-x86_64-clang, r-devel-windows-ix86+x86_64, r-patched-linux-x86_64, r-patched-solaris-sparc, r-patched-solaris-x86, r-release-linux-ix86, r-release-linux-x86_64, r-release-windows-ix86+x86_64

Version: 1.0.0
Check: for unstated dependencies in examples
Result: WARN
    'library' or 'require' calls not declared from:
     ‘gridExtra’ ‘igraph’ ‘lattice’
    'data(package=)' call not declared from: ‘rpart’
Flavors: r-devel-linux-x86_64-debian-clang, r-devel-linux-x86_64-debian-gcc, r-devel-linux-x86_64-fedora-clang, r-devel-linux-x86_64-fedora-gcc, r-devel-osx-x86_64-clang, r-devel-windows-ix86+x86_64, r-patched-linux-x86_64, r-patched-solaris-sparc, r-patched-solaris-x86

Version: 1.0.0
Check: package dependencies
Result: NOTE
    Package suggested but not available for checking: ‘maptools’
Flavor: r-release-osx-x86_64-mavericks

Version: 1.0.0
Check: R code for possible problems
Result: NOTE
    fortify.SpatialPolygonsDataFrame: no visible global function definition
     for ‘unionSpatialPolygons’
Flavor: r-release-osx-x86_64-mavericks