CRAN Package Check Results for Package ggplot2

Last updated on 2018-12-12 15:48:09 CET.

Flavor Version Tinstall Tcheck Ttotal Status Flags
r-devel-linux-x86_64-debian-clang 3.1.0 14.80 348.16 362.96 OK
r-devel-linux-x86_64-debian-gcc 3.1.0 14.17 261.03 275.20 OK
r-devel-linux-x86_64-fedora-clang 3.1.0 415.57 NOTE
r-devel-linux-x86_64-fedora-gcc 3.1.0 395.70 NOTE
r-devel-windows-ix86+x86_64 3.1.0 40.00 363.00 403.00 OK
r-patched-linux-x86_64 3.1.0 14.94 337.68 352.62 OK
r-patched-solaris-x86 3.1.0 546.00 NOTE
r-release-linux-x86_64 3.1.0 15.17 337.22 352.39 OK
r-release-windows-ix86+x86_64 3.1.0 26.00 335.00 361.00 OK
r-release-osx-x86_64 3.1.0 NOTE
r-oldrel-windows-ix86+x86_64 3.1.0 17.00 376.00 393.00 OK
r-oldrel-osx-x86_64 3.1.0 NOTE

Check Details

Version: 3.1.0
Check: dependencies in R code
Result: NOTE
    Namespaces in Imports field not imported from:
     ‘mgcv’ ‘reshape2’ ‘viridisLite’
     All declared Imports should be used.
Flavors: r-devel-linux-x86_64-fedora-clang, r-devel-linux-x86_64-fedora-gcc, r-patched-solaris-x86, r-release-osx-x86_64, r-oldrel-osx-x86_64