CRAN Package Check Results for Package ggplot2

Last updated on 2017-12-17 04:47:01 CET.

Flavor Version Tinstall Tcheck Ttotal Status Flags
r-devel-linux-x86_64-debian-clang 2.2.1 5.49 283.48 288.97 ERROR
r-devel-linux-x86_64-debian-gcc 2.2.1 4.74 217.35 222.09 ERROR
r-devel-linux-x86_64-fedora-clang 2.2.1 344.85 NOTE
r-devel-linux-x86_64-fedora-gcc 2.2.1 340.03 NOTE
r-devel-windows-ix86+x86_64 2.2.1 10.00 297.00 307.00 OK
r-patched-linux-x86_64 2.2.1 4.66 311.87 316.53 OK
r-patched-solaris-x86 2.2.1 445.10 ERROR
r-release-linux-x86_64 2.2.1 5.96 320.15 326.11 OK
r-release-windows-ix86+x86_64 2.2.1 11.00 278.00 289.00 OK
r-release-osx-x86_64 2.2.1 NOTE
r-oldrel-windows-ix86+x86_64 2.2.1 23.00 383.00 406.00 OK
r-oldrel-osx-x86_64 2.2.1 NOTE

Check Details

Version: 2.2.1
Check: examples
Result: ERROR
    Running examples in ‘ggplot2-Ex.R’ failed
    The error most likely occurred in:
    
    > base::assign(".ptime", proc.time(), pos = "CheckExEnv")
    > ### Name: scale_date
    > ### Title: Position scales for date/time data
    > ### Aliases: scale_x_date scale_y_date scale_x_datetime scale_y_datetime
    > ### scale_x_time scale_y_time
    >
    > ### ** Examples
    >
    > last_month <- Sys.Date() - 0:29
    > df <- data.frame(
    + date = last_month,
    + price = runif(30)
    + )
    > base <- ggplot(df, aes(date, price)) +
    + geom_line()
    >
    > # The date scale will attempt to pick sensible defaults for
    > # major and minor tick marks. Override with date_breaks, date_labels
    > # date_minor_breaks arguments.
    > base + scale_x_date(date_labels = "%b %d")
    Error in round.POSIXt(c(1510531200, 1511136000, 1511740800, 1512345600, :
     unused argument (units = "days")
    Calls: <Anonymous> ... pretty -> pretty.Date -> makeOutput -> structure -> as.Date
    Execution halted
Flavors: r-devel-linux-x86_64-debian-clang, r-devel-linux-x86_64-debian-gcc

Version: 2.2.1
Check: dependencies in R code
Result: NOTE
    Namespace in Imports field not imported from: ‘reshape2’
     All declared Imports should be used.
Flavors: r-devel-linux-x86_64-fedora-clang, r-devel-linux-x86_64-fedora-gcc, r-patched-solaris-x86, r-release-osx-x86_64, r-oldrel-osx-x86_64

Version: 2.2.1
Check: tests
Result: ERROR
     Running ‘testthat.R’ [37s/49s]
    Running the tests in ‘tests/testthat.R’ failed.
    Complete output:
     > library(testthat)
     > library(ggplot2)
     >
     > test_check("ggplot2")
     ── 1. Failure: inherits timezone from data (@test-scale-date.R#18) ────────────
     sc$timezone not equal to NULL.
     Types not compatible: character is not NULL
    
     ══ testthat results ═══════════════════════════════════════════════════════════
     OK: 804 SKIPPED: 1 FAILED: 1
     1. Failure: inherits timezone from data (@test-scale-date.R#18)
    
     Error: testthat unit tests failed
     Execution halted
Flavor: r-patched-solaris-x86