CRAN Package Check Results for Package ggplot2

Last updated on 2014-07-22 23:48:19.

Flavor Version Tinstall Tcheck Ttotal Status Flags
r-devel-linux-x86_64-debian-clang 1.0.0 5.26 122.03 127.29 OK
r-devel-linux-x86_64-debian-gcc 1.0.0 5.09 128.04 133.13 OK
r-devel-linux-x86_64-fedora-clang 1.0.0 280.68 OK
r-devel-linux-x86_64-fedora-gcc 1.0.0 260.45 OK
r-devel-osx-x86_64-clang 1.0.0 206.85 OK
r-devel-windows-ix86+x86_64 1.0.0 15.00 192.00 207.00 OK
r-patched-linux-x86_64 1.0.0 5.41 122.38 127.79 OK
r-patched-solaris-sparc 1.0.0 1299.70 OK
r-patched-solaris-x86 1.0.0 300.80 OK
r-release-linux-ix86 1.0.0 6.74 144.49 151.23 OK
r-release-linux-x86_64 1.0.0 6.15 122.68 128.83 OK
r-release-osx-x86_64-mavericks 1.0.0 NOTE
r-release-osx-x86_64-snowleopard 1.0.0 OK
r-release-windows-ix86+x86_64 1.0.0 13.00 183.00 196.00 OK
r-oldrel-windows-ix86+x86_64 1.0.0 13.00 213.00 226.00 OK

Check Details

Version: 1.0.0
Check: package dependencies
Result: NOTE
    Package suggested but not available for checking: ‘maptools’
Flavor: r-release-osx-x86_64-mavericks

Version: 1.0.0
Check: R code for possible problems
Result: NOTE
    fortify.SpatialPolygonsDataFrame: no visible global function definition
     for ‘unionSpatialPolygons’
Flavor: r-release-osx-x86_64-mavericks