CRAN Package Check Results for Package ggplotify

Last updated on 2022-08-08 14:52:06 CEST.

Flavor Version Tinstall Tcheck Ttotal Status Flags
r-devel-linux-x86_64-debian-clang 0.1.0 4.46 65.08 69.54 NOTE
r-devel-linux-x86_64-debian-gcc 0.1.0 3.97 47.89 51.86 NOTE
r-devel-linux-x86_64-fedora-clang 0.1.0 91.06 NOTE
r-devel-linux-x86_64-fedora-gcc 0.1.0 88.84 NOTE
r-devel-windows-x86_64 0.1.0 22.00 91.00 113.00 NOTE
r-patched-linux-x86_64 0.1.0 5.20 61.01 66.21 OK
r-release-linux-x86_64 0.1.0 OK
r-release-macos-arm64 0.1.0 27.00 OK
r-release-macos-x86_64 0.1.0 41.00 OK
r-release-windows-x86_64 0.1.0 19.00 94.00 113.00 OK
r-oldrel-macos-arm64 0.1.0 47.00 OK
r-oldrel-macos-x86_64 0.1.0 37.00 OK
r-oldrel-windows-ix86+x86_64 0.1.0 15.00 82.00 97.00 OK

Check Details

Version: 0.1.0
Check: package subdirectories
Result: NOTE
    Problems with news in 'NEWS.md':
     Cannot extract version info from the following section titles:
     History
Flavors: r-devel-linux-x86_64-debian-clang, r-devel-linux-x86_64-debian-gcc, r-devel-linux-x86_64-fedora-clang, r-devel-linux-x86_64-fedora-gcc, r-devel-windows-x86_64