CRAN Package Check Results for Package ggpointless

Last updated on 2022-12-02 14:55:53 CET.

Flavor Version Tinstall Tcheck Ttotal Status Flags
r-devel-linux-x86_64-debian-clang 0.0.3 5.89 108.21 114.10 OK
r-devel-linux-x86_64-debian-gcc 0.0.3 4.86 77.97 82.83 OK
r-devel-linux-x86_64-fedora-clang 0.0.3 146.93 NOTE
r-devel-linux-x86_64-fedora-gcc 0.0.3 141.90 NOTE
r-devel-windows-x86_64 0.0.3 11.00 152.00 163.00 OK
r-patched-linux-x86_64 0.0.3 6.09 95.75 101.84 OK
r-release-linux-x86_64 0.0.3 6.17 93.41 99.58 OK
r-release-macos-arm64 0.0.3 31.00 NOTE
r-release-macos-x86_64 0.0.3 55.00 NOTE
r-release-windows-x86_64 0.0.3 47.00 135.00 182.00 OK
r-oldrel-macos-arm64 0.0.3 36.00 NOTE
r-oldrel-macos-x86_64 0.0.3 55.00 NOTE
r-oldrel-windows-ix86+x86_64 0.0.3 15.00 127.00 142.00 OK

Check Details

Version: 0.0.3
Check: data for non-ASCII characters
Result: NOTE
     Note: found 35 marked UTF-8 strings
Flavors: r-devel-linux-x86_64-fedora-clang, r-devel-linux-x86_64-fedora-gcc, r-release-macos-arm64, r-release-macos-x86_64, r-oldrel-macos-arm64, r-oldrel-macos-x86_64