CRAN Package Check Results for Package ggquickeda

Last updated on 2020-02-20 09:48:54 CET.

Flavor Version Tinstall Tcheck Ttotal Status Flags
r-devel-linux-x86_64-debian-clang 0.1.5 5.22 44.18 49.40 OK
r-devel-linux-x86_64-debian-gcc 0.1.5 4.88 33.78 38.66 OK
r-devel-linux-x86_64-fedora-clang 0.1.5 59.90 NOTE
r-devel-linux-x86_64-fedora-gcc 0.1.5 59.87 NOTE
r-devel-windows-ix86+x86_64 0.1.5 19.00 65.00 84.00 OK
r-devel-windows-ix86+x86_64-gcc8 0.1.5 29.00 91.00 120.00 OK
r-patched-linux-x86_64 0.1.5 4.90 38.62 43.52 OK
r-patched-solaris-x86 0.1.5 79.40 NOTE
r-release-linux-x86_64 0.1.5 3.73 38.50 42.23 OK
r-release-windows-ix86+x86_64 0.1.5 11.00 55.00 66.00 OK
r-release-osx-x86_64 0.1.5 NOTE
r-oldrel-windows-ix86+x86_64 0.1.5 6.00 51.00 57.00 OK
r-oldrel-osx-x86_64 0.1.5 NOTE

Check Details

Version: 0.1.5
Check: package dependencies
Result: NOTE
    Imports includes 25 non-default packages.
    Importing from so many packages makes the package vulnerable to any of
    them becoming unavailable. Move as many as possible to Suggests and
    use conditionally.
Flavor: r-devel-linux-x86_64-fedora-clang

Version: 0.1.5
Check: dependencies in R code
Result: NOTE
    Namespaces in Imports field not imported from:
     ‘DT’ ‘Formula’ ‘GGally’ ‘Hmisc’ ‘colourpicker’ ‘dplyr’ ‘ggpmisc’
     ‘ggpubr’ ‘ggrepel’ ‘ggstance’ ‘grDevices’ ‘grid’ ‘gridExtra’
     ‘lazyeval’ ‘markdown’ ‘plotly’ ‘quantreg’ ‘rlang’ ‘shinyjs’
     ‘survival’ ‘survminer’ ‘table1’ ‘tidyr’
     All declared Imports should be used.
Flavors: r-devel-linux-x86_64-fedora-clang, r-devel-linux-x86_64-fedora-gcc, r-patched-solaris-x86, r-release-osx-x86_64, r-oldrel-osx-x86_64