CRAN Package Check Results for Package ggsom

Last updated on 2022-07-02 19:50:48 CEST.

Flavor Version Tinstall Tcheck Ttotal Status Flags
r-devel-linux-x86_64-debian-clang 0.4.0 7.32 59.65 66.97 NOTE
r-devel-linux-x86_64-debian-gcc 0.4.0 5.49 43.98 49.47 NOTE
r-devel-linux-x86_64-fedora-clang 0.4.0 89.17 NOTE
r-devel-linux-x86_64-fedora-gcc 0.4.0 85.54 NOTE
r-devel-windows-x86_64 0.4.0 15.00 81.00 96.00 NOTE
r-patched-linux-x86_64 0.4.0 6.11 55.47 61.58 NOTE
r-release-linux-x86_64 0.4.0 7.03 56.06 63.09 NOTE
r-release-macos-arm64 0.4.0 25.00 NOTE
r-release-macos-x86_64 0.4.0 50.00 NOTE
r-release-windows-x86_64 0.4.0 13.00 84.00 97.00 NOTE
r-oldrel-macos-arm64 0.4.0 27.00 NOTE
r-oldrel-macos-x86_64 0.4.0 52.00 NOTE
r-oldrel-windows-ix86+x86_64 0.4.0 18.00 77.00 95.00 NOTE

Check Details

Version: 0.4.0
Check: LazyData
Result: NOTE
     'LazyData' is specified without a 'data' directory
Flavors: r-devel-linux-x86_64-debian-clang, r-devel-linux-x86_64-debian-gcc, r-devel-linux-x86_64-fedora-clang, r-devel-linux-x86_64-fedora-gcc, r-devel-windows-x86_64, r-patched-linux-x86_64, r-release-linux-x86_64, r-release-macos-arm64, r-release-macos-x86_64, r-release-windows-x86_64, r-oldrel-macos-arm64, r-oldrel-macos-x86_64, r-oldrel-windows-ix86+x86_64