CRAN Package Check Results for Package ggsubplot

Last updated on 2015-04-18 13:48:47.

Flavor Version Tinstall Tcheck Ttotal Status Flags
r-devel-linux-x86_64-debian-clang 0.3.2 2.65 23.19 25.84 NOTE
r-devel-linux-x86_64-debian-gcc 0.3.2 2.65 22.36 25.00 NOTE
r-devel-linux-x86_64-fedora-clang 0.3.2 49.43 NOTE
r-devel-linux-x86_64-fedora-gcc 0.3.2 46.03 NOTE
r-devel-osx-x86_64-clang 0.3.2 47.28 NOTE
r-patched-linux-x86_64 0.3.2 2.58 22.94 25.51 NOTE
r-patched-solaris-sparc 0.3.2 331.90 NOTE
r-patched-solaris-x86 0.3.2 63.30 NOTE
r-release-linux-x86_64 0.3.2 2.65 22.00 24.66 NOTE
r-release-osx-x86_64-mavericks 0.3.2 NOTE
r-release-osx-x86_64-snowleopard 0.3.2 OK
r-release-windows-ix86+x86_64 0.3.2 13.00 65.00 78.00 OK
r-oldrel-windows-ix86+x86_64 0.3.2 13.00 67.00 80.00 OK

Check Details

Version: 0.3.2
Check: DESCRIPTION meta-information
Result: NOTE
    Malformed Title field: should not end in a period.
Flavors: r-devel-linux-x86_64-debian-clang, r-devel-linux-x86_64-debian-gcc, r-devel-linux-x86_64-fedora-clang, r-devel-linux-x86_64-fedora-gcc, r-devel-osx-x86_64-clang, r-patched-linux-x86_64, r-patched-solaris-sparc, r-patched-solaris-x86, r-release-linux-x86_64, r-release-osx-x86_64-mavericks