CRAN Package Check Results for Package ggsubplot

Last updated on 2015-07-30 09:47:27.

Flavor Version Tinstall Tcheck Ttotal Status Flags
r-devel-linux-x86_64-debian-clang 0.3.2 3.00 23.75 26.74 NOTE
r-devel-linux-x86_64-debian-gcc 0.3.2 2.64 22.85 25.50 NOTE
r-devel-linux-x86_64-fedora-clang 0.3.2 50.96 NOTE
r-devel-linux-x86_64-fedora-gcc 0.3.2 48.15 NOTE
r-devel-osx-x86_64-clang 0.3.2 40.23 NOTE
r-devel-windows-ix86+x86_64 0.3.2 9.00 40.00 49.00 NOTE
r-patched-linux-x86_64 0.3.2 3.79 25.27 29.06 NOTE
r-patched-solaris-sparc 0.3.2 312.30 NOTE
r-patched-solaris-x86 0.3.2 68.70 NOTE
r-release-linux-x86_64 0.3.2 2.64 23.03 25.67 NOTE
r-release-osx-x86_64-mavericks 0.3.2 NOTE
r-release-windows-ix86+x86_64 0.3.2 13.00 38.00 51.00 NOTE
r-oldrel-windows-ix86+x86_64 0.3.2 11.00 60.00 71.00 OK

Check Details

Version: 0.3.2
Check: DESCRIPTION meta-information
Result: NOTE
    Malformed Title field: should not end in a period.
Flavors: r-devel-linux-x86_64-debian-clang, r-devel-linux-x86_64-debian-gcc, r-devel-linux-x86_64-fedora-clang, r-devel-linux-x86_64-fedora-gcc, r-devel-osx-x86_64-clang, r-devel-windows-ix86+x86_64, r-patched-linux-x86_64, r-patched-solaris-sparc, r-patched-solaris-x86, r-release-linux-x86_64, r-release-osx-x86_64-mavericks, r-release-windows-ix86+x86_64

Version: 0.3.2
Check: R code for possible problems
Result: NOTE
    assign_grid: no visible binding for global variable ‘embed’
    combine_refs: no visible binding for global variable ‘embed’
    combine_refs : <anonymous>: no visible binding for global variable
     ‘embed’
    combine_subplots: no visible binding for global variable ‘embed’
    combine_subplots : <anonymous>: no visible binding for global variable
     ‘embed’
    Undefined global functions or variables:
     embed
    Consider adding
     importFrom("stats", "embed")
    to your NAMESPACE.
Flavors: r-devel-linux-x86_64-debian-clang, r-devel-linux-x86_64-debian-gcc, r-devel-linux-x86_64-fedora-clang, r-devel-linux-x86_64-fedora-gcc, r-devel-windows-ix86+x86_64