CRAN Package Check Results for Package ggsubplot

Last updated on 2015-05-30 21:46:33.

Flavor Version Tinstall Tcheck Ttotal Status Flags
r-devel-linux-x86_64-debian-clang 0.3.2 2.67 23.68 26.34 NOTE
r-devel-linux-x86_64-debian-gcc 0.3.2 2.67 22.32 24.99 NOTE
r-devel-linux-x86_64-fedora-clang 0.3.2 48.63 NOTE
r-devel-linux-x86_64-fedora-gcc 0.3.2 47.13 NOTE
r-devel-osx-x86_64-clang 0.3.2 48.96 NOTE
r-devel-windows-ix86+x86_64 0.3.2 7.00 34.00 41.00 NOTE
r-patched-linux-x86_64 0.3.2 2.68 23.34 26.02 NOTE
r-patched-solaris-sparc 0.3.2 329.80 NOTE
r-patched-solaris-x86 0.3.2 68.00 NOTE
r-release-linux-x86_64 0.3.2 2.90 23.43 26.34 NOTE
r-release-osx-x86_64-mavericks 0.3.2 NOTE
r-release-osx-x86_64-snowleopard 0.3.2 ERROR
r-release-windows-ix86+x86_64 0.3.2 9.00 40.00 49.00 NOTE
r-oldrel-windows-ix86+x86_64 0.3.2 12.00 57.00 69.00 OK

Check Details

Version: 0.3.2
Check: DESCRIPTION meta-information
Result: NOTE
    Malformed Title field: should not end in a period.
Flavors: r-devel-linux-x86_64-debian-clang, r-devel-linux-x86_64-debian-gcc, r-devel-linux-x86_64-fedora-clang, r-devel-linux-x86_64-fedora-gcc, r-devel-osx-x86_64-clang, r-devel-windows-ix86+x86_64, r-patched-linux-x86_64, r-patched-solaris-sparc, r-patched-solaris-x86, r-release-linux-x86_64, r-release-osx-x86_64-mavericks, r-release-windows-ix86+x86_64

Version: 0.3.2
Check: package dependencies
Result: ERROR
    Packages required but not available: ‘ggplot2’ ‘scales’
    
    See section ‘The DESCRIPTION file’ in the ‘Writing R Extensions’
    manual.
Flavor: r-release-osx-x86_64-snowleopard