CRAN Package Check Results for Package ggsubplot

Last updated on 2015-09-02 00:47:40.

Flavor Version Tinstall Tcheck Ttotal Status Flags
r-devel-linux-x86_64-debian-clang 0.3.2 2.70 22.74 25.44 NOTE
r-devel-linux-x86_64-debian-gcc 0.3.2 2.75 21.78 24.53 NOTE
r-devel-linux-x86_64-fedora-clang 0.3.2 50.02 NOTE
r-devel-linux-x86_64-fedora-gcc 0.3.2 46.89 NOTE
r-devel-osx-x86_64-clang 0.3.2 42.79 NOTE
r-devel-windows-ix86+x86_64 0.3.2 15.00 46.00 61.00 NOTE
r-patched-linux-x86_64 0.3.2 2.92 23.14 26.06 NOTE
r-patched-solaris-sparc 0.3.2 312.30 NOTE
r-patched-solaris-x86 0.3.2 70.30 NOTE
r-release-linux-x86_64 0.3.2 2.82 24.14 26.96 NOTE
r-release-osx-x86_64-mavericks 0.3.2 NOTE
r-release-windows-ix86+x86_64 0.3.2 13.00 39.00 52.00 NOTE
r-oldrel-windows-ix86+x86_64 0.3.2 18.00 65.00 83.00 OK

Check Details

Version: 0.3.2
Check: DESCRIPTION meta-information
Result: NOTE
    Malformed Title field: should not end in a period.
Flavors: r-devel-linux-x86_64-debian-clang, r-devel-linux-x86_64-debian-gcc, r-devel-linux-x86_64-fedora-clang, r-devel-linux-x86_64-fedora-gcc, r-devel-osx-x86_64-clang, r-devel-windows-ix86+x86_64, r-patched-linux-x86_64, r-patched-solaris-sparc, r-patched-solaris-x86, r-release-linux-x86_64, r-release-osx-x86_64-mavericks, r-release-windows-ix86+x86_64

Version: 0.3.2
Check: R code for possible problems
Result: NOTE
    assign_grid: no visible binding for global variable ‘embed’
    combine_refs: no visible binding for global variable ‘embed’
    combine_refs : <anonymous>: no visible binding for global variable
     ‘embed’
    combine_subplots: no visible binding for global variable ‘embed’
    combine_subplots : <anonymous>: no visible binding for global variable
     ‘embed’
    Undefined global functions or variables:
     embed
    Consider adding
     importFrom("stats", "embed")
    to your NAMESPACE.
Flavors: r-devel-linux-x86_64-debian-clang, r-devel-linux-x86_64-debian-gcc, r-devel-linux-x86_64-fedora-clang, r-devel-linux-x86_64-fedora-gcc, r-devel-windows-ix86+x86_64