CRAN Package Check Results for Package ggsubplot

Last updated on 2015-02-27 04:46:47.

Flavor Version Tinstall Tcheck Ttotal Status Flags
r-devel-linux-x86_64-debian-clang 0.3.2 2.64 22.88 25.51 NOTE
r-devel-linux-x86_64-debian-gcc 0.3.2 2.80 21.66 24.46 NOTE
r-devel-linux-x86_64-fedora-clang 0.3.2 49.87 NOTE
r-devel-linux-x86_64-fedora-gcc 0.3.2 47.24 NOTE
r-devel-osx-x86_64-clang 0.3.2 49.89 NOTE
r-devel-windows-ix86+x86_64 0.3.2 12.00 35.00 47.00 NOTE
r-patched-linux-x86_64 0.3.2 3.89 32.59 36.48 OK
r-patched-solaris-sparc 0.3.2 395.30 OK
r-patched-solaris-x86 0.3.2 86.90 OK
r-release-linux-ix86 0.3.2 4.58 39.69 44.27 OK
r-release-linux-x86_64 0.3.2 3.59 0.27 3.86 OK
r-release-osx-x86_64-mavericks 0.3.2 OK
r-release-osx-x86_64-snowleopard 0.3.2 OK
r-release-windows-ix86+x86_64 0.3.2 12.00 51.00 63.00 OK
r-oldrel-windows-ix86+x86_64 0.3.2 12.00 52.00 64.00 OK

Check Details

Version: 0.3.2
Check: DESCRIPTION meta-information
Result: NOTE
    Malformed Title field: should not end in a period.
Flavors: r-devel-linux-x86_64-debian-clang, r-devel-linux-x86_64-debian-gcc, r-devel-linux-x86_64-fedora-clang, r-devel-linux-x86_64-fedora-gcc, r-devel-osx-x86_64-clang, r-devel-windows-ix86+x86_64