CRAN Package Check Results for Package ggthemes

Last updated on 2015-05-23 09:48:24.

Flavor Version Tinstall Tcheck Ttotal Status Flags
r-devel-linux-x86_64-debian-clang 2.1.2 1.90 42.41 44.30 OK
r-devel-linux-x86_64-debian-gcc 2.1.2 1.69 41.68 43.38 OK
r-devel-linux-x86_64-fedora-clang 2.1.2 88.02 OK
r-devel-linux-x86_64-fedora-gcc 2.1.2 83.49 OK
r-devel-osx-x86_64-clang 2.1.2 79.95 OK
r-devel-windows-ix86+x86_64 2.1.2 7.00 66.00 73.00 OK
r-patched-linux-x86_64 2.1.2 1.71 43.29 45.00 OK
r-patched-solaris-sparc 2.1.2 530.00 OK
r-patched-solaris-x86 2.1.2 111.50 OK
r-release-linux-x86_64 2.1.2 1.70 43.06 44.76 OK
r-release-osx-x86_64-mavericks 2.1.2 NOTE
r-release-osx-x86_64-snowleopard 2.1.2 ERROR
r-release-windows-ix86+x86_64 2.1.2 8.00 71.00 79.00 OK
r-oldrel-windows-ix86+x86_64 2.1.2 10.00 91.00 101.00 OK

Check Details

Version: 2.1.2
Check: Rd cross-references
Result: NOTE
    Package unavailable to check Rd xrefs: ‘latticeExtra’
Flavor: r-release-osx-x86_64-mavericks

Version: 2.1.2
Check: package dependencies
Result: ERROR
    Packages required but not available: ‘ggplot2’ ‘scales’
    
    Package suggested but not available for checking: ‘knitr’
    
    VignetteBuilder package required for checking but not installed: ‘knitr’
    
    See section ‘The DESCRIPTION file’ in the ‘Writing R Extensions’
    manual.
Flavor: r-release-osx-x86_64-snowleopard