CRAN Package Check Results for Package ggthemes

Last updated on 2015-03-04 17:48:24.

Flavor Version Tinstall Tcheck Ttotal Status Flags
r-devel-linux-x86_64-debian-clang 2.1.2 1.72 47.11 48.83 OK
r-devel-linux-x86_64-debian-gcc 2.1.2 1.94 49.07 51.01 OK
r-devel-linux-x86_64-fedora-clang 2.1.2 99.43 OK
r-devel-linux-x86_64-fedora-gcc 2.1.2 94.83 OK
r-devel-osx-x86_64-clang 2.1.2 55.36 OK
r-devel-windows-ix86+x86_64 2.1.2 8.00 79.00 87.00 OK
r-patched-linux-x86_64 2.1.2 2.50 56.93 59.43 OK
r-patched-solaris-sparc 2.1.2 715.90 OK
r-patched-solaris-x86 2.1.2 141.50 OK
r-release-linux-ix86 2.1.2 2.78 70.05 72.83 OK
r-release-linux-x86_64 2.1.2 2.58 61.01 63.59 OK
r-release-osx-x86_64-mavericks 2.1.2 OK
r-release-osx-x86_64-snowleopard 2.1.2 OK
r-release-windows-ix86+x86_64 2.1.2 8.00 90.00 98.00 OK
r-oldrel-windows-ix86+x86_64 2.1.2 10.00 105.00 115.00 WARN

Check Details

Version: 2.1.2
Check: PDF version of manual
Result: WARN
    LaTeX errors when creating PDF version.
    This typically indicates Rd problems.
    LaTeX errors found:
    ! Illegal parameter number in definition of \Hy@tempa.
    <to be read again>
     a
    l.372 for R}
     .
    ! Illegal parameter number in definition of \Hy@tempa.
    <to be read again>
     a
    l.372 for R}
     .
    ! Illegal parameter number in definition of \Hy@tempa.
    <to be read again>
     a
    l.372 for R}
     .
Flavor: r-oldrel-windows-ix86+x86_64