CRAN Package Check Results for Package ggthemes

Last updated on 2015-04-27 11:48:39.

Flavor Version Tinstall Tcheck Ttotal Status Flags
r-devel-linux-x86_64-debian-clang 2.1.2 1.80 42.62 44.42 OK
r-devel-linux-x86_64-debian-gcc 2.1.2 1.69 41.96 43.64 OK
r-devel-linux-x86_64-fedora-clang 2.1.2 86.43 OK
r-devel-linux-x86_64-fedora-gcc 2.1.2 82.03 OK
r-devel-osx-x86_64-clang 2.1.2 78.94 OK
r-devel-windows-ix86+x86_64 2.1.2 5.00 71.00 76.00 OK
r-patched-linux-x86_64 2.1.2 1.67 42.22 43.89 OK
r-patched-solaris-sparc 2.1.2 632.80 OK
r-patched-solaris-x86 2.1.2 106.30 OK
r-release-linux-x86_64 2.1.2 1.64 41.64 43.28 OK
r-release-osx-x86_64-mavericks 2.1.2 NOTE
r-release-osx-x86_64-snowleopard 2.1.2 ERROR
r-release-windows-ix86+x86_64 2.1.2 10.00 90.00 100.00 OK
r-oldrel-windows-ix86+x86_64 2.1.2 7.00 80.00 87.00 OK

Check Details

Version: 2.1.2
Check: Rd cross-references
Result: NOTE
    Package unavailable to check Rd xrefs: ‘latticeExtra’
Flavor: r-release-osx-x86_64-mavericks

Version: 2.1.2
Check: package dependencies
Result: ERROR
    Packages required but not available: ‘ggplot2’ ‘scales’
    
    Package suggested but not available for checking: ‘knitr’
    
    VignetteBuilder package required for checking but not installed: ‘knitr’
    
    See section ‘The DESCRIPTION file’ in the ‘Writing R Extensions’
    manual.
Flavor: r-release-osx-x86_64-snowleopard