Last updated on 2021-04-17 15:48:15 CEST.
Flavor | Version | Tinstall | Tcheck | Ttotal | Status | Flags |
---|---|---|---|---|---|---|
r-devel-linux-x86_64-debian-clang | 0.1.8 | 4.67 | 52.17 | 56.84 | NOTE | |
r-devel-linux-x86_64-debian-gcc | 0.1.8 | 4.18 | 39.27 | 43.45 | NOTE | |
r-devel-linux-x86_64-fedora-clang | 0.1.8 | 74.84 | NOTE | |||
r-devel-linux-x86_64-fedora-gcc | 0.1.8 | 64.28 | NOTE | |||
r-devel-windows-ix86+x86_64 | 0.1.8 | 13.00 | 69.00 | 82.00 | NOTE | |
r-devel-windows-x86_64-gcc10-UCRT | 0.1.8 | NOTE | ||||
r-patched-linux-x86_64 | 0.1.8 | 4.68 | 47.89 | 52.57 | OK | |
r-patched-solaris-x86 | 0.1.8 | 95.00 | OK | |||
r-release-linux-x86_64 | 0.1.8 | 4.05 | 48.40 | 52.45 | OK | |
r-release-macos-x86_64 | 0.1.8 | OK | ||||
r-release-windows-ix86+x86_64 | 0.1.8 | 25.00 | 71.00 | 96.00 | OK | |
r-oldrel-macos-x86_64 | 0.1.8 | OK | ||||
r-oldrel-windows-ix86+x86_64 | 0.1.8 | 8.00 | 66.00 | 74.00 | OK |
Version: 0.1.8
Check: LazyData
Result: NOTE
'LazyData' is specified without a 'data' directory
Flavors: r-devel-linux-x86_64-debian-clang, r-devel-linux-x86_64-debian-gcc, r-devel-linux-x86_64-fedora-clang, r-devel-linux-x86_64-fedora-gcc, r-devel-windows-ix86+x86_64, r-devel-windows-x86_64-gcc10-UCRT