CRAN Package Check Results for Package ggvis

Last updated on 2018-07-23 01:51:42 CEST.

Flavor Version Tinstall Tcheck Ttotal Status Flags
r-devel-linux-x86_64-debian-clang 0.4.3 8.51 52.91 61.42 ERROR
r-devel-linux-x86_64-debian-gcc 0.4.3 6.37 46.55 52.92 ERROR
r-devel-linux-x86_64-fedora-clang 0.4.3 92.93 OK
r-devel-linux-x86_64-fedora-gcc 0.4.3 88.05 OK
r-devel-windows-ix86+x86_64 0.4.3 19.00 78.00 97.00 OK
r-patched-linux-x86_64 0.4.3 ERROR
r-patched-solaris-x86 0.4.3 119.50 OK
r-release-linux-x86_64 0.4.3 6.57 55.72 62.29 ERROR
r-release-windows-ix86+x86_64 0.4.3 11.00 74.00 85.00 OK
r-release-osx-x86_64 0.4.3 OK
r-oldrel-windows-ix86+x86_64 0.4.3 11.00 127.00 138.00 OK
r-oldrel-osx-x86_64 0.4.3 OK

Check Details

Version: 0.4.3
Check: examples
Result: ERROR
    Running examples in ‘ggvis-Ex.R’ failed
    The error most likely occurred in:
    
    > base::assign(".ptime", proc.time(), pos = "CheckExEnv")
    > ### Name: auto_group
    > ### Title: Automatically group data by grouping variables
    > ### Aliases: auto_group
    >
    > ### ** Examples
    >
    > # One line
    > mtcars %>% ggvis(~disp, ~mpg, stroke = ~factor(cyl)) %>% layer_paths()
    > # One line for each level of cyl
    > mtcars %>% ggvis(~disp, ~mpg, stroke = ~factor(cyl)) %>% group_by(cyl) %>%
    + layer_paths()
    Error in UseMethod("group_by_") :
     no applicable method for 'group_by_' applied to an object of class "ggvis"
    Calls: %>% ... <Anonymous> -> group_by -> group_by.default -> group_by_
    Execution halted
Flavors: r-devel-linux-x86_64-debian-clang, r-devel-linux-x86_64-debian-gcc, r-patched-linux-x86_64, r-release-linux-x86_64

Version: 0.4.3
Check: tests
Result: ERROR
     Running ‘testthat.R’ [4s/4s]
    Running the tests in ‘tests/testthat.R’ failed.
    Complete output:
     > library(testthat)
     > library(ggvis)
     >
     > test_check("ggvis")
     ── 1. Error: (unknown) (@test-specs.r#5) ──────────────────────────────────────
     no applicable method for 'group_by_' applied to an object of class "ggvis"
     1: suppressMessages(sys.source(spec, envir = new.env(), chdir = TRUE)) at testthat/test-specs.r:5
     2: withCallingHandlers(expr, message = function(c) invokeRestart("muffleMessage"))
     3: sys.source(spec, envir = new.env(), chdir = TRUE)
     4: eval(exprs[i], envir)
     5: eval(exprs[i], envir)
     6: mtcars %>% ggvis(x = ~wt, stroke = ~cyl) %>% group_by(cyl) %>% layer_freqpolys(width = 1) %>%
     save_spec("layer/freqpoly-grouped.json")
     7: withVisible(eval(quote(`_fseq`(`_lhs`)), env, env))
     8: eval(quote(`_fseq`(`_lhs`)), env, env)
     9: eval(quote(`_fseq`(`_lhs`)), env, env)
     10: `_fseq`(`_lhs`)
     11: freduce(value, `_function_list`)
     12: function_list[[i]](value)
     13: group_by(., cyl)
     14: group_by.default(., cyl)
     15: group_by_(.data, .dots = compat_as_lazy_dots(...), add = add)
    
     ══ testthat results ═══════════════════════════════════════════════════════════
     OK: 447 SKIPPED: 0 FAILED: 1
     1. Error: (unknown) (@test-specs.r#5)
    
     Error: testthat unit tests failed
     Execution halted
Flavor: r-devel-linux-x86_64-debian-clang

Version: 0.4.3
Check: tests
Result: ERROR
     Running ‘testthat.R’ [3s/7s]
    Running the tests in ‘tests/testthat.R’ failed.
    Complete output:
     > library(testthat)
     > library(ggvis)
     >
     > test_check("ggvis")
     ── 1. Error: (unknown) (@test-specs.r#5) ──────────────────────────────────────
     no applicable method for 'group_by_' applied to an object of class "ggvis"
     1: suppressMessages(sys.source(spec, envir = new.env(), chdir = TRUE)) at testthat/test-specs.r:5
     2: withCallingHandlers(expr, message = function(c) invokeRestart("muffleMessage"))
     3: sys.source(spec, envir = new.env(), chdir = TRUE)
     4: eval(exprs[i], envir)
     5: eval(exprs[i], envir)
     6: mtcars %>% ggvis(x = ~wt, stroke = ~cyl) %>% group_by(cyl) %>% layer_freqpolys(width = 1) %>%
     save_spec("layer/freqpoly-grouped.json")
     7: withVisible(eval(quote(`_fseq`(`_lhs`)), env, env))
     8: eval(quote(`_fseq`(`_lhs`)), env, env)
     9: eval(quote(`_fseq`(`_lhs`)), env, env)
     10: `_fseq`(`_lhs`)
     11: freduce(value, `_function_list`)
     12: function_list[[i]](value)
     13: group_by(., cyl)
     14: group_by.default(., cyl)
     15: group_by_(.data, .dots = compat_as_lazy_dots(...), add = add)
    
     ══ testthat results ═══════════════════════════════════════════════════════════
     OK: 447 SKIPPED: 0 FAILED: 1
     1. Error: (unknown) (@test-specs.r#5)
    
     Error: testthat unit tests failed
     Execution halted
Flavor: r-devel-linux-x86_64-debian-gcc

Version: 0.4.3
Check: tests
Result: ERROR
     Running ‘testthat.R’ [4s/6s]
    Running the tests in ‘tests/testthat.R’ failed.
    Complete output:
     > library(testthat)
     > library(ggvis)
     >
     > test_check("ggvis")
     ── 1. Error: (unknown) (@test-specs.r#5) ──────────────────────────────────────
     no applicable method for 'group_by_' applied to an object of class "ggvis"
     1: suppressMessages(sys.source(spec, envir = new.env(), chdir = TRUE)) at testthat/test-specs.r:5
     2: withCallingHandlers(expr, message = function(c) invokeRestart("muffleMessage"))
     3: sys.source(spec, envir = new.env(), chdir = TRUE)
     4: eval(exprs[i], envir)
     5: eval(exprs[i], envir)
     6: mtcars %>% ggvis(x = ~wt, stroke = ~cyl) %>% group_by(cyl) %>% layer_freqpolys(width = 1) %>%
     save_spec("layer/freqpoly-grouped.json")
     7: withVisible(eval(quote(`_fseq`(`_lhs`)), env, env))
     8: eval(quote(`_fseq`(`_lhs`)), env, env)
     9: eval(quote(`_fseq`(`_lhs`)), env, env)
     10: `_fseq`(`_lhs`)
     11: freduce(value, `_function_list`)
     12: function_list[[i]](value)
     13: group_by(., cyl)
     14: group_by.default(., cyl)
     15: group_by_(.data, .dots = compat_as_lazy_dots(...), add = add)
    
     ══ testthat results ═══════════════════════════════════════════════════════════
     OK: 447 SKIPPED: 0 FAILED: 1
     1. Error: (unknown) (@test-specs.r#5)
    
     Error: testthat unit tests failed
     Execution halted
Flavors: r-patched-linux-x86_64, r-release-linux-x86_64