CRAN Package Check Results for Package ggvoronoi

Last updated on 2019-02-16 00:52:54 CET.

Flavor Version Tinstall Tcheck Ttotal Status Flags
r-devel-linux-x86_64-debian-clang 0.8.2 9.89 110.72 120.61 WARN
r-devel-linux-x86_64-debian-gcc 0.8.2 8.42 84.46 92.88 WARN
r-devel-linux-x86_64-fedora-clang 0.8.2 147.88 WARN
r-devel-linux-x86_64-fedora-gcc 0.8.2 141.88 WARN
r-devel-windows-ix86+x86_64 0.8.2 22.00 166.00 188.00 WARN
r-patched-linux-x86_64 0.8.2 10.55 100.11 110.66 WARN
r-patched-solaris-x86 0.8.2 202.70 WARN
r-release-linux-x86_64 0.8.2 9.84 100.57 110.41 WARN
r-release-windows-ix86+x86_64 0.8.2 19.00 116.00 135.00 WARN
r-release-osx-x86_64 0.8.2 OK
r-oldrel-windows-ix86+x86_64 0.8.2 30.00 221.00 251.00 OK
r-oldrel-osx-x86_64 0.8.2 OK

Check Details

Version: 0.8.2
Check: re-building of vignette outputs
Result: WARN
    Error(s) in re-building vignettes:
     ...
    --- re-building ‘ggvoronoi.Rmd’ using rmarkdown
    Scale for 'x' is already present. Adding another scale for 'x', which
    will replace the existing scale.
    Scale for 'y' is already present. Adding another scale for 'y', which
    will replace the existing scale.
    Coordinate system already present. Adding new coordinate system, which will replace the existing one.
    Quitting from lines 132-134 (ggvoronoi.Rmd)
    Error: processing vignette 'ggvoronoi.Rmd' failed with diagnostics:
    there is no package called 'mapproj'
    --- failed re-building ‘ggvoronoi.Rmd’
    
    SUMMARY: processing the following file failed:
     ‘ggvoronoi.Rmd’
    
    Error: Vignette re-building failed.
    Execution halted
Flavors: r-devel-linux-x86_64-debian-clang, r-devel-linux-x86_64-debian-gcc

Version: 0.8.2
Check: re-building of vignette outputs
Result: WARN
    Error(s) in re-building vignettes:
    --- re-building ‘ggvoronoi.Rmd’ using rmarkdown
    Scale for 'x' is already present. Adding another scale for 'x', which
    will replace the existing scale.
    Scale for 'y' is already present. Adding another scale for 'y', which
    will replace the existing scale.
    Coordinate system already present. Adding new coordinate system, which will replace the existing one.
    Quitting from lines 132-134 (ggvoronoi.Rmd)
    Error: processing vignette 'ggvoronoi.Rmd' failed with diagnostics:
    there is no package called 'mapproj'
    --- failed re-building ‘ggvoronoi.Rmd’
    
    SUMMARY: processing the following file failed:
     ‘ggvoronoi.Rmd’
    
    Error: Vignette re-building failed.
    Execution halted
Flavors: r-devel-linux-x86_64-fedora-clang, r-devel-linux-x86_64-fedora-gcc, r-devel-windows-ix86+x86_64

Version: 0.8.2
Check: re-building of vignette outputs
Result: WARN
    Error in re-building vignettes:
     ...
    Scale for 'x' is already present. Adding another scale for 'x', which
    will replace the existing scale.
    Scale for 'y' is already present. Adding another scale for 'y', which
    will replace the existing scale.
    Coordinate system already present. Adding new coordinate system, which will replace the existing one.
    Quitting from lines 132-134 (ggvoronoi.Rmd)
    Error: processing vignette ‘ggvoronoi.Rmd’ failed with diagnostics:
    there is no package called 'mapproj'
    Execution halted
Flavors: r-patched-linux-x86_64, r-release-linux-x86_64, r-release-windows-ix86+x86_64

Version: 0.8.2
Check: re-building of vignette outputs
Result: WARN
    Error in re-building vignettes:
     ...
    Warning in engine$weave(file, quiet = quiet, encoding = enc) :
     Pandoc (>= 1.12.3) and/or pandoc-citeproc not available. Falling back to R Markdown v1.
    Scale for 'x' is already present. Adding another scale for 'x', which
    will replace the existing scale.
    Scale for 'y' is already present. Adding another scale for 'y', which
    will replace the existing scale.
    Coordinate system already present. Adding new coordinate system, which will replace the existing one.
    Quitting from lines 132-134 (ggvoronoi.Rmd)
    Error: processing vignette 'ggvoronoi.Rmd' failed with diagnostics:
    there is no package called 'mapproj'
    Execution halted
Flavor: r-patched-solaris-x86