CRAN Package Check Results for Package ggx

Last updated on 2022-06-29 20:53:19 CEST.

Flavor Version Tinstall Tcheck Ttotal Status Flags
r-devel-linux-x86_64-debian-clang 0.1.1 2.17 30.39 32.56 NOTE
r-devel-linux-x86_64-debian-gcc 0.1.1 1.79 23.26 25.05 NOTE
r-devel-linux-x86_64-fedora-clang 0.1.1 48.82 NOTE
r-devel-linux-x86_64-fedora-gcc 0.1.1 48.48 NOTE
r-devel-windows-x86_64 0.1.1 21.00 61.00 82.00 NOTE
r-patched-linux-x86_64 0.1.1 2.34 28.83 31.17 NOTE
r-release-linux-x86_64 0.1.1 1.46 29.24 30.70 NOTE
r-release-macos-arm64 0.1.1 19.00 NOTE
r-release-macos-x86_64 0.1.1 35.00 NOTE
r-release-windows-x86_64 0.1.1 24.00 62.00 86.00 NOTE
r-oldrel-macos-arm64 0.1.1 26.00 NOTE
r-oldrel-macos-x86_64 0.1.1 34.00 NOTE
r-oldrel-windows-ix86+x86_64 0.1.1 6.00 50.00 56.00 NOTE

Check Details

Version: 0.1.1
Check: LazyData
Result: NOTE
     'LazyData' is specified without a 'data' directory
Flavors: r-devel-linux-x86_64-debian-clang, r-devel-linux-x86_64-debian-gcc, r-devel-linux-x86_64-fedora-clang, r-devel-linux-x86_64-fedora-gcc, r-devel-windows-x86_64, r-patched-linux-x86_64, r-release-linux-x86_64, r-release-macos-arm64, r-release-macos-x86_64, r-release-windows-x86_64, r-oldrel-macos-arm64, r-oldrel-macos-x86_64, r-oldrel-windows-ix86+x86_64

Version: 0.1.1
Check: dependencies in R code
Result: NOTE
    Namespace in Imports field not imported from: ‘ggplot2’
     All declared Imports should be used.
Flavors: r-devel-linux-x86_64-fedora-clang, r-devel-linux-x86_64-fedora-gcc, r-release-macos-arm64, r-release-macos-x86_64, r-oldrel-macos-arm64, r-oldrel-macos-x86_64