CRAN Package Check Results for Package ghcm

Last updated on 2022-01-24 20:17:50 CET.

Flavor Version Tinstall Tcheck Ttotal Status Flags
r-devel-linux-x86_64-debian-clang 2.0.0 2.73 285.81 288.54 OK
r-devel-linux-x86_64-debian-gcc 2.0.0 2.53 205.53 208.06 OK
r-devel-linux-x86_64-fedora-clang 2.0.0 352.52 NOTE
r-devel-linux-x86_64-fedora-gcc 2.0.0 328.71 NOTE
r-devel-windows-x86_64-new-UL 2.0.0 15.00 305.00 320.00 OK
r-devel-windows-x86_64-new-TK 2.0.0 ERROR
r-patched-linux-x86_64 2.0.0 2.79 272.50 275.29 OK
r-release-linux-x86_64 2.0.0 2.50 266.05 268.55 OK
r-release-macos-arm64 2.0.0 NOTE
r-release-macos-x86_64 2.0.0 NOTE
r-release-windows-ix86+x86_64 2.0.0 7.00 327.00 334.00 OK
r-oldrel-macos-x86_64 2.0.0 NOTE
r-oldrel-windows-ix86+x86_64 2.0.0 7.00 328.00 335.00 OK

Check Details

Version: 2.0.0
Check: dependencies in R code
Result: NOTE
    Namespaces in Imports field not imported from:
     ‘MASS’ ‘graphics’ ‘refund’ ‘stats’ ‘utils’
     All declared Imports should be used.
Flavors: r-devel-linux-x86_64-fedora-clang, r-devel-linux-x86_64-fedora-gcc, r-release-macos-arm64, r-release-macos-x86_64, r-oldrel-macos-x86_64

Version: 2.0.0
Check: package dependencies
Result: ERROR
    Package required but not available: 'refund'
    
    See section 'The DESCRIPTION file' in the 'Writing R Extensions'
    manual.
Flavor: r-devel-windows-x86_64-new-TK