CRAN Package Check Results for Package ghyp

Last updated on 2015-07-31 10:47:27.

Flavor Version Tinstall Tcheck Ttotal Status Flags
r-devel-linux-x86_64-debian-clang 1.5.6 1.74 47.11 48.86 NOTE
r-devel-linux-x86_64-debian-gcc 1.5.6 2.48 45.96 48.44 NOTE
r-devel-linux-x86_64-fedora-clang 1.5.6 90.84 NOTE
r-devel-linux-x86_64-fedora-gcc 1.5.6 87.17 NOTE
r-devel-osx-x86_64-clang 1.5.6 77.28 NOTE
r-devel-windows-ix86+x86_64 1.5.6 14.00 139.00 153.00 NOTE
r-patched-linux-x86_64 1.5.6 1.86 45.44 47.30 NOTE
r-patched-solaris-sparc 1.5.6 559.80 NOTE
r-patched-solaris-x86 1.5.6 107.10 NOTE
r-release-linux-x86_64 1.5.6 1.84 45.68 47.51 NOTE
r-release-osx-x86_64-mavericks 1.5.6 NOTE
r-release-windows-ix86+x86_64 1.5.6 12.00 136.00 148.00 NOTE
r-oldrel-windows-ix86+x86_64 1.5.6 10.00 124.00 134.00 NOTE

Check Details

Version: 1.5.6
Check: top-level files
Result: NOTE
    Non-standard file/directory found at top level:
     ‘Fixme’
Flavors: r-devel-linux-x86_64-debian-clang, r-devel-linux-x86_64-debian-gcc, r-devel-linux-x86_64-fedora-clang, r-devel-linux-x86_64-fedora-gcc, r-patched-linux-x86_64, r-release-linux-x86_64

Version: 1.5.6
Check: dependencies in R code
Result: NOTE
    Packages in Depends field not imported from:
     ‘gplots’ ‘numDeriv’
     These packages need to be imported from (in the NAMESPACE file)
     for when this namespace is loaded but not attached.
Flavors: r-devel-linux-x86_64-debian-clang, r-devel-linux-x86_64-debian-gcc, r-devel-linux-x86_64-fedora-clang, r-devel-linux-x86_64-fedora-gcc, r-devel-osx-x86_64-clang, r-devel-windows-ix86+x86_64, r-patched-linux-x86_64, r-patched-solaris-sparc, r-patched-solaris-x86, r-release-linux-x86_64, r-release-osx-x86_64-mavericks, r-release-windows-ix86+x86_64, r-oldrel-windows-ix86+x86_64

Version: 1.5.6
Check: R code for possible problems
Result: NOTE
    pairs.ghyp: no visible global function definition for ‘topo.colors’
    pairs.ghyp: no visible global function definition for ‘hist2d’
    pairs,ghyp: no visible global function definition for ‘topo.colors’
    pairs,ghyp: no visible global function definition for ‘hist2d’
    Undefined global functions or variables:
     hist2d topo.colors
    Consider adding
     importFrom("grDevices", "topo.colors")
    to your NAMESPACE.
Flavors: r-devel-linux-x86_64-debian-clang, r-devel-linux-x86_64-debian-gcc, r-devel-linux-x86_64-fedora-clang, r-devel-linux-x86_64-fedora-gcc, r-devel-windows-ix86+x86_64

Version: 1.5.6
Check: R code for possible problems
Result: NOTE
    pairs.ghyp: no visible global function definition for ‘hist2d’
    pairs,ghyp: no visible global function definition for ‘hist2d’
    Undefined global functions or variables:
     hist2d
Flavor: r-devel-osx-x86_64-clang

Version: 1.5.6
Check: R code for possible problems
Result: NOTE
    pairs.ghyp: no visible global function definition for ‘hist2d’
    pairs,ghyp : .local: no visible global function definition for ‘hist2d’
Flavors: r-patched-linux-x86_64, r-patched-solaris-sparc, r-patched-solaris-x86, r-release-linux-x86_64, r-release-windows-ix86+x86_64, r-oldrel-windows-ix86+x86_64

Version: 1.5.6
Check: R code for possible problems
Result: NOTE
    pairs.ghyp: no visible global function definition for ‘hist2d’
Flavor: r-release-osx-x86_64-mavericks