CRAN Package Check Results for Package ghyp

Last updated on 2016-05-26 21:49:27.

Flavor Version Tinstall Tcheck Ttotal Status Flags
r-devel-linux-x86_64-debian-gcc 1.5.6 2.00 43.77 45.77 NOTE
r-devel-linux-x86_64-fedora-clang 1.5.6 89.90 NOTE
r-devel-linux-x86_64-fedora-gcc 1.5.6 77.84 NOTE
r-devel-osx-x86_64-clang 1.5.6 84.29 NOTE
r-devel-windows-ix86+x86_64 1.5.6 6.00 116.00 122.00 NOTE
r-patched-linux-x86_64 1.5.6 1.74 42.35 44.09 NOTE
r-patched-solaris-sparc 1.5.6 509.90 NOTE
r-patched-solaris-x86 1.5.6 99.70 NOTE
r-release-linux-x86_64 1.5.6 1.99 42.65 44.65 NOTE
r-release-osx-x86_64-mavericks 1.5.6 NOTE
r-release-windows-ix86+x86_64 1.5.6 12.00 105.00 117.00 NOTE
r-oldrel-windows-ix86+x86_64 1.5.6 7.00 149.00 156.00 NOTE

Check Details

Version: 1.5.6
Check: top-level files
Result: NOTE
    Non-standard file/directory found at top level:
     ‘Fixme’
Flavors: r-devel-linux-x86_64-debian-gcc, r-devel-linux-x86_64-fedora-clang, r-devel-linux-x86_64-fedora-gcc, r-patched-linux-x86_64, r-release-linux-x86_64

Version: 1.5.6
Check: dependencies in R code
Result: NOTE
    Packages in Depends field not imported from:
     ‘gplots’ ‘numDeriv’
     These packages need to be imported from (in the NAMESPACE file)
     for when this namespace is loaded but not attached.
Flavors: r-devel-linux-x86_64-debian-gcc, r-devel-linux-x86_64-fedora-clang, r-devel-linux-x86_64-fedora-gcc, r-devel-osx-x86_64-clang, r-devel-windows-ix86+x86_64, r-patched-linux-x86_64, r-patched-solaris-sparc, r-patched-solaris-x86, r-release-linux-x86_64, r-release-osx-x86_64-mavericks, r-release-windows-ix86+x86_64, r-oldrel-windows-ix86+x86_64

Version: 1.5.6
Check: R code for possible problems
Result: NOTE
    pairs.ghyp: no visible global function definition for ‘topo.colors’
    pairs.ghyp: no visible global function definition for ‘hist2d’
    pairs,ghyp: no visible global function definition for ‘topo.colors’
    pairs,ghyp: no visible global function definition for ‘hist2d’
    Undefined global functions or variables:
     hist2d topo.colors
    Consider adding
     importFrom("grDevices", "topo.colors")
    to your NAMESPACE file.
Flavors: r-devel-linux-x86_64-debian-gcc, r-devel-linux-x86_64-fedora-clang, r-devel-linux-x86_64-fedora-gcc, r-devel-osx-x86_64-clang, r-devel-windows-ix86+x86_64, r-patched-linux-x86_64, r-patched-solaris-sparc, r-patched-solaris-x86, r-release-linux-x86_64, r-release-osx-x86_64-mavericks, r-release-windows-ix86+x86_64

Version: 1.5.6
Check: R code for possible problems
Result: NOTE
    pairs.ghyp: no visible global function definition for 'hist2d'
    pairs,ghyp : .local: no visible global function definition for 'hist2d'
Flavor: r-oldrel-windows-ix86+x86_64