CRAN Package Check Results for Package ghyp

Last updated on 2017-09-20 06:49:19.

Flavor Version Tinstall Tcheck Ttotal Status Flags
r-devel-linux-x86_64-debian-clang 1.5.7 1.85 48.27 50.12 NOTE
r-devel-linux-x86_64-debian-gcc 1.5.7 1.75 47.09 48.85 NOTE
r-devel-linux-x86_64-fedora-clang 1.5.7 93.79 NOTE
r-devel-linux-x86_64-fedora-gcc 1.5.7 90.11 NOTE
r-devel-windows-ix86+x86_64 1.5.7 8.00 157.00 165.00 OK
r-patched-linux-x86_64 1.5.7 1.78 47.66 49.43 NOTE
r-patched-solaris-x86 1.5.7 111.10 OK
r-release-linux-x86_64 1.5.7 1.74 47.67 49.42 NOTE
r-release-windows-ix86+x86_64 1.5.7 8.00 124.00 132.00 OK
r-release-osx-x86_64 1.5.7 NOTE
r-oldrel-windows-ix86+x86_64 1.5.7 6.00 113.00 119.00 OK
r-oldrel-osx-x86_64 1.5.7 OK

Check Details

Version: 1.5.7
Check: compiled code
Result: NOTE
    File ‘ghyp/libs/ghyp.so’:
     Found no calls to: ‘R_registerRoutines’, ‘R_useDynamicSymbols’
    
    It is good practice to register native routines and to disable symbol
    search.
    
    See ‘Writing portable packages’ in the ‘Writing R Extensions’ manual.
Flavors: r-devel-linux-x86_64-debian-clang, r-devel-linux-x86_64-debian-gcc, r-devel-linux-x86_64-fedora-clang, r-devel-linux-x86_64-fedora-gcc, r-patched-linux-x86_64, r-release-linux-x86_64

Version: 1.5.7
Check: re-building of vignette outputs
Result: NOTE
    Error in re-building vignettes:
     ...
    
    Warning in (psi + skewness.norm) * (chi + Q) :
     Recycling array of length 1 in array-vector arithmetic is deprecated.
     Use c() or as.vector() instead.
    
    Warning in log.const.top + log.top :
     Recycling array of length 1 in array-vector arithmetic is deprecated.
     Use c() or as.vector() instead.
    
    Error in texi2dvi(file = file, pdf = TRUE, clean = clean, quiet = quiet, :
     Running 'texi2dvi' on 'Generalized_Hyperbolic_Distribution.tex' failed.
    LaTeX errors:
    ! LaTeX Error: File `a4wide.sty' not found.
    
    Type X to quit or <RETURN> to proceed,
    or enter new name. (Default extension: sty)
    
    ! Emergency stop.
    <read *>
    
    l.9 \usepackage
     {amsmath, amsthm, amssymb}^^M
    ! ==> Fatal error occurred, no output PDF file produced!
    Calls: buildVignettes -> texi2pdf -> texi2dvi
    Execution halted
Flavor: r-release-osx-x86_64