CRAN Package Check Results for Package ghyp

Last updated on 2014-07-28 15:49:19.

Flavor Version Tinstall Tcheck Ttotal Status Flags
r-devel-linux-x86_64-debian-clang 1.5.6 1.98 47.92 49.89 NOTE
r-devel-linux-x86_64-debian-gcc 1.5.6 1.96 48.56 50.51 NOTE
r-devel-linux-x86_64-fedora-clang 1.5.6 104.43 NOTE
r-devel-linux-x86_64-fedora-gcc 1.5.6 99.65 NOTE
r-devel-osx-x86_64-clang 1.5.6 88.77 NOTE
r-devel-windows-ix86+x86_64 1.5.6 8.00 96.00 104.00 NOTE
r-patched-linux-x86_64 1.5.6 2.06 47.70 49.76 NOTE
r-patched-solaris-sparc 1.5.6 574.00 NOTE
r-patched-solaris-x86 1.5.6 123.30 NOTE
r-release-linux-ix86 1.5.6 2.78 66.19 68.97 NOTE
r-release-linux-x86_64 1.5.6 2.03 49.03 51.06 NOTE
r-release-osx-x86_64-mavericks 1.5.6 NOTE
r-release-osx-x86_64-snowleopard 1.5.6 ERROR
r-release-windows-ix86+x86_64 1.5.6 9.00 99.00 108.00 NOTE
r-oldrel-windows-ix86+x86_64 1.5.6 8.00 100.00 108.00 NOTE

Check Details

Version: 1.5.6
Check: dependencies in R code
Result: NOTE
    Packages in Depends field not imported from:
     gplots numDeriv
     These packages need to be imported from (in the NAMESPACE file)
     for when this namespace is loaded but not attached.
    See the information on DESCRIPTION files in the chapter Creating R
    packages of the Writing R Extensions manual.
Flavors: r-devel-linux-x86_64-debian-clang, r-devel-linux-x86_64-debian-gcc, r-devel-linux-x86_64-fedora-clang, r-devel-linux-x86_64-fedora-gcc, r-devel-osx-x86_64-clang, r-devel-windows-ix86+x86_64, r-patched-linux-x86_64, r-patched-solaris-sparc, r-patched-solaris-x86, r-release-linux-ix86, r-release-linux-x86_64, r-release-osx-x86_64-mavericks, r-release-windows-ix86+x86_64, r-oldrel-windows-ix86+x86_64

Version: 1.5.6
Check: top-level files
Result: NOTE
    Non-standard file/directory found at top level:
     Fixme
Flavors: r-devel-linux-x86_64-fedora-clang, r-devel-linux-x86_64-fedora-gcc

Version: 1.5.6
Check: re-building of vignette outputs
Result: NOTE
    Error in re-building vignettes:
     ...
    Loading required package: numDeriv
    Loading required package: gplots
    KernSmooth 2.23 loaded
    Copyright M. P. Wand 1997-2009
    
    Attaching package: gplots
    
    The following object is masked from package:stats :
    
     lowess
    
    Error in texi2dvi(file = file, pdf = TRUE, clean = clean, quiet = quiet, :
     Running 'texi2dvi' on 'Generalized_Hyperbolic_Distribution.tex' failed.
    LaTeX errors:
    ! LaTeX Error: File `a4wide.sty' not found.
    
    Type X to quit or <RETURN> to proceed,
    or enter new name. (Default extension: sty)
    
    st/ghyp/vignettes/Generalized_Hyperbolic_Distribution.tex:9: ==> Fatal error o
    ccurred, no output PDF file produced!
    Calls: buildVignettes -> texi2pdf -> texi2dvi
    Execution halted
Flavor: r-release-osx-x86_64-mavericks

Version: 1.5.6
Check: whether package can be installed
Result: ERROR
    Installation failed.
    See /Volumes/XT3/Builds/R-dev-web/QA/Simon/packages/snowleopard-x86_64/results/3.1/ghyp.Rcheck/00install.out for details.
Flavor: r-release-osx-x86_64-snowleopard