CRAN Package Check Results for Package ghyp

Last updated on 2015-08-27 23:46:54.

Flavor Version Tinstall Tcheck Ttotal Status Flags
r-devel-linux-x86_64-debian-clang 1.5.6 1.72 44.92 46.65 NOTE
r-devel-linux-x86_64-debian-gcc 1.5.6 1.70 44.47 46.17 NOTE
r-devel-linux-x86_64-fedora-clang 1.5.6 91.05 NOTE
r-devel-linux-x86_64-fedora-gcc 1.5.6 88.79 NOTE
r-devel-osx-x86_64-clang 1.5.6 76.73 NOTE
r-devel-windows-ix86+x86_64 1.5.6 12.00 118.00 130.00 NOTE
r-patched-linux-x86_64 1.5.6 1.75 46.94 48.69 NOTE
r-patched-solaris-sparc 1.5.6 559.80 NOTE
r-patched-solaris-x86 1.5.6 109.50 NOTE
r-release-linux-x86_64 1.5.6 1.83 45.26 47.09 NOTE
r-release-osx-x86_64-mavericks 1.5.6 NOTE
r-release-windows-ix86+x86_64 1.5.6 11.00 110.00 121.00 NOTE
r-oldrel-windows-ix86+x86_64 1.5.6 14.00 124.00 138.00 NOTE

Check Details

Version: 1.5.6
Check: top-level files
Result: NOTE
    Non-standard file/directory found at top level:
     ‘Fixme’
Flavors: r-devel-linux-x86_64-debian-clang, r-devel-linux-x86_64-debian-gcc, r-devel-linux-x86_64-fedora-clang, r-devel-linux-x86_64-fedora-gcc, r-patched-linux-x86_64, r-release-linux-x86_64

Version: 1.5.6
Check: dependencies in R code
Result: NOTE
    Packages in Depends field not imported from:
     ‘gplots’ ‘numDeriv’
     These packages need to be imported from (in the NAMESPACE file)
     for when this namespace is loaded but not attached.
Flavors: r-devel-linux-x86_64-debian-clang, r-devel-linux-x86_64-debian-gcc, r-devel-linux-x86_64-fedora-clang, r-devel-linux-x86_64-fedora-gcc, r-devel-osx-x86_64-clang, r-devel-windows-ix86+x86_64, r-patched-linux-x86_64, r-patched-solaris-sparc, r-patched-solaris-x86, r-release-linux-x86_64, r-release-osx-x86_64-mavericks, r-release-windows-ix86+x86_64, r-oldrel-windows-ix86+x86_64

Version: 1.5.6
Check: R code for possible problems
Result: NOTE
    pairs.ghyp: no visible global function definition for ‘topo.colors’
    pairs.ghyp: no visible global function definition for ‘hist2d’
    pairs,ghyp: no visible global function definition for ‘topo.colors’
    pairs,ghyp: no visible global function definition for ‘hist2d’
    Undefined global functions or variables:
     hist2d topo.colors
    Consider adding
     importFrom("grDevices", "topo.colors")
    to your NAMESPACE.
Flavors: r-devel-linux-x86_64-debian-clang, r-devel-linux-x86_64-debian-gcc, r-devel-linux-x86_64-fedora-clang, r-devel-linux-x86_64-fedora-gcc, r-devel-windows-ix86+x86_64

Version: 1.5.6
Check: R code for possible problems
Result: NOTE
    pairs.ghyp: no visible global function definition for ‘hist2d’
    pairs,ghyp: no visible global function definition for ‘hist2d’
    Undefined global functions or variables:
     hist2d
Flavor: r-devel-osx-x86_64-clang

Version: 1.5.6
Check: R code for possible problems
Result: NOTE
    pairs.ghyp: no visible global function definition for ‘hist2d’
    pairs,ghyp : .local: no visible global function definition for ‘hist2d’
Flavors: r-patched-linux-x86_64, r-patched-solaris-sparc, r-patched-solaris-x86, r-release-linux-x86_64, r-release-windows-ix86+x86_64, r-oldrel-windows-ix86+x86_64

Version: 1.5.6
Check: R code for possible problems
Result: NOTE
    pairs.ghyp: no visible global function definition for ‘hist2d’
Flavor: r-release-osx-x86_64-mavericks