CRAN Package Check Results for Package ghyp

Last updated on 2017-04-23 23:51:03.

Flavor Version Tinstall Tcheck Ttotal Status Flags
r-devel-linux-x86_64-debian-clang 1.5.7 2.04 48.60 50.64 NOTE
r-devel-linux-x86_64-debian-gcc 1.5.7 2.01 47.05 49.07 NOTE
r-devel-linux-x86_64-fedora-clang 1.5.7 94.22 NOTE --no-stop-on-test-error
r-devel-linux-x86_64-fedora-gcc 1.5.7 92.91 NOTE --no-stop-on-test-error
r-devel-windows-ix86+x86_64 1.5.7 10.00 122.00 132.00 OK
r-patched-linux-x86_64 1.5.7 1.78 48.10 49.88 NOTE
r-patched-solaris-sparc 1.5.7 546.60 OK
r-patched-solaris-x86 1.5.7 104.60 OK
r-release-linux-x86_64 1.5.7 1.76 49.00 50.76 NOTE
r-release-windows-ix86+x86_64 1.5.7 7.00 114.00 121.00 OK
r-release-osx-x86_64 1.5.7 NOTE
r-oldrel-windows-ix86+x86_64 1.5.7 8.00 99.00 107.00 OK
r-oldrel-osx-x86_64 1.5.7 OK

Check Details

Version: 1.5.7
Check: compiled code
Result: NOTE
    File ‘ghyp/libs/ghyp.so’:
     Found no calls to: ‘R_registerRoutines’, ‘R_useDynamicSymbols’
    
    It is good practice to register native routines and to disable symbol
    search.
    
    See ‘Writing portable packages’ in the ‘Writing R Extensions’ manual.
Flavors: r-devel-linux-x86_64-debian-clang, r-devel-linux-x86_64-debian-gcc, r-patched-linux-x86_64, r-release-linux-x86_64

Version: 1.5.7
Flags: --no-stop-on-test-error
Check: compiled code
Result: NOTE
    File ‘ghyp/libs/ghyp.so’:
     Found no calls to: ‘R_registerRoutines’, ‘R_useDynamicSymbols’
    
    It is good practice to register native routines and to disable symbol
    search.
    
    See ‘Writing portable packages’ in the ‘Writing R Extensions’ manual.
Flavors: r-devel-linux-x86_64-fedora-clang, r-devel-linux-x86_64-fedora-gcc

Version: 1.5.7
Check: re-building of vignette outputs
Result: NOTE
    Error in re-building vignettes:
     ...
    
    Warning in (psi + skewness.norm) * (chi + Q) :
     Recycling array of length 1 in array-vector arithmetic is deprecated.
     Use c() or as.vector() instead.
    
    Warning in log.const.top + log.top :
     Recycling array of length 1 in array-vector arithmetic is deprecated.
     Use c() or as.vector() instead.
    
    Error in texi2dvi(file = file, pdf = TRUE, clean = clean, quiet = quiet, :
     Running 'texi2dvi' on 'Generalized_Hyperbolic_Distribution.tex' failed.
    LaTeX errors:
    ! LaTeX Error: File `a4wide.sty' not found.
    
    Type X to quit or <RETURN> to proceed,
    or enter new name. (Default extension: sty)
    
    ! Emergency stop.
    <read *>
    
    l.9 \usepackage
     {amsmath, amsthm, amssymb}^^M
    ! ==> Fatal error occurred, no output PDF file produced!
    Calls: buildVignettes -> texi2pdf -> texi2dvi
    Execution halted
Flavor: r-release-osx-x86_64