CRAN Package Check Results for Package ghyp

Last updated on 2017-03-23 23:50:45.

Flavor Version Tinstall Tcheck Ttotal Status Flags
r-devel-linux-x86_64-debian-clang 1.5.7 1.78 47.65 49.42 NOTE
r-devel-linux-x86_64-debian-gcc 1.5.7 1.86 47.26 49.12 NOTE
r-devel-linux-x86_64-fedora-clang 1.5.7 96.73 NOTE --no-stop-on-test-error
r-devel-linux-x86_64-fedora-gcc 1.5.7 96.01 NOTE --no-stop-on-test-error
r-devel-macos-x86_64-clang 1.5.7 69.43 NOTE --no-stop-on-test-error
r-devel-windows-ix86+x86_64 1.5.7 9.00 151.00 160.00 OK
r-patched-linux-x86_64 1.5.7 1.68 44.27 45.95 OK
r-patched-solaris-sparc 1.5.7 546.60 OK
r-patched-solaris-x86 1.5.7 104.50 OK
r-release-linux-x86_64 1.5.7 1.75 44.35 46.09 OK
r-release-osx-x86_64-mavericks 1.5.7 OK
r-release-windows-ix86+x86_64 1.5.7 12.00 107.00 119.00 OK
r-oldrel-windows-ix86+x86_64 1.5.7 11.00 147.00 158.00 OK

Check Details

Version: 1.5.7
Check: compiled code
Result: NOTE
    File ‘ghyp/libs/ghyp.so’:
     Found no calls to: ‘R_registerRoutines’, ‘R_useDynamicSymbols’
    
    It is good practice to register native routines and to disable symbol
    search.
    
    See ‘Writing portable packages’ in the ‘Writing R Extensions’ manual.
Flavors: r-devel-linux-x86_64-debian-clang, r-devel-linux-x86_64-debian-gcc

Version: 1.5.7
Flags: --no-stop-on-test-error
Check: compiled code
Result: NOTE
    File ‘ghyp/libs/ghyp.so’:
     Found no calls to: ‘R_registerRoutines’, ‘R_useDynamicSymbols’
    
    It is good practice to register native routines and to disable symbol
    search.
    
    See ‘Writing portable packages’ in the ‘Writing R Extensions’ manual.
Flavors: r-devel-linux-x86_64-fedora-clang, r-devel-linux-x86_64-fedora-gcc, r-devel-macos-x86_64-clang