Last updated on 2023-11-28 10:53:28 CET.
Flavor | Version | Tinstall | Tcheck | Ttotal | Status | Flags |
---|---|---|---|---|---|---|
r-devel-linux-x86_64-debian-clang | 1.1.0 | 31.82 | 272.66 | 304.48 | OK | |
r-devel-linux-x86_64-debian-gcc | 1.1.0 | 25.78 | 193.67 | 219.45 | OK | |
r-devel-linux-x86_64-fedora-clang | 1.1.0 | 371.25 | NOTE | |||
r-devel-linux-x86_64-fedora-gcc | 1.1.0 | 384.00 | NOTE | |||
r-devel-windows-x86_64 | 1.1.0 | 29.00 | 219.00 | 248.00 | OK | |
r-patched-linux-x86_64 | 1.1.0 | 32.94 | 253.36 | 286.30 | OK | |
r-release-linux-x86_64 | 1.1.0 | 34.36 | 256.76 | 291.12 | OK | |
r-release-macos-arm64 | 1.1.0 | 119.00 | OK | |||
r-release-macos-x86_64 | 1.1.0 | 179.00 | OK | |||
r-release-windows-x86_64 | 1.1.0 | 36.00 | 266.00 | 302.00 | OK | |
r-oldrel-macos-arm64 | 1.1.0 | 96.00 | NOTE | |||
r-oldrel-macos-x86_64 | 1.1.0 | 165.00 | NOTE | |||
r-oldrel-windows-x86_64 | 1.1.0 | 39.00 | 272.00 | 311.00 | OK |
Version: 1.1.0
Check: dependencies in R code
Result: NOTE
Namespace in Imports field not imported from: ‘methods’
All declared Imports should be used.
Flavors: r-devel-linux-x86_64-fedora-clang, r-devel-linux-x86_64-fedora-gcc, r-oldrel-macos-arm64, r-oldrel-macos-x86_64
Version: 1.1.0
Check: data for non-ASCII characters
Result: NOTE
Note: found 11 marked UTF-8 strings
Flavors: r-devel-linux-x86_64-fedora-clang, r-devel-linux-x86_64-fedora-gcc, r-oldrel-macos-arm64, r-oldrel-macos-x86_64