CRAN Package Check Results for Package giRaph

Last updated on 2014-12-20 09:53:45.

Flavor Version Tinstall Tcheck Ttotal Status Flags
r-devel-linux-x86_64-debian-clang 0.1.2 2.03 23.90 25.94 NOTE
r-devel-linux-x86_64-debian-gcc 0.1.2 1.90 22.08 23.98 NOTE
r-devel-linux-x86_64-fedora-clang 0.1.2 53.41 NOTE
r-devel-linux-x86_64-fedora-gcc 0.1.2 46.89 NOTE
r-devel-osx-x86_64-clang 0.1.2 49.47 NOTE
r-devel-windows-ix86+x86_64 0.1.2 5.00 33.00 38.00 NOTE
r-patched-linux-x86_64 0.1.2 2.33 23.72 26.05 NOTE
r-patched-solaris-sparc 0.1.2 320.20 NOTE
r-patched-solaris-x86 0.1.2 64.80 NOTE
r-release-linux-ix86 0.1.2 2.46 29.67 32.14 NOTE
r-release-linux-x86_64 0.1.2 2.13 23.73 25.86 NOTE
r-release-osx-x86_64-mavericks 0.1.2 NOTE
r-release-windows-ix86+x86_64 0.1.2 5.00 35.00 40.00 NOTE
r-oldrel-windows-ix86+x86_64 0.1.2 5.00 35.00 40.00 NOTE

Check Details

Version: 0.1.2
Check: top-level files
Result: NOTE
    Non-standard file/directory found at top level:
     ‘changes.txt’
Flavors: r-devel-linux-x86_64-debian-clang, r-devel-linux-x86_64-debian-gcc, r-devel-linux-x86_64-fedora-clang, r-devel-linux-x86_64-fedora-gcc, r-patched-linux-x86_64, r-release-linux-x86_64

Version: 0.1.2
Check: dependencies in R code
Result: NOTE
    Package in Depends field not imported from: ‘methods’
     These packages need to be imported from (in the NAMESPACE file)
     for when this namespace is loaded but not attached.
    See the information on DESCRIPTION files in the chapter ‘Creating R
    packages’ of the ‘Writing R Extensions’ manual.
Flavors: r-devel-linux-x86_64-debian-clang, r-devel-linux-x86_64-debian-gcc, r-devel-linux-x86_64-fedora-clang, r-devel-linux-x86_64-fedora-gcc, r-devel-osx-x86_64-clang, r-devel-windows-ix86+x86_64, r-patched-linux-x86_64, r-patched-solaris-sparc, r-patched-solaris-x86, r-release-linux-ix86, r-release-linux-x86_64, r-release-osx-x86_64-mavericks, r-release-windows-ix86+x86_64, r-oldrel-windows-ix86+x86_64