CRAN Package Check Results for Package giRaph

Last updated on 2014-07-26 10:48:25.

Flavor Version Tinstall Tcheck Ttotal Status Flags
r-devel-linux-x86_64-debian-clang 0.1.2 2.15 24.60 26.75 NOTE
r-devel-linux-x86_64-debian-gcc 0.1.2 2.09 24.31 26.40 NOTE
r-devel-linux-x86_64-fedora-clang 0.1.2 55.13 NOTE
r-devel-linux-x86_64-fedora-gcc 0.1.2 53.03 NOTE
r-devel-osx-x86_64-clang 0.1.2 52.26 NOTE
r-devel-windows-ix86+x86_64 0.1.2 5.00 37.00 42.00 NOTE
r-patched-linux-x86_64 0.1.2 2.32 24.14 26.46 NOTE
r-patched-solaris-sparc 0.1.2 326.30 NOTE
r-patched-solaris-x86 0.1.2 69.50 NOTE
r-release-linux-ix86 0.1.2 2.58 33.03 35.61 NOTE
r-release-linux-x86_64 0.1.2 2.18 25.27 27.45 NOTE
r-release-osx-x86_64-mavericks 0.1.2 NOTE
r-release-windows-ix86+x86_64 0.1.2 5.00 37.00 42.00 NOTE
r-oldrel-windows-ix86+x86_64 0.1.2 5.00 36.00 41.00 NOTE

Check Details

Version: 0.1.2
Check: dependencies in R code
Result: NOTE
    Package in Depends field not imported from: ‘methods’
     These packages need to be imported from (in the NAMESPACE file)
     for when this namespace is loaded but not attached.
    See the information on DESCRIPTION files in the chapter ‘Creating R
    packages’ of the ‘Writing R Extensions’ manual.
Flavors: r-devel-linux-x86_64-debian-clang, r-devel-linux-x86_64-debian-gcc, r-devel-linux-x86_64-fedora-clang, r-devel-linux-x86_64-fedora-gcc, r-devel-osx-x86_64-clang, r-devel-windows-ix86+x86_64, r-patched-linux-x86_64, r-patched-solaris-sparc, r-patched-solaris-x86, r-release-linux-ix86, r-release-linux-x86_64, r-release-osx-x86_64-mavericks, r-release-windows-ix86+x86_64, r-oldrel-windows-ix86+x86_64

Version: 0.1.2
Check: top-level files
Result: NOTE
    Non-standard file/directory found at top level:
     ‘changes.txt’
Flavors: r-devel-linux-x86_64-fedora-clang, r-devel-linux-x86_64-fedora-gcc