CRAN Package Check Results for Package giRaph

Last updated on 2015-01-31 19:51:24.

Flavor Version Tinstall Tcheck Ttotal Status Flags
r-devel-linux-x86_64-debian-clang 0.1.2 1.70 20.86 22.57 NOTE
r-devel-linux-x86_64-debian-gcc 0.1.2 2.47 19.40 21.87 NOTE
r-devel-linux-x86_64-fedora-clang 0.1.2 52.02 NOTE
r-devel-linux-x86_64-fedora-gcc 0.1.2 48.02 NOTE
r-devel-osx-x86_64-clang 0.1.2 48.91 NOTE
r-devel-windows-ix86+x86_64 0.1.2 9.00 31.00 40.00 NOTE
r-patched-linux-x86_64 0.1.2 2.13 24.11 26.24 NOTE
r-patched-solaris-sparc 0.1.2 316.30 NOTE
r-patched-solaris-x86 0.1.2 65.30 NOTE
r-release-linux-ix86 0.1.2 2.46 30.32 32.78 NOTE
r-release-linux-x86_64 0.1.2 3.31 23.74 27.05 NOTE
r-release-osx-x86_64-mavericks 0.1.2 NOTE
r-release-windows-ix86+x86_64 0.1.2 6.00 39.00 45.00 NOTE
r-oldrel-windows-ix86+x86_64 0.1.2 6.00 41.00 47.00 NOTE

Check Details

Version: 0.1.2
Check: top-level files
Result: NOTE
    Non-standard file/directory found at top level:
     ‘changes.txt’
Flavors: r-devel-linux-x86_64-debian-clang, r-devel-linux-x86_64-debian-gcc, r-devel-linux-x86_64-fedora-clang, r-devel-linux-x86_64-fedora-gcc, r-patched-linux-x86_64, r-release-linux-ix86, r-release-linux-x86_64

Version: 0.1.2
Check: dependencies in R code
Result: NOTE
    'library' or 'require' call to ‘mathgraph’ in package code.
     Please use :: or requireNamespace() instead.
     See section 'Suggested packages' in the 'Writing R Extensions' manual.
    Package in Depends field not imported from: ‘methods’
     These packages need to be imported from (in the NAMESPACE file)
     for when this namespace is loaded but not attached.
Flavors: r-devel-linux-x86_64-debian-clang, r-devel-linux-x86_64-debian-gcc, r-devel-linux-x86_64-fedora-clang, r-devel-linux-x86_64-fedora-gcc, r-devel-osx-x86_64-clang, r-devel-windows-ix86+x86_64

Version: 0.1.2
Check: dependencies in R code
Result: NOTE
    Package in Depends field not imported from: ‘methods’
     These packages need to be imported from (in the NAMESPACE file)
     for when this namespace is loaded but not attached.
    See the information on DESCRIPTION files in the chapter ‘Creating R
    packages’ of the ‘Writing R Extensions’ manual.
Flavors: r-patched-linux-x86_64, r-patched-solaris-sparc, r-patched-solaris-x86, r-release-linux-ix86, r-release-linux-x86_64, r-release-osx-x86_64-mavericks, r-release-windows-ix86+x86_64, r-oldrel-windows-ix86+x86_64