CRAN Package Check Results for Package giRaph

Last updated on 2015-02-27 04:46:47.

Flavor Version Tinstall Tcheck Ttotal Status Flags
r-devel-linux-x86_64-debian-clang 0.1.2 1.72 20.50 22.22 NOTE
r-devel-linux-x86_64-debian-gcc 0.1.2 1.66 20.35 22.00 NOTE
r-devel-linux-x86_64-fedora-clang 0.1.2 42.95 NOTE
r-devel-linux-x86_64-fedora-gcc 0.1.2 40.14 NOTE
r-devel-osx-x86_64-clang 0.1.2 45.30 NOTE
r-devel-windows-ix86+x86_64 0.1.2 6.00 29.00 35.00 NOTE
r-patched-linux-x86_64 0.1.2 2.66 23.92 26.58 NOTE
r-patched-solaris-sparc 0.1.2 345.10 NOTE
r-patched-solaris-x86 0.1.2 65.00 NOTE
r-release-linux-ix86 0.1.2 2.46 30.39 32.85 NOTE
r-release-linux-x86_64 0.1.2 2.38 0.26 2.63 OK
r-release-osx-x86_64-mavericks 0.1.2 NOTE
r-release-windows-ix86+x86_64 0.1.2 7.00 39.00 46.00 NOTE
r-oldrel-windows-ix86+x86_64 0.1.2 6.00 38.00 44.00 NOTE

Check Details

Version: 0.1.2
Check: DESCRIPTION meta-information
Result: NOTE
    Malformed Description field: should contain one or more complete sentences.
Flavors: r-devel-linux-x86_64-debian-clang, r-devel-linux-x86_64-debian-gcc, r-devel-linux-x86_64-fedora-clang, r-devel-linux-x86_64-fedora-gcc, r-devel-osx-x86_64-clang, r-devel-windows-ix86+x86_64

Version: 0.1.2
Check: top-level files
Result: NOTE
    Non-standard file/directory found at top level:
     ‘changes.txt’
Flavors: r-devel-linux-x86_64-debian-clang, r-devel-linux-x86_64-debian-gcc, r-devel-linux-x86_64-fedora-clang, r-devel-linux-x86_64-fedora-gcc, r-patched-linux-x86_64, r-release-linux-ix86

Version: 0.1.2
Check: dependencies in R code
Result: NOTE
    'library' or 'require' call to ‘mathgraph’ in package code.
     Please use :: or requireNamespace() instead.
     See section 'Suggested packages' in the 'Writing R Extensions' manual.
    Package in Depends field not imported from: ‘methods’
     These packages need to be imported from (in the NAMESPACE file)
     for when this namespace is loaded but not attached.
Flavors: r-devel-linux-x86_64-debian-clang, r-devel-linux-x86_64-debian-gcc, r-devel-linux-x86_64-fedora-clang, r-devel-linux-x86_64-fedora-gcc, r-devel-osx-x86_64-clang, r-devel-windows-ix86+x86_64, r-patched-linux-x86_64, r-patched-solaris-sparc, r-patched-solaris-x86

Version: 0.1.2
Check: dependencies in R code
Result: NOTE
    Package in Depends field not imported from: ‘methods’
     These packages need to be imported from (in the NAMESPACE file)
     for when this namespace is loaded but not attached.
    See the information on DESCRIPTION files in the chapter ‘Creating R
    packages’ of the ‘Writing R Extensions’ manual.
Flavors: r-release-linux-ix86, r-release-osx-x86_64-mavericks, r-release-windows-ix86+x86_64, r-oldrel-windows-ix86+x86_64