CRAN Package Check Results for Package giRaph

Last updated on 2015-05-04 10:47:30.

Flavor Version Tinstall Tcheck Ttotal Status Flags
r-devel-linux-x86_64-debian-clang 0.1.2 1.65 20.57 22.22 NOTE
r-devel-linux-x86_64-debian-gcc 0.1.2 1.63 19.40 21.03 NOTE
r-devel-linux-x86_64-fedora-clang 0.1.2 43.44 NOTE
r-devel-linux-x86_64-fedora-gcc 0.1.2 40.37 NOTE
r-devel-osx-x86_64-clang 0.1.2 41.38 NOTE
r-devel-windows-ix86+x86_64 0.1.2 5.00 32.00 37.00 NOTE
r-patched-linux-x86_64 0.1.2 1.67 19.91 21.58 NOTE
r-patched-solaris-sparc 0.1.2 282.50 NOTE
r-patched-solaris-x86 0.1.2 54.40 NOTE
r-release-linux-x86_64 0.1.2 1.64 19.92 21.56 NOTE
r-release-osx-x86_64-mavericks 0.1.2 NOTE
r-release-osx-x86_64-snowleopard 0.1.2 NOTE
r-release-windows-ix86+x86_64 0.1.2 5.00 32.00 37.00 NOTE
r-oldrel-windows-ix86+x86_64 0.1.2 4.00 44.00 48.00 NOTE

Check Details

Version: 0.1.2
Check: DESCRIPTION meta-information
Result: NOTE
    Malformed Description field: should contain one or more complete sentences.
Flavors: r-devel-linux-x86_64-debian-clang, r-devel-linux-x86_64-debian-gcc, r-devel-linux-x86_64-fedora-clang, r-devel-linux-x86_64-fedora-gcc, r-devel-osx-x86_64-clang, r-devel-windows-ix86+x86_64, r-patched-linux-x86_64, r-patched-solaris-sparc, r-patched-solaris-x86, r-release-linux-x86_64, r-release-osx-x86_64-mavericks, r-release-osx-x86_64-snowleopard, r-release-windows-ix86+x86_64

Version: 0.1.2
Check: top-level files
Result: NOTE
    Non-standard file/directory found at top level:
     ‘changes.txt’
Flavors: r-devel-linux-x86_64-debian-clang, r-devel-linux-x86_64-debian-gcc, r-devel-linux-x86_64-fedora-clang, r-devel-linux-x86_64-fedora-gcc, r-patched-linux-x86_64, r-release-linux-x86_64

Version: 0.1.2
Check: dependencies in R code
Result: NOTE
    'library' or 'require' call to ‘mathgraph’ in package code.
     Please use :: or requireNamespace() instead.
     See section 'Suggested packages' in the 'Writing R Extensions' manual.
    Package in Depends field not imported from: ‘methods’
     These packages need to be imported from (in the NAMESPACE file)
     for when this namespace is loaded but not attached.
Flavors: r-devel-linux-x86_64-debian-clang, r-devel-linux-x86_64-debian-gcc, r-devel-linux-x86_64-fedora-clang, r-devel-linux-x86_64-fedora-gcc, r-devel-osx-x86_64-clang, r-devel-windows-ix86+x86_64, r-patched-linux-x86_64, r-patched-solaris-sparc, r-patched-solaris-x86, r-release-linux-x86_64, r-release-osx-x86_64-mavericks, r-release-osx-x86_64-snowleopard, r-release-windows-ix86+x86_64, r-oldrel-windows-ix86+x86_64

Version: 0.1.2
Check: package dependencies
Result: NOTE
    Package suggested but not available for checking: ‘dynamicGraph’
Flavor: r-release-osx-x86_64-snowleopard

Version: 0.1.2
Check: Rd cross-references
Result: NOTE
    Package unavailable to check Rd xrefs: ‘dynamicGraph’
Flavor: r-release-osx-x86_64-snowleopard