CRAN Package Check Results for Package giRaph

Last updated on 2014-09-30 17:48:26.

Flavor Version Tinstall Tcheck Ttotal Status Flags
r-devel-linux-x86_64-debian-clang 0.1.2 2.01 23.56 25.56 NOTE
r-devel-linux-x86_64-debian-gcc 0.1.2 1.96 23.42 25.38 NOTE
r-devel-linux-x86_64-fedora-clang 0.1.2 53.53 NOTE
r-devel-linux-x86_64-fedora-gcc 0.1.2 51.26 NOTE
r-devel-osx-x86_64-clang 0.1.2 48.22 NOTE
r-devel-windows-ix86+x86_64 0.1.2 5.00 35.00 40.00 NOTE
r-patched-linux-x86_64 0.1.2 2.16 25.52 27.68 NOTE
r-patched-solaris-sparc 0.1.2 320.20 NOTE
r-patched-solaris-x86 0.1.2 71.50 NOTE
r-release-linux-ix86 0.1.2 2.62 33.04 35.66 NOTE
r-release-linux-x86_64 0.1.2 2.18 25.53 27.71 NOTE
r-release-osx-x86_64-mavericks 0.1.2 NOTE
r-release-windows-ix86+x86_64 0.1.2 4.00 37.00 41.00 NOTE
r-oldrel-windows-ix86+x86_64 0.1.2 5.00 33.00 38.00 NOTE

Check Details

Version: 0.1.2
Check: top-level files
Result: NOTE
    Non-standard file/directory found at top level:
     ‘changes.txt’
Flavors: r-devel-linux-x86_64-debian-clang, r-devel-linux-x86_64-debian-gcc, r-devel-linux-x86_64-fedora-clang, r-devel-linux-x86_64-fedora-gcc, r-patched-linux-x86_64, r-release-linux-x86_64

Version: 0.1.2
Check: dependencies in R code
Result: NOTE
    Package in Depends field not imported from: ‘methods’
     These packages need to be imported from (in the NAMESPACE file)
     for when this namespace is loaded but not attached.
    See the information on DESCRIPTION files in the chapter ‘Creating R
    packages’ of the ‘Writing R Extensions’ manual.
Flavors: r-devel-linux-x86_64-debian-clang, r-devel-linux-x86_64-debian-gcc, r-devel-linux-x86_64-fedora-clang, r-devel-linux-x86_64-fedora-gcc, r-devel-osx-x86_64-clang, r-devel-windows-ix86+x86_64, r-patched-linux-x86_64, r-patched-solaris-sparc, r-patched-solaris-x86, r-release-linux-ix86, r-release-linux-x86_64, r-release-osx-x86_64-mavericks, r-release-windows-ix86+x86_64, r-oldrel-windows-ix86+x86_64