CRAN Package Check Results for Package giRaph

Last updated on 2014-04-25 05:47:16.

Flavor Version Tinstall Tcheck Ttotal Status Flags
r-devel-linux-x86_64-debian-clang 0.1.2 2.30 26.09 28.38 NOTE
r-devel-linux-x86_64-debian-gcc 0.1.2 2.38 25.92 28.30 NOTE
r-devel-linux-x86_64-fedora-clang 0.1.2 55.49 NOTE
r-devel-linux-x86_64-fedora-gcc 0.1.2 53.35 NOTE
r-devel-osx-x86_64-clang 0.1.2 48.45 NOTE
r-devel-osx-x86_64-gcc 0.1.2 NOTE
r-devel-windows-ix86+x86_64 0.1.2 5.00 36.00 41.00 NOTE
r-patched-linux-x86_64 0.1.2 2.36 26.81 29.17 NOTE
r-patched-solaris-sparc 0.1.2 326.30 NOTE
r-patched-solaris-x86 0.1.2 70.80 NOTE
r-release-linux-ix86 0.1.2 3.00 44.00 47.00 NOTE
r-release-linux-x86_64 0.1.2 2.25 26.50 28.76 NOTE
r-release-osx-x86_64-mavericks 0.1.2 WARN
r-release-windows-ix86+x86_64 0.1.2 5.00 36.00 41.00 NOTE
r-oldrel-windows-ix86+x86_64 0.1.2 5.00 37.00 42.00 NOTE

Check Details

Version: 0.1.2
Check: dependencies in R code
Result: NOTE
    Package in Depends field not imported from: ‘methods’
     These packages need to be imported from (in the NAMESPACE file)
     for when this namespace is loaded but not attached.
    See the information on DESCRIPTION files in the chapter ‘Creating R
    packages’ of the ‘Writing R Extensions’ manual.
Flavors: r-devel-linux-x86_64-debian-clang, r-devel-linux-x86_64-debian-gcc, r-devel-linux-x86_64-fedora-clang, r-devel-linux-x86_64-fedora-gcc, r-devel-osx-x86_64-clang, r-devel-osx-x86_64-gcc, r-devel-windows-ix86+x86_64, r-patched-linux-x86_64, r-patched-solaris-sparc, r-patched-solaris-x86, r-release-linux-ix86, r-release-linux-x86_64, r-release-osx-x86_64-mavericks, r-release-windows-ix86+x86_64, r-oldrel-windows-ix86+x86_64

Version: 0.1.2
Check: top-level files
Result: NOTE
    Non-standard file/directory found at top level:
     ‘changes.txt’
Flavors: r-devel-linux-x86_64-fedora-clang, r-devel-linux-x86_64-fedora-gcc

Version: 0.1.2
Check: package dependencies
Result: NOTE
    Package suggested but not available for checking: ‘dynamicGraph’
Flavor: r-devel-osx-x86_64-gcc

Version: 0.1.2
Check: Rd cross-references
Result: NOTE
    Package unavailable to check Rd xrefs: ‘dynamicGraph’
Flavor: r-devel-osx-x86_64-gcc

Version: 0.1.2
Check: PDF version of manual
Result: WARNING
    LaTeX errors when creating PDF version.
    This typically indicates Rd problems.
    LaTeX errors found:
    ! LaTeX Error: File `upquote.sty' not found.
    
    Type X to quit or <RETURN> to proceed,
    or enter new name. (Default extension: sty)
    
    f732429/Rd2.tex:8: ==> Fatal error occurred, no output PDF file produced!
Flavor: r-release-osx-x86_64-mavericks