CRAN Package Check Results for Package gifski

Last updated on 2019-08-24 22:46:26 CEST.

Flavor Version Tinstall Tcheck Ttotal Status Flags
r-devel-linux-x86_64-debian-clang 0.8.6 156.42 17.92 174.34 OK
r-devel-linux-x86_64-debian-gcc 0.8.6 118.80 14.76 133.56 OK
r-devel-linux-x86_64-fedora-clang 0.8.6 347.65 OK
r-devel-linux-x86_64-fedora-gcc 0.8.6 366.21 OK
r-devel-windows-ix86+x86_64 0.8.6 18.00 64.00 82.00 OK
r-patched-linux-x86_64 0.8.6 156.81 18.12 174.93 OK
r-release-linux-x86_64 0.8.6 156.71 18.26 174.97 OK
r-release-windows-ix86+x86_64 0.8.6 26.00 74.00 100.00 OK
r-release-osx-x86_64 0.8.6 NOTE
r-oldrel-windows-ix86+x86_64 0.8.6 25.00 63.00 88.00 OK
r-oldrel-osx-x86_64 0.8.6 NOTE

Check Details

Version: 0.8.6
Check: installed package size
Result: NOTE
     installed size is 6.8Mb
     sub-directories of 1Mb or more:
     libs 6.7Mb
Flavors: r-release-osx-x86_64, r-oldrel-osx-x86_64