CRAN Package Check Results for Package gifski

Last updated on 2019-02-22 07:48:08 CET.

Flavor Version Tinstall Tcheck Ttotal Status Flags
r-devel-linux-x86_64-debian-clang 0.8.6 208.28 17.94 226.22 OK
r-devel-linux-x86_64-debian-gcc 0.8.6 151.92 14.83 166.75 OK
r-devel-linux-x86_64-fedora-clang 0.8.6 330.21 OK
r-devel-linux-x86_64-fedora-gcc 0.8.6 326.82 OK
r-devel-windows-ix86+x86_64 0.8.6 20.00 50.00 70.00 OK
r-patched-linux-x86_64 0.8.6 211.95 17.07 229.02 OK
r-release-linux-x86_64 0.8.6 OK
r-release-windows-ix86+x86_64 0.8.6 14.00 76.00 90.00 OK
r-release-osx-x86_64 0.8.6 NOTE
r-oldrel-windows-ix86+x86_64 0.8.6 14.00 45.00 59.00 OK
r-oldrel-osx-x86_64 0.8.6 NOTE

Check Details

Version: 0.8.6
Check: installed package size
Result: NOTE
     installed size is 6.8Mb
     sub-directories of 1Mb or more:
     libs 6.7Mb
Flavors: r-release-osx-x86_64, r-oldrel-osx-x86_64