CRAN Package Check Results for Package gifski

Last updated on 2019-04-23 10:48:08 CEST.

Flavor Version Tinstall Tcheck Ttotal Status Flags
r-devel-linux-x86_64-debian-clang 0.8.6 209.73 17.71 227.44 OK
r-devel-linux-x86_64-debian-gcc 0.8.6 152.05 14.74 166.79 OK
r-devel-linux-x86_64-fedora-clang 0.8.6 338.95 OK
r-devel-linux-x86_64-fedora-gcc 0.8.6 328.40 OK
r-devel-windows-ix86+x86_64 0.8.6 20.00 49.00 69.00 OK
r-patched-linux-x86_64 0.8.6 209.66 18.03 227.69 OK
r-release-linux-x86_64 0.8.6 210.29 17.14 227.43 OK
r-release-windows-ix86+x86_64 0.8.6 15.00 74.00 89.00 OK
r-release-osx-x86_64 0.8.6 NOTE
r-oldrel-windows-ix86+x86_64 0.8.6 15.00 57.00 72.00 OK
r-oldrel-osx-x86_64 0.8.6 NOTE

Check Details

Version: 0.8.6
Check: installed package size
Result: NOTE
     installed size is 6.8Mb
     sub-directories of 1Mb or more:
     libs 6.7Mb
Flavors: r-release-osx-x86_64, r-oldrel-osx-x86_64