CRAN Package Check Results for Package gifti

Last updated on 2024-06-16 10:55:33 CEST.

Flavor Version Tinstall Tcheck Ttotal Status Flags
r-devel-linux-x86_64-debian-clang 0.8.0 4.41 62.30 66.71 NOTE
r-devel-linux-x86_64-debian-gcc 0.8.0 2.74 49.94 52.68 NOTE
r-devel-linux-x86_64-fedora-clang 0.8.0 85.32 NOTE
r-devel-linux-x86_64-fedora-gcc 0.8.0 93.58 NOTE
r-devel-windows-x86_64 0.8.0 4.00 181.00 185.00 NOTE
r-patched-linux-x86_64 0.8.0 3.35 62.00 65.35 NOTE
r-release-linux-x86_64 0.8.0 3.35 60.77 64.12 NOTE
r-release-macos-arm64 0.8.0 50.00 NOTE
r-release-macos-x86_64 0.8.0 65.00 NOTE
r-release-windows-x86_64 0.8.0 4.00 351.00 355.00 NOTE
r-oldrel-macos-arm64 0.8.0 45.00 NOTE
r-oldrel-macos-x86_64 0.8.0 60.00 NOTE
r-oldrel-windows-x86_64 0.8.0 5.00 202.00 207.00 NOTE

Check Details

Version: 0.8.0
Check: LazyData
Result: NOTE 'LazyData' is specified without a 'data' directory Flavors: r-devel-linux-x86_64-debian-clang, r-devel-linux-x86_64-debian-gcc, r-devel-linux-x86_64-fedora-clang, r-devel-linux-x86_64-fedora-gcc, r-devel-windows-x86_64, r-patched-linux-x86_64, r-release-linux-x86_64, r-release-macos-arm64, r-release-macos-x86_64, r-release-windows-x86_64, r-oldrel-macos-arm64, r-oldrel-macos-x86_64, r-oldrel-windows-x86_64