CRAN Package Check Results for Package githubinstall

Last updated on 2019-03-26 19:47:07 CET.

Flavor Version Tinstall Tcheck Ttotal Status Flags
r-devel-linux-x86_64-debian-clang 0.2.2 6.01 59.80 65.81 OK
r-devel-linux-x86_64-debian-gcc 0.2.2 5.15 46.55 51.70 OK
r-devel-linux-x86_64-fedora-clang 0.2.2 80.52 NOTE
r-devel-linux-x86_64-fedora-gcc 0.2.2 76.12 NOTE
r-devel-windows-ix86+x86_64 0.2.2 16.00 80.00 96.00 OK
r-patched-linux-x86_64 0.2.2 3.86 57.76 61.62 OK
r-patched-solaris-x86 0.2.2 107.70 NOTE
r-release-linux-x86_64 0.2.2 2.69 56.61 59.30 OK
r-release-windows-ix86+x86_64 0.2.2 20.00 77.00 97.00 OK
r-release-osx-x86_64 0.2.2 NOTE
r-oldrel-windows-ix86+x86_64 0.2.2 11.00 134.00 145.00 OK
r-oldrel-osx-x86_64 0.2.2 NOTE

Check Details

Version: 0.2.2
Check: dependencies in R code
Result: NOTE
    Namespace in Imports field not imported from: ‘mockery’
     All declared Imports should be used.
Flavors: r-devel-linux-x86_64-fedora-clang, r-devel-linux-x86_64-fedora-gcc, r-patched-solaris-x86, r-release-osx-x86_64, r-oldrel-osx-x86_64