CRAN Package Check Results for Package githubinstall

Last updated on 2022-05-19 17:51:26 CEST.

Flavor Version Tinstall Tcheck Ttotal Status Flags
r-devel-linux-x86_64-debian-clang 0.2.2 7.09 83.65 90.74 OK
r-devel-linux-x86_64-debian-gcc 0.2.2 5.47 61.07 66.54 OK
r-devel-linux-x86_64-fedora-clang 0.2.2 109.49 NOTE
r-devel-linux-x86_64-fedora-gcc 0.2.2 104.71 NOTE
r-devel-windows-x86_64 0.2.2 57.00 99.00 156.00 OK
r-patched-linux-x86_64 0.2.2 13.32 79.56 92.88 OK
r-release-linux-x86_64 0.2.2 5.83 78.45 84.28 OK
r-release-macos-arm64 0.2.2 32.00 NOTE
r-release-macos-x86_64 0.2.2 54.00 NOTE
r-release-windows-x86_64 0.2.2 64.00 103.00 167.00 OK
r-oldrel-macos-arm64 0.2.2 39.00 NOTE
r-oldrel-macos-x86_64 0.2.2 58.00 NOTE
r-oldrel-windows-ix86+x86_64 0.2.2 20.00 91.00 111.00 OK

Check Details

Version: 0.2.2
Check: dependencies in R code
Result: NOTE
    Namespace in Imports field not imported from: ‘mockery’
     All declared Imports should be used.
Flavors: r-devel-linux-x86_64-fedora-clang, r-devel-linux-x86_64-fedora-gcc, r-release-macos-arm64, r-release-macos-x86_64, r-oldrel-macos-arm64, r-oldrel-macos-x86_64