CRAN Package Check Results for Package gitter

Last updated on 2015-01-28 12:48:00.

Flavor Version Tinstall Tcheck Ttotal Status Flags
r-devel-linux-x86_64-debian-clang 1.0.4 2.28 34.64 36.92 NOTE
r-devel-linux-x86_64-debian-gcc 1.0.4 2.22 33.61 35.83 NOTE
r-devel-linux-x86_64-fedora-clang 1.0.4 95.27 NOTE
r-devel-linux-x86_64-fedora-gcc 1.0.4 93.28 NOTE
r-devel-osx-x86_64-clang 1.0.4 85.49 NOTE
r-devel-windows-ix86+x86_64 1.0.4 8.00 52.00 60.00 OK
r-patched-linux-x86_64 1.0.4 3.20 44.50 47.70 OK
r-release-linux-ix86 1.0.4 3.94 56.90 60.84 OK
r-release-linux-x86_64 1.0.4 3.28 44.98 48.26 OK
r-release-osx-x86_64-mavericks 1.0.4 ERROR
r-release-osx-x86_64-snowleopard 1.0.4 OK
r-release-windows-ix86+x86_64 1.0.4 13.00 83.00 96.00 OK
r-oldrel-windows-ix86+x86_64 1.0.4 11.00 81.00 92.00 OK

Check Details

Version: 1.0.4
Check: S3 generic/method consistency
Result: NOTE
    Found the following apparent S3 methods exported but not registered:
     summary.gitter plot.gitter
    See section ‘Registering S3 methods’ in the ‘Writing R Extensions’
    manual.
Flavors: r-devel-linux-x86_64-debian-clang, r-devel-linux-x86_64-debian-gcc, r-devel-linux-x86_64-fedora-clang, r-devel-linux-x86_64-fedora-gcc, r-devel-osx-x86_64-clang

Version: 1.0.4
Check: package dependencies
Result: ERROR
    Package required but not available: ‘EBImage’
    
    See the information on DESCRIPTION files in the chapter ‘Creating R
    packages’ of the ‘Writing R Extensions’ manual.
Flavor: r-release-osx-x86_64-mavericks