CRAN Package Check Results for Package gitter

Last updated on 2014-09-02 17:46:49.

Flavor Version Tinstall Tcheck Ttotal Status Flags
r-devel-linux-x86_64-debian-clang 1.0.4 3.06 42.21 45.26 OK
r-devel-linux-x86_64-debian-gcc 1.0.4 2.98 41.61 44.59 OK
r-devel-linux-x86_64-fedora-clang 1.0.4 97.81 OK
r-devel-linux-x86_64-fedora-gcc 1.0.4 89.38 OK
r-devel-osx-x86_64-clang 1.0.4 81.42 OK
r-devel-windows-ix86+x86_64 1.0.4 11.00 76.00 87.00 OK
r-patched-linux-x86_64 1.0.4 3.10 44.50 47.60 OK
r-release-linux-ix86 1.0.4 3.95 62.84 66.78 OK
r-release-linux-x86_64 1.0.4 3.17 45.59 48.76 OK
r-release-osx-x86_64-mavericks 1.0.4 ERROR
r-release-osx-x86_64-snowleopard 1.0.4 OK
r-release-windows-ix86+x86_64 1.0.4 13.00 77.00 90.00 OK
r-oldrel-windows-ix86+x86_64 1.0.4 12.00 77.00 89.00 OK

Check Details

Version: 1.0.4
Check: package dependencies
Result: ERROR
    Packages required but not available: ‘tiff’ ‘EBImage’
    
    See the information on DESCRIPTION files in the chapter ‘Creating R
    packages’ of the ‘Writing R Extensions’ manual.
Flavor: r-release-osx-x86_64-mavericks