CRAN Package Check Results for Package gitter

Last updated on 2015-04-01 02:48:16.

Flavor Version Tinstall Tcheck Ttotal Status Flags
r-devel-linux-x86_64-debian-clang 1.0.4 1.89 33.59 35.48 NOTE
r-devel-linux-x86_64-debian-gcc 1.0.4 1.86 32.42 34.28 NOTE
r-devel-linux-x86_64-fedora-clang 1.0.4 68.00 NOTE
r-devel-linux-x86_64-fedora-gcc 1.0.4 68.47 NOTE
r-devel-osx-x86_64-clang 1.0.4 71.39 NOTE
r-prerel-windows-ix86+x86_64 1.0.4 8.00 54.00 62.00 OK
r-prerel-linux-x86_64 1.0.4 1.88 31.88 33.75 NOTE
r-release-linux-x86_64 1.0.4 3.54 44.93 48.46 OK
r-release-osx-x86_64-mavericks 1.0.4 ERROR
r-release-osx-x86_64-snowleopard 1.0.4 OK
r-release-windows-ix86+x86_64 1.0.4 11.00 73.00 84.00 OK
r-oldrel-windows-ix86+x86_64 1.0.4 11.00 78.00 89.00 OK

Check Details

Version: 1.0.4
Check: S3 generic/method consistency
Result: NOTE
    Found the following apparent S3 methods exported but not registered:
     plot.gitter summary.gitter
    See section ‘Registering S3 methods’ in the ‘Writing R Extensions’
    manual.
Flavors: r-devel-linux-x86_64-debian-clang, r-devel-linux-x86_64-debian-gcc, r-devel-linux-x86_64-fedora-clang, r-devel-linux-x86_64-fedora-gcc, r-devel-osx-x86_64-clang, r-prerel-linux-x86_64

Version: 1.0.4
Check: package dependencies
Result: ERROR
    Package required but not available: ‘EBImage’
    
    See section ‘The DESCRIPTION file’ in the ‘Writing R Extensions’
    manual.
Flavor: r-release-osx-x86_64-mavericks