CRAN Package Check Results for Package gitter

Last updated on 2015-05-29 21:46:39.

Flavor Version Tinstall Tcheck Ttotal Status Flags
r-devel-linux-x86_64-debian-clang 1.0.4 1.98 32.81 34.79 NOTE
r-devel-linux-x86_64-debian-gcc 1.0.4 1.88 31.80 33.68 NOTE
r-devel-linux-x86_64-fedora-clang 1.0.4 70.17 NOTE
r-devel-linux-x86_64-fedora-gcc 1.0.4 66.35 NOTE
r-devel-osx-x86_64-clang 1.0.4 65.75 NOTE
r-devel-windows-ix86+x86_64 1.0.4 7.00 55.00 62.00 OK
r-patched-linux-x86_64 1.0.4 1.84 32.62 34.46 NOTE
r-release-linux-x86_64 1.0.4 2.16 32.94 35.10 NOTE
r-release-osx-x86_64-mavericks 1.0.4 OK
r-release-osx-x86_64-snowleopard 1.0.4 ERROR
r-release-windows-ix86+x86_64 1.0.4 7.00 52.00 59.00 OK
r-oldrel-windows-ix86+x86_64 1.0.4 14.00 85.00 99.00 OK

Check Details

Version: 1.0.4
Check: S3 generic/method consistency
Result: NOTE
    Found the following apparent S3 methods exported but not registered:
     plot.gitter summary.gitter
    See section ‘Registering S3 methods’ in the ‘Writing R Extensions’
    manual.
Flavors: r-devel-linux-x86_64-debian-clang, r-devel-linux-x86_64-debian-gcc, r-devel-linux-x86_64-fedora-clang, r-devel-linux-x86_64-fedora-gcc, r-devel-osx-x86_64-clang, r-patched-linux-x86_64, r-release-linux-x86_64

Version: 1.0.4
Check: package dependencies
Result: ERROR
    Package required but not available: ‘EBImage’
    
    See section ‘The DESCRIPTION file’ in the ‘Writing R Extensions’
    manual.
Flavor: r-release-osx-x86_64-snowleopard