CRAN Package Check Results for Package gitter

Last updated on 2015-03-02 19:52:15.

Flavor Version Tinstall Tcheck Ttotal Status Flags
r-devel-linux-x86_64-debian-clang 1.0.4 1.98 32.10 34.08 NOTE
r-devel-linux-x86_64-debian-gcc 1.0.4 1.82 31.12 32.94 NOTE
r-devel-linux-x86_64-fedora-clang 1.0.4 67.45 NOTE
r-devel-linux-x86_64-fedora-gcc 1.0.4 65.98 NOTE
r-devel-osx-x86_64-clang 1.0.4 65.59 NOTE
r-devel-windows-ix86+x86_64 1.0.4 14.00 70.00 84.00 OK
r-patched-linux-x86_64 1.0.4 3.72 47.13 50.86 OK
r-release-linux-ix86 1.0.4 4.16 57.88 62.04 OK
r-release-linux-x86_64 1.0.4 3.68 45.59 49.28 OK
r-release-osx-x86_64-mavericks 1.0.4 ERROR
r-release-osx-x86_64-snowleopard 1.0.4 OK
r-release-windows-ix86+x86_64 1.0.4 19.00 106.00 125.00 OK
r-oldrel-windows-ix86+x86_64 1.0.4 14.00 75.00 89.00 OK

Check Details

Version: 1.0.4
Check: S3 generic/method consistency
Result: NOTE
    Found the following apparent S3 methods exported but not registered:
     plot.gitter summary.gitter
    See section ‘Registering S3 methods’ in the ‘Writing R Extensions’
    manual.
Flavors: r-devel-linux-x86_64-debian-clang, r-devel-linux-x86_64-debian-gcc, r-devel-linux-x86_64-fedora-clang, r-devel-linux-x86_64-fedora-gcc, r-devel-osx-x86_64-clang

Version: 1.0.4
Check: package dependencies
Result: ERROR
    Package required but not available: ‘EBImage’
    
    See section ‘The DESCRIPTION file’ in the ‘Writing R Extensions’
    manual.
Flavor: r-release-osx-x86_64-mavericks