CRAN Package Check Results for Package gitter

Last updated on 2017-12-18 21:11:04 CET.

Flavor Version Tinstall Tcheck Ttotal Status Flags
r-devel-linux-x86_64-debian-clang 1.1.1 2.54 48.82 51.36 OK
r-devel-linux-x86_64-debian-gcc 1.1.1 2.66 44.55 47.21 OK
r-devel-linux-x86_64-fedora-clang 1.1.1 69.07 OK
r-devel-linux-x86_64-fedora-gcc 1.1.1 67.11 OK
r-devel-windows-ix86+x86_64 1.1.1 7.00 68.00 75.00 OK
r-patched-linux-x86_64 1.1.1 2.54 58.08 60.62 OK
r-patched-solaris-x86 1.1.1 103.00 OK
r-release-linux-x86_64 1.1.1 3.10 57.93 61.03 OK
r-release-windows-ix86+x86_64 1.1.1 6.00 58.00 64.00 OK
r-release-osx-x86_64 1.1.1 ERROR
r-oldrel-windows-ix86+x86_64 1.1.1 10.00 73.00 83.00 OK
r-oldrel-osx-x86_64 1.1.1 OK

Check Details

Version: 1.1.1
Check: package dependencies
Result: ERROR
    Package required but not available: ‘EBImage’
    
    See section ‘The DESCRIPTION file’ in the ‘Writing R Extensions’
    manual.
Flavor: r-release-osx-x86_64