CRAN Package Check Results for Package gitter

Last updated on 2017-10-21 22:46:40.

Flavor Version Tinstall Tcheck Ttotal Status Flags
r-devel-linux-x86_64-debian-clang 1.1.1 2.33 37.90 40.23 OK
r-devel-linux-x86_64-debian-gcc 1.1.1 2.84 42.45 45.29 OK
r-devel-linux-x86_64-fedora-clang 1.1.1 74.21 OK
r-devel-linux-x86_64-fedora-gcc 1.1.1 72.82 OK
r-devel-windows-ix86+x86_64 1.1.1 7.00 68.00 75.00 OK
r-patched-linux-x86_64 1.1.1 2.20 36.03 38.22 OK
r-release-linux-x86_64 1.1.1 2.14 33.94 36.08 OK
r-release-windows-ix86+x86_64 1.1.1 11.00 64.00 75.00 OK
r-release-osx-x86_64 1.1.1 ERROR
r-oldrel-windows-ix86+x86_64 1.1.1 9.00 77.00 86.00 OK
r-oldrel-osx-x86_64 1.1.1 OK

Check Details

Version: 1.1.1
Check: package dependencies
Result: ERROR
    Package required but not available: ‘EBImage’
    
    See section ‘The DESCRIPTION file’ in the ‘Writing R Extensions’
    manual.
Flavor: r-release-osx-x86_64