CRAN Package Check Results for Package gitter

Last updated on 2014-07-25 17:48:01.

Flavor Version Tinstall Tcheck Ttotal Status Flags
r-devel-linux-x86_64-debian-clang 1.0.4 3.16 43.82 46.98 OK
r-devel-linux-x86_64-debian-gcc 1.0.4 3.12 43.57 46.69 OK
r-devel-linux-x86_64-fedora-clang 1.0.4 98.62 OK
r-devel-linux-x86_64-fedora-gcc 1.0.4 92.17 OK
r-devel-osx-x86_64-clang 1.0.4 83.90 OK
r-devel-windows-ix86+x86_64 1.0.4 11.00 66.00 77.00 OK
r-patched-linux-x86_64 1.0.4 3.16 44.30 47.45 OK
r-release-linux-ix86 1.0.4 3.90 62.72 66.62 OK
r-release-linux-x86_64 1.0.4 3.39 46.92 50.31 OK
r-release-osx-x86_64-mavericks 1.0.4 ERROR
r-release-osx-x86_64-snowleopard 1.0.4 OK
r-release-windows-ix86+x86_64 1.0.4 13.00 77.00 90.00 OK
r-oldrel-windows-ix86+x86_64 1.0.4 10.00 76.00 86.00 OK

Check Details

Version: 1.0.4
Check: package dependencies
Result: ERROR
    Packages required but not available: ‘tiff’ ‘EBImage’
    
    See the information on DESCRIPTION files in the chapter ‘Creating R
    packages’ of the ‘Writing R Extensions’ manual.
Flavor: r-release-osx-x86_64-mavericks