CRAN Package Check Results for Package gitter

Last updated on 2014-04-17 06:46:50.

Flavor Version Tinstall Tcheck Ttotal Status Flags
r-devel-linux-x86_64-debian-clang 1.0.4 3.44 47.56 51.01 OK
r-devel-linux-x86_64-debian-gcc 1.0.4 3.41 46.77 50.18 OK
r-devel-linux-x86_64-fedora-clang 1.0.4 102.90 OK
r-devel-linux-x86_64-fedora-gcc 1.0.4 95.88 OK
r-devel-macosx-x86_64-clang 1.0.4 98.18 OK
r-devel-macosx-x86_64-gcc 1.0.4 ERROR
r-devel-windows-ix86+x86_64 1.0.4 10.00 77.00 87.00 OK
r-patched-linux-x86_64 1.0.4 3.42 47.72 51.14 OK
r-release-linux-ix86 1.0.4 9.00 90.00 99.00 OK
r-release-linux-x86_64 1.0.4 3.61 47.84 51.44 OK
r-release-macosx-x86_64 1.0.4 ERROR
r-release-windows-ix86+x86_64 1.0.4 13.00 80.00 93.00 OK
r-oldrel-windows-ix86+x86_64 1.0.4 13.00 78.00 91.00 OK

Check Details

Version: 1.0.4
Check: package dependencies
Result: ERROR
    Packages required but not available: ‘ggplot2’ ‘EBImage’
    
    See the information on DESCRIPTION files in the chapter ‘Creating R
    packages’ of the ‘Writing R Extensions’ manual.
Flavor: r-devel-macosx-x86_64-gcc

Version: 1.0.4
Check: package dependencies
Result: ERROR
    Package required but not available: ‘EBImage’
    
    See the information on DESCRIPTION files in the chapter ‘Creating R
    packages’ of the ‘Writing R Extensions’ manual.
Flavor: r-release-macosx-x86_64