CRAN Package Check Results for Package gitter

Last updated on 2014-12-18 00:48:49.

Flavor Version Tinstall Tcheck Ttotal Status Flags
r-devel-linux-x86_64-debian-clang 1.0.4 3.19 43.72 46.91 OK
r-devel-linux-x86_64-debian-gcc 1.0.4 3.19 44.86 48.04 OK
r-devel-linux-x86_64-fedora-clang 1.0.4 96.54 OK
r-devel-linux-x86_64-fedora-gcc 1.0.4 85.48 OK
r-devel-osx-x86_64-clang 1.0.4 88.96 OK
r-devel-windows-ix86+x86_64 1.0.4 11.00 71.00 82.00 OK
r-patched-linux-x86_64 1.0.4 3.24 44.79 48.03 OK
r-release-linux-ix86 1.0.4 3.91 56.57 60.48 OK
r-release-linux-x86_64 1.0.4 3.10 44.40 47.51 OK
r-release-osx-x86_64-mavericks 1.0.4 ERROR
r-release-osx-x86_64-snowleopard 1.0.4 OK
r-release-windows-ix86+x86_64 1.0.4 13.00 71.00 84.00 OK
r-oldrel-windows-ix86+x86_64 1.0.4 13.00 74.00 87.00 OK

Check Details

Version: 1.0.4
Check: package dependencies
Result: ERROR
    Packages required but not available: ‘tiff’ ‘EBImage’
    
    See the information on DESCRIPTION files in the chapter ‘Creating R
    packages’ of the ‘Writing R Extensions’ manual.
Flavor: r-release-osx-x86_64-mavericks