CRAN Package Check Results for Package gitter

Last updated on 2017-04-24 10:47:20.

Flavor Version Tinstall Tcheck Ttotal Status Flags
r-devel-linux-x86_64-debian-clang 1.1.1 2.08 35.29 37.37 OK
r-devel-linux-x86_64-debian-gcc 1.1.1 2.12 33.57 35.69 OK
r-devel-linux-x86_64-fedora-clang 1.1.1 64.93 OK --no-stop-on-test-error
r-devel-linux-x86_64-fedora-gcc 1.1.1 63.19 OK --no-stop-on-test-error
r-devel-windows-ix86+x86_64 1.1.1 10.00 82.00 92.00 OK
r-patched-linux-x86_64 1.1.1 1.98 34.42 36.39 OK
r-release-linux-x86_64 1.1.1 1.93 36.06 37.99 OK
r-release-windows-ix86+x86_64 1.1.1 7.00 65.00 72.00 OK
r-release-osx-x86_64 1.1.1 ERROR
r-oldrel-windows-ix86+x86_64 1.1.1 6.00 50.00 56.00 OK
r-oldrel-osx-x86_64 1.1.1 OK

Check Details

Version: 1.1.1
Check: package dependencies
Result: ERROR
    Package required but not available: ‘EBImage’
    
    See section ‘The DESCRIPTION file’ in the ‘Writing R Extensions’
    manual.
Flavor: r-release-osx-x86_64