CRAN Package Check Results for Package gitter

Last updated on 2017-08-21 06:46:42.

Flavor Version Tinstall Tcheck Ttotal Status Flags
r-devel-linux-x86_64-debian-clang 1.1.1 1.96 35.57 37.53 OK
r-devel-linux-x86_64-debian-gcc 1.1.1 1.96 33.72 35.67 OK
r-devel-linux-x86_64-fedora-clang 1.1.1 66.21 OK
r-devel-linux-x86_64-fedora-gcc 1.1.1 62.55 OK
r-devel-windows-ix86+x86_64 1.1.1 7.00 64.00 71.00 OK
r-patched-linux-x86_64 1.1.1 1.99 33.80 35.79 OK
r-release-linux-x86_64 1.1.1 2.02 35.10 37.12 OK
r-release-windows-ix86+x86_64 1.1.1 12.00 65.00 77.00 OK
r-release-osx-x86_64 1.1.1 ERROR
r-oldrel-windows-ix86+x86_64 1.1.1 8.00 55.00 63.00 OK
r-oldrel-osx-x86_64 1.1.1 OK

Check Details

Version: 1.1.1
Check: package dependencies
Result: ERROR
    Package required but not available: ‘EBImage’
    
    See section ‘The DESCRIPTION file’ in the ‘Writing R Extensions’
    manual.
Flavor: r-release-osx-x86_64