CRAN Package Check Results for Package gitter

Last updated on 2017-05-23 04:48:34.

Flavor Version Tinstall Tcheck Ttotal Status Flags
r-devel-linux-x86_64-debian-clang 1.1.1 2.02 34.84 36.85 OK
r-devel-linux-x86_64-debian-gcc 1.1.1 2.02 33.57 35.59 OK
r-devel-linux-x86_64-fedora-clang 1.1.1 66.80 OK --no-stop-on-test-error
r-devel-linux-x86_64-fedora-gcc 1.1.1 63.14 OK --no-stop-on-test-error
r-devel-windows-ix86+x86_64 1.1.1 11.00 65.00 76.00 OK
r-patched-linux-x86_64 1.1.1 1.99 33.67 35.66 OK
r-release-linux-x86_64 1.1.1 2.12 33.55 35.67 OK
r-release-windows-ix86+x86_64 1.1.1 6.00 83.00 89.00 OK
r-release-osx-x86_64 1.1.1 ERROR
r-oldrel-windows-ix86+x86_64 1.1.1 10.00 76.00 86.00 OK
r-oldrel-osx-x86_64 1.1.1 OK

Check Details

Version: 1.1.1
Check: package dependencies
Result: ERROR
    Package required but not available: ‘EBImage’
    
    See section ‘The DESCRIPTION file’ in the ‘Writing R Extensions’
    manual.
Flavor: r-release-osx-x86_64