CRAN Package Check Results for Package gitter

Last updated on 2016-02-10 18:49:21.

Flavor Version Tinstall Tcheck Ttotal Status Flags
r-devel-linux-x86_64-debian-gcc 1.1.1 1.71 27.08 28.78 OK
r-devel-linux-x86_64-fedora-clang 1.1.1 55.57 OK
r-devel-linux-x86_64-fedora-gcc 1.1.1 52.58 OK
r-devel-osx-x86_64-clang 1.1.1 62.30 OK
r-devel-windows-ix86+x86_64 1.1.1 9.00 51.00 60.00 OK
r-patched-linux-x86_64 1.1.1 1.98 30.40 32.38 OK
r-release-linux-x86_64 1.1.1 1.89 30.04 31.93 WARN
r-release-osx-x86_64-mavericks 1.1.1 ERROR
r-release-windows-ix86+x86_64 1.1.1 9.00 53.00 62.00 OK
r-oldrel-windows-ix86+x86_64 1.1.1 3.00 2.00 5.00 ERROR

Check Details

Version: 1.1.1
Check: whether package can be installed
Result: WARN
    Found the following significant warnings:
     Warning: replacing previous import by ‘grid::unit’ when loading ‘gitter’
Flavor: r-release-linux-x86_64

Version: 1.1.1
Check: package dependencies
Result: ERROR
    Package required and available but unsuitable version: ‘EBImage’
    
    See section ‘The DESCRIPTION file’ in the ‘Writing R Extensions’
    manual.
Flavors: r-release-osx-x86_64-mavericks, r-oldrel-windows-ix86+x86_64