CRAN Package Check Results for Package gitter

Last updated on 2017-06-26 23:52:05.

Flavor Version Tinstall Tcheck Ttotal Status Flags
r-devel-linux-x86_64-debian-clang 1.1.1 1.91 35.30 37.21 OK
r-devel-linux-x86_64-debian-gcc 1.1.1 1.94 33.83 35.77 OK
r-devel-linux-x86_64-fedora-clang 1.1.1 66.32 OK
r-devel-linux-x86_64-fedora-gcc 1.1.1 62.52 OK
r-devel-windows-ix86+x86_64 1.1.1 8.00 63.00 71.00 OK
r-patched-linux-x86_64 1.1.1 2.34 34.10 36.43 OK
r-release-linux-x86_64 1.1.1 1.92 34.99 36.90 OK
r-release-windows-ix86+x86_64 1.1.1 8.00 86.00 94.00 OK
r-release-osx-x86_64 1.1.1 ERROR
r-oldrel-windows-ix86+x86_64 1.1.1 10.00 77.00 87.00 OK
r-oldrel-osx-x86_64 1.1.1 OK

Check Details

Version: 1.1.1
Check: package dependencies
Result: ERROR
    Package required but not available: ‘EBImage’
    
    See section ‘The DESCRIPTION file’ in the ‘Writing R Extensions’
    manual.
Flavor: r-release-osx-x86_64