CRAN Package Check Results for Package gitter

Last updated on 2014-11-23 11:47:14.

Flavor Version Tinstall Tcheck Ttotal Status Flags
r-devel-linux-x86_64-debian-clang 1.0.4 3.12 43.86 46.98 OK
r-devel-linux-x86_64-debian-gcc 1.0.4 3.05 42.67 45.72 OK
r-devel-linux-x86_64-fedora-clang 1.0.4 97.39 OK
r-devel-linux-x86_64-fedora-gcc 1.0.4 89.90 OK
r-devel-osx-x86_64-clang 1.0.4 87.94 OK
r-devel-windows-ix86+x86_64 1.0.4 11.00 77.00 88.00 OK
r-patched-linux-x86_64 1.0.4 3.23 44.57 47.80 OK
r-release-linux-ix86 1.0.4 4.34 56.88 61.22 OK
r-release-linux-x86_64 1.0.4 3.21 44.46 47.67 OK
r-release-osx-x86_64-mavericks 1.0.4 ERROR
r-release-osx-x86_64-snowleopard 1.0.4 OK
r-release-windows-ix86+x86_64 1.0.4 13.00 70.00 83.00 OK
r-oldrel-windows-ix86+x86_64 1.0.4 10.00 76.00 86.00 OK

Check Details

Version: 1.0.4
Check: package dependencies
Result: ERROR
    Packages required but not available: ‘tiff’ ‘EBImage’
    
    See the information on DESCRIPTION files in the chapter ‘Creating R
    packages’ of the ‘Writing R Extensions’ manual.
Flavor: r-release-osx-x86_64-mavericks