Last updated on 2023-09-27 10:00:41 CEST.
Flavor | Version | Tinstall | Tcheck | Ttotal | Status | Flags |
---|---|---|---|---|---|---|
r-devel-linux-x86_64-debian-clang | 0.83.0 | 78.44 | 47.90 | 126.34 | OK | |
r-devel-linux-x86_64-debian-gcc | 0.83.0 | 48.76 | 36.79 | 85.55 | OK | |
r-devel-linux-x86_64-fedora-clang | 0.83.0 | 199.72 | OK | |||
r-devel-linux-x86_64-fedora-gcc | 0.83.0 | 182.64 | OK | |||
r-devel-windows-x86_64 | 0.83.0 | 69.00 | 77.00 | 146.00 | OK | |
r-patched-linux-x86_64 | 0.83.0 | 60.42 | 46.07 | 106.49 | OK | |
r-release-linux-x86_64 | 0.83.0 | 68.15 | 47.10 | 115.25 | OK | |
r-release-macos-arm64 | 0.83.0 | 40.00 | NOTE | |||
r-release-macos-x86_64 | 0.83.0 | 67.00 | NOTE | |||
r-release-windows-x86_64 | 0.83.0 | 82.00 | 81.00 | 163.00 | NOTE | |
r-oldrel-macos-arm64 | 0.83.0 | 42.00 | NOTE | |||
r-oldrel-macos-x86_64 | 0.83.0 | 62.00 | NOTE | |||
r-oldrel-windows-x86_64 | 0.83.0 | 70.00 | 87.00 | 157.00 | NOTE |
Version: 0.83.0
Check: package dependencies
Result: NOTE
Packages suggested but not available for checking:
'BSgenome.Hsapiens.UCSC.hg18.masked',
'BSgenome.Hsapiens.UCSC.hg19.masked'
Flavors: r-release-macos-arm64, r-release-macos-x86_64, r-release-windows-x86_64, r-oldrel-macos-arm64, r-oldrel-macos-x86_64, r-oldrel-windows-x86_64