Last updated on 2022-08-11 01:49:08 CEST.
Flavor | Version | Tinstall | Tcheck | Ttotal | Status | Flags |
---|---|---|---|---|---|---|
r-devel-linux-x86_64-debian-clang | 3.0.1 | 127.44 | 35.51 | 162.95 | OK | |
r-devel-linux-x86_64-debian-gcc | 3.0.1 | 278.41 | 28.02 | 306.43 | OK | |
r-devel-linux-x86_64-fedora-clang | 3.0.1 | 252.63 | NOTE | |||
r-devel-linux-x86_64-fedora-gcc | 3.0.1 | 218.65 | OK | |||
r-devel-windows-x86_64 | 3.0.1 | 103.00 | 81.00 | 184.00 | OK | |
r-patched-linux-x86_64 | 3.0.1 | 110.95 | 33.40 | 144.35 | OK | |
r-release-linux-x86_64 | 3.0.1 | OK | ||||
r-release-macos-arm64 | 3.0.1 | 63.00 | NOTE | |||
r-release-macos-x86_64 | 3.0.1 | 94.00 | NOTE | |||
r-release-windows-x86_64 | 3.0.1 | 89.00 | 82.00 | 171.00 | OK | |
r-oldrel-macos-arm64 | 3.0.1 | 101.00 | NOTE | |||
r-oldrel-macos-x86_64 | 3.0.1 | 171.00 | NOTE | |||
r-oldrel-windows-ix86+x86_64 | 3.0.1 | 203.00 | 88.00 | 291.00 | OK |
Version: 3.0.1
Check: installed package size
Result: NOTE
installed size is 7.3Mb
sub-directories of 1Mb or more:
libs 7.1Mb
Flavors: r-devel-linux-x86_64-fedora-clang, r-release-macos-arm64, r-release-macos-x86_64, r-oldrel-macos-arm64, r-oldrel-macos-x86_64