CRAN Package Check Results for Package glamlasso

Last updated on 2019-07-21 04:46:15 CEST.

Flavor Version Tinstall Tcheck Ttotal Status Flags
r-devel-linux-x86_64-debian-clang 3.0 115.38 27.32 142.70 OK
r-devel-linux-x86_64-debian-gcc 3.0 66.96 23.25 90.21 OK
r-devel-linux-x86_64-fedora-clang 3.0 200.13 NOTE
r-devel-linux-x86_64-fedora-gcc 3.0 193.87 OK
r-devel-windows-ix86+x86_64 3.0 125.00 82.00 207.00 OK
r-patched-linux-x86_64 3.0 64.12 27.99 92.11 OK
r-patched-solaris-x86 3.0 195.90 OK
r-release-linux-x86_64 3.0 72.43 27.86 100.29 OK
r-release-windows-ix86+x86_64 3.0 136.00 62.00 198.00 OK
r-release-osx-x86_64 3.0 NOTE
r-oldrel-windows-ix86+x86_64 3.0 174.00 61.00 235.00 OK
r-oldrel-osx-x86_64 3.0 NOTE

Additional issues

valgrind

Check Details

Version: 3.0
Check: installed package size
Result: NOTE
     installed size is 9.1Mb
     sub-directories of 1Mb or more:
     libs 8.9Mb
Flavors: r-devel-linux-x86_64-fedora-clang, r-release-osx-x86_64, r-oldrel-osx-x86_64