CRAN Package Check Results for Package glamlasso

Last updated on 2020-08-05 10:48:28 CEST.

Flavor Version Tinstall Tcheck Ttotal Status Flags
r-devel-linux-x86_64-debian-clang 3.0 126.12 30.26 156.38 OK
r-devel-linux-x86_64-debian-gcc 3.0 88.07 123.34 211.41 OK
r-devel-linux-x86_64-fedora-clang 3.0 231.52 NOTE
r-devel-linux-x86_64-fedora-gcc 3.0 177.08 OK
r-devel-windows-ix86+x86_64 3.0 183.00 75.00 258.00 OK
r-patched-linux-x86_64 3.0 101.23 30.04 131.27 OK
r-patched-solaris-x86 3.0 181.80 OK
r-release-linux-x86_64 3.0 102.60 30.16 132.76 OK
r-release-macos-x86_64 3.0 NOTE
r-release-windows-ix86+x86_64 3.0 189.00 88.00 277.00 OK
r-oldrel-macos-x86_64 3.0 NOTE
r-oldrel-windows-ix86+x86_64 3.0 117.00 79.00 196.00 OK

Additional issues

valgrind

Check Details

Version: 3.0
Check: installed package size
Result: NOTE
     installed size is 11.0Mb
     sub-directories of 1Mb or more:
     libs 10.9Mb
Flavors: r-devel-linux-x86_64-fedora-clang, r-release-macos-x86_64, r-oldrel-macos-x86_64