CRAN Package Check Results for Package glamlasso

Last updated on 2019-11-20 06:49:51 CET.

Flavor Version Tinstall Tcheck Ttotal Status Flags
r-devel-linux-x86_64-debian-clang 3.0 115.63 27.86 143.49 OK
r-devel-linux-x86_64-debian-gcc 3.0 101.14 23.23 124.37 OK
r-devel-linux-x86_64-fedora-clang 3.0 214.40 NOTE
r-devel-linux-x86_64-fedora-gcc 3.0 199.21 OK
r-devel-windows-ix86+x86_64 3.0 173.00 80.00 253.00 OK
r-devel-windows-ix86+x86_64-gcc8 3.0 187.00 71.00 258.00 OK
r-patched-linux-x86_64 3.0 73.14 27.88 101.02 OK
r-patched-solaris-x86 3.0 184.00 OK
r-release-linux-x86_64 3.0 72.74 27.64 100.38 OK
r-release-windows-ix86+x86_64 3.0 174.00 82.00 256.00 OK
r-release-osx-x86_64 3.0 NOTE
r-oldrel-windows-ix86+x86_64 3.0 168.00 87.00 255.00 OK
r-oldrel-osx-x86_64 3.0 NOTE

Additional issues

valgrind

Check Details

Version: 3.0
Check: installed package size
Result: NOTE
     installed size is 10.2Mb
     sub-directories of 1Mb or more:
     libs 10.0Mb
Flavors: r-devel-linux-x86_64-fedora-clang, r-release-osx-x86_64, r-oldrel-osx-x86_64