CRAN Package Check Results for Package glasso

Last updated on 2016-12-11 10:46:59.

Flavor Version Tinstall Tcheck Ttotal Status Flags
r-devel-linux-x86_64-debian-clang 1.8 1.80 10.03 11.83 NOTE
r-devel-linux-x86_64-debian-gcc 1.8 1.87 9.79 11.65 NOTE
r-devel-linux-x86_64-fedora-clang 1.8 19.90 NOTE --no-stop-on-test-error
r-devel-linux-x86_64-fedora-gcc 1.8 19.77 NOTE --no-stop-on-test-error
r-devel-macos-x86_64-clang 1.8 18.05 NOTE --no-stop-on-test-error
r-devel-windows-ix86+x86_64 1.8 9.00 37.00 46.00 NOTE
r-patched-linux-x86_64 1.8 1.75 8.20 9.95 NOTE
r-patched-solaris-sparc 1.8 94.20 NOTE
r-patched-solaris-x86 1.8 21.30 NOTE
r-release-linux-x86_64 1.8 1.74 8.20 9.94 NOTE
r-release-osx-x86_64-mavericks 1.8 NOTE
r-release-windows-ix86+x86_64 1.8 8.00 25.00 33.00 NOTE
r-oldrel-windows-ix86+x86_64 1.8 8.00 25.00 33.00 NOTE

Check Details

Version: 1.8
Check: DESCRIPTION meta-information
Result: NOTE
    Malformed Description field: should contain one or more complete sentences.
Flavors: r-devel-linux-x86_64-debian-clang, r-devel-linux-x86_64-debian-gcc, r-devel-windows-ix86+x86_64, r-patched-linux-x86_64, r-patched-solaris-sparc, r-patched-solaris-x86, r-release-linux-x86_64, r-release-osx-x86_64-mavericks, r-release-windows-ix86+x86_64, r-oldrel-windows-ix86+x86_64

Version: 1.8
Flags: --no-stop-on-test-error
Check: DESCRIPTION meta-information
Result: NOTE
    Malformed Description field: should contain one or more complete sentences.
Flavors: r-devel-linux-x86_64-fedora-clang, r-devel-linux-x86_64-fedora-gcc, r-devel-macos-x86_64-clang