CRAN Package Check Results for Package glasso

Last updated on 2015-03-04 23:47:19.

Flavor Version Tinstall Tcheck Ttotal Status Flags
r-devel-linux-x86_64-debian-clang 1.8 1.58 8.70 10.28 NOTE
r-devel-linux-x86_64-debian-gcc 1.8 1.59 8.44 10.03 NOTE
r-devel-linux-x86_64-fedora-clang 1.8 18.15 NOTE
r-devel-linux-x86_64-fedora-gcc 1.8 17.35 NOTE
r-devel-osx-x86_64-clang 1.8 23.18 NOTE
r-devel-windows-ix86+x86_64 1.8 10.00 19.00 29.00 NOTE
r-patched-linux-x86_64 1.8 1.66 9.02 10.68 OK
r-patched-solaris-sparc 1.8 142.90 OK
r-patched-solaris-x86 1.8 30.20 OK
r-release-linux-ix86 1.8 2.54 15.36 17.90 OK
r-release-linux-x86_64 1.8 1.61 9.15 10.76 OK
r-release-osx-x86_64-mavericks 1.8 OK
r-release-osx-x86_64-snowleopard 1.8 OK
r-release-windows-ix86+x86_64 1.8 7.00 28.00 35.00 OK
r-oldrel-windows-ix86+x86_64 1.8 5.00 21.00 26.00 OK

Check Details

Version: 1.8
Check: DESCRIPTION meta-information
Result: NOTE
    Malformed Description field: should contain one or more complete sentences.
Flavors: r-devel-linux-x86_64-debian-clang, r-devel-linux-x86_64-debian-gcc, r-devel-linux-x86_64-fedora-clang, r-devel-linux-x86_64-fedora-gcc, r-devel-osx-x86_64-clang, r-devel-windows-ix86+x86_64