CRAN Package Check Results for Package glasso

Last updated on 2017-03-25 23:53:49.

Flavor Version Tinstall Tcheck Ttotal Status Flags
r-devel-linux-x86_64-debian-clang 1.8 1.85 10.31 12.16 NOTE
r-devel-linux-x86_64-debian-gcc 1.8 1.85 10.23 12.08 NOTE
r-devel-linux-x86_64-fedora-clang 1.8 19.87 NOTE --no-stop-on-test-error
r-devel-linux-x86_64-fedora-gcc 1.8 18.92 NOTE --no-stop-on-test-error
r-devel-macos-x86_64-clang 1.8 17.86 NOTE --no-stop-on-test-error
r-devel-windows-ix86+x86_64 1.8 9.00 30.00 39.00 NOTE
r-patched-linux-x86_64 1.8 1.92 10.71 12.63 NOTE
r-patched-solaris-sparc 1.8 114.50 NOTE
r-patched-solaris-x86 1.8 27.60 NOTE
r-release-linux-x86_64 1.8 1.68 8.36 10.04 NOTE
r-release-osx-x86_64-mavericks 1.8 NOTE
r-release-windows-ix86+x86_64 1.8 8.00 25.00 33.00 NOTE
r-oldrel-windows-ix86+x86_64 1.8 8.00 25.00 33.00 NOTE

Check Details

Version: 1.8
Check: DESCRIPTION meta-information
Result: NOTE
    Malformed Description field: should contain one or more complete sentences.
Flavors: r-devel-linux-x86_64-debian-clang, r-devel-linux-x86_64-debian-gcc, r-devel-windows-ix86+x86_64, r-patched-linux-x86_64, r-patched-solaris-sparc, r-patched-solaris-x86, r-release-linux-x86_64, r-release-osx-x86_64-mavericks, r-release-windows-ix86+x86_64, r-oldrel-windows-ix86+x86_64

Version: 1.8
Check: compiled code
Result: NOTE
    File ‘glasso/libs/glasso.so’:
     Found no calls to: ‘R_registerRoutines’, ‘R_useDynamicSymbols’
    
    It is good practice to register native routines and to disable symbol
    search.
    
    See ‘Writing portable packages’ in the ‘Writing R Extensions’ manual.
Flavors: r-devel-linux-x86_64-debian-clang, r-devel-linux-x86_64-debian-gcc, r-patched-linux-x86_64

Version: 1.8
Flags: --no-stop-on-test-error
Check: DESCRIPTION meta-information
Result: NOTE
    Malformed Description field: should contain one or more complete sentences.
Flavors: r-devel-linux-x86_64-fedora-clang, r-devel-linux-x86_64-fedora-gcc, r-devel-macos-x86_64-clang

Version: 1.8
Flags: --no-stop-on-test-error
Check: compiled code
Result: NOTE
    File ‘glasso/libs/glasso.so’:
     Found no calls to: ‘R_registerRoutines’, ‘R_useDynamicSymbols’
    
    It is good practice to register native routines and to disable symbol
    search.
    
    See ‘Writing portable packages’ in the ‘Writing R Extensions’ manual.
Flavors: r-devel-linux-x86_64-fedora-clang, r-devel-linux-x86_64-fedora-gcc, r-devel-macos-x86_64-clang