CRAN Package Check Results for Package glasso

Last updated on 2016-07-26 11:50:51.

Flavor Version Tinstall Tcheck Ttotal Status Flags
r-devel-linux-x86_64-debian-clang 1.8 2.41 10.20 12.61 NOTE
r-devel-linux-x86_64-debian-gcc 1.8 2.10 9.29 11.39 NOTE
r-devel-linux-x86_64-fedora-clang 1.8 15.49 NOTE
r-devel-linux-x86_64-fedora-gcc 1.8 14.62 NOTE
r-devel-osx-x86_64-clang 1.8 15.56 NOTE
r-devel-windows-ix86+x86_64 1.8 7.00 25.00 32.00 NOTE
r-patched-linux-x86_64 1.8 1.90 9.61 11.51 NOTE
r-patched-solaris-sparc 1.8 94.20 NOTE
r-patched-solaris-x86 1.8 21.10 NOTE
r-release-linux-x86_64 1.8 1.94 10.80 12.74 NOTE
r-release-osx-x86_64-mavericks 1.8 NOTE
r-release-windows-ix86+x86_64 1.8 8.00 32.00 40.00 NOTE
r-oldrel-windows-ix86+x86_64 1.8 6.00 20.00 26.00 NOTE

Check Details

Version: 1.8
Check: DESCRIPTION meta-information
Result: NOTE
    Malformed Description field: should contain one or more complete sentences.
Flavors: r-devel-linux-x86_64-debian-clang, r-devel-linux-x86_64-debian-gcc, r-devel-linux-x86_64-fedora-clang, r-devel-linux-x86_64-fedora-gcc, r-devel-osx-x86_64-clang, r-devel-windows-ix86+x86_64, r-patched-linux-x86_64, r-patched-solaris-sparc, r-patched-solaris-x86, r-release-linux-x86_64, r-release-osx-x86_64-mavericks, r-release-windows-ix86+x86_64, r-oldrel-windows-ix86+x86_64