CRAN Package Check Results for Package glasso

Last updated on 2017-06-28 18:46:48.

Flavor Version Tinstall Tcheck Ttotal Status Flags
r-devel-linux-x86_64-debian-clang 1.8 1.84 10.23 12.07 NOTE
r-devel-linux-x86_64-debian-gcc 1.8 1.82 10.63 12.45 NOTE
r-devel-linux-x86_64-fedora-clang 1.8 19.25 NOTE
r-devel-linux-x86_64-fedora-gcc 1.8 18.28 NOTE
r-devel-windows-ix86+x86_64 1.8 11.00 31.00 42.00 NOTE
r-patched-linux-x86_64 1.8 1.80 10.24 12.05 NOTE
r-patched-solaris-sparc 1.8 114.50 NOTE
r-patched-solaris-x86 1.8 29.80 NOTE
r-release-linux-x86_64 1.8 1.79 9.89 11.68 NOTE
r-release-windows-ix86+x86_64 1.8 7.00 30.00 37.00 NOTE
r-release-osx-x86_64 1.8 NOTE
r-oldrel-windows-ix86+x86_64 1.8 8.00 25.00 33.00 NOTE
r-oldrel-osx-x86_64 1.8 NOTE

Check Details

Version: 1.8
Check: DESCRIPTION meta-information
Result: NOTE
    Malformed Description field: should contain one or more complete sentences.
Flavors: r-devel-linux-x86_64-debian-clang, r-devel-linux-x86_64-debian-gcc, r-devel-linux-x86_64-fedora-clang, r-devel-linux-x86_64-fedora-gcc, r-devel-windows-ix86+x86_64, r-patched-linux-x86_64, r-patched-solaris-sparc, r-patched-solaris-x86, r-release-linux-x86_64, r-release-windows-ix86+x86_64, r-release-osx-x86_64, r-oldrel-windows-ix86+x86_64, r-oldrel-osx-x86_64

Version: 1.8
Check: compiled code
Result: NOTE
    File ‘glasso/libs/glasso.so’:
     Found no calls to: ‘R_registerRoutines’, ‘R_useDynamicSymbols’
    
    It is good practice to register native routines and to disable symbol
    search.
    
    See ‘Writing portable packages’ in the ‘Writing R Extensions’ manual.
Flavors: r-devel-linux-x86_64-debian-clang, r-devel-linux-x86_64-debian-gcc, r-devel-linux-x86_64-fedora-clang, r-devel-linux-x86_64-fedora-gcc, r-patched-linux-x86_64, r-release-linux-x86_64