CRAN Package Check Results for Package glasso

Last updated on 2016-05-04 19:49:47.

Flavor Version Tinstall Tcheck Ttotal Status Flags
r-devel-linux-x86_64-debian-gcc 1.8 1.74 8.37 10.11 NOTE
r-devel-linux-x86_64-fedora-clang 1.8 15.94 NOTE
r-devel-linux-x86_64-fedora-gcc 1.8 15.35 NOTE
r-devel-osx-x86_64-clang 1.8 21.46 NOTE
r-devel-windows-ix86+x86_64 1.8 8.00 32.00 40.00 NOTE
r-patched-linux-x86_64 1.8 1.65 8.45 10.10 NOTE
r-patched-solaris-sparc 1.8 93.70 NOTE
r-patched-solaris-x86 1.8 21.80 NOTE
r-release-linux-x86_64 1.8 1.68 8.44 10.12 NOTE
r-release-osx-x86_64-mavericks 1.8 NOTE
r-release-windows-ix86+x86_64 1.8 8.00 32.00 40.00 NOTE
r-oldrel-windows-ix86+x86_64 1.8 6.00 20.00 26.00 NOTE

Check Details

Version: 1.8
Check: DESCRIPTION meta-information
Result: NOTE
    Malformed Description field: should contain one or more complete sentences.
Flavors: r-devel-linux-x86_64-debian-gcc, r-devel-linux-x86_64-fedora-clang, r-devel-linux-x86_64-fedora-gcc, r-devel-osx-x86_64-clang, r-devel-windows-ix86+x86_64, r-patched-linux-x86_64, r-patched-solaris-sparc, r-patched-solaris-x86, r-release-linux-x86_64, r-release-osx-x86_64-mavericks, r-release-windows-ix86+x86_64, r-oldrel-windows-ix86+x86_64