CRAN Package Check Results for Package glasso

Last updated on 2017-02-22 03:47:25.

Flavor Version Tinstall Tcheck Ttotal Status Flags
r-devel-linux-x86_64-debian-clang 1.8 1.84 10.25 12.09 NOTE
r-devel-linux-x86_64-debian-gcc 1.8 2.50 9.99 12.48 NOTE
r-devel-linux-x86_64-fedora-clang 1.8 18.48 NOTE --no-stop-on-test-error
r-devel-linux-x86_64-fedora-gcc 1.8 17.68 NOTE --no-stop-on-test-error
r-devel-macos-x86_64-clang 1.8 18.48 NOTE --no-stop-on-test-error
r-devel-windows-ix86+x86_64 1.8 10.00 39.00 49.00 NOTE
r-patched-linux-x86_64 1.8 1.76 8.31 10.07 NOTE
r-patched-solaris-sparc 1.8 98.70 NOTE
r-patched-solaris-x86 1.8 22.80 NOTE
r-release-linux-x86_64 1.8 1.70 8.37 10.07 NOTE
r-release-osx-x86_64-mavericks 1.8 NOTE
r-release-windows-ix86+x86_64 1.8 8.00 25.00 33.00 NOTE
r-oldrel-windows-ix86+x86_64 1.8 8.00 25.00 33.00 NOTE

Check Details

Version: 1.8
Check: DESCRIPTION meta-information
Result: NOTE
    Malformed Description field: should contain one or more complete sentences.
Flavors: r-devel-linux-x86_64-debian-clang, r-devel-linux-x86_64-debian-gcc, r-devel-windows-ix86+x86_64, r-patched-linux-x86_64, r-patched-solaris-sparc, r-patched-solaris-x86, r-release-linux-x86_64, r-release-osx-x86_64-mavericks, r-release-windows-ix86+x86_64, r-oldrel-windows-ix86+x86_64

Version: 1.8
Check: compiled code
Result: NOTE
    File ‘glasso/libs/glasso.so’:
     Found no calls to: ‘R_registerRoutines’, ‘R_useDynamicSymbols’
    
    It is good practice to register native routines and to disable symbol
    search.
    
    See ‘Writing portable packages’ in the ‘Writing R Extensions’ manual.
Flavors: r-devel-linux-x86_64-debian-clang, r-devel-linux-x86_64-debian-gcc

Version: 1.8
Flags: --no-stop-on-test-error
Check: DESCRIPTION meta-information
Result: NOTE
    Malformed Description field: should contain one or more complete sentences.
Flavors: r-devel-linux-x86_64-fedora-clang, r-devel-linux-x86_64-fedora-gcc, r-devel-macos-x86_64-clang

Version: 1.8
Flags: --no-stop-on-test-error
Check: compiled code
Result: NOTE
    File ‘glasso/libs/glasso.so’:
     Found no calls to: ‘R_registerRoutines’, ‘R_useDynamicSymbols’
    
    It is good practice to register native routines and to disable symbol
    search.
    
    See ‘Writing portable packages’ in the ‘Writing R Extensions’ manual.
Flavors: r-devel-linux-x86_64-fedora-clang, r-devel-linux-x86_64-fedora-gcc, r-devel-macos-x86_64-clang