CRAN Package Check Results for Package glasso

Last updated on 2015-04-28 06:46:34.

Flavor Version Tinstall Tcheck Ttotal Status Flags
r-devel-linux-x86_64-debian-clang 1.8 1.73 9.08 10.81 NOTE
r-devel-linux-x86_64-debian-gcc 1.8 1.59 8.18 9.77 NOTE
r-devel-linux-x86_64-fedora-clang 1.8 19.15 NOTE
r-devel-linux-x86_64-fedora-gcc 1.8 17.81 NOTE
r-devel-osx-x86_64-clang 1.8 23.18 NOTE
r-devel-windows-ix86+x86_64 1.8 7.00 19.00 26.00 NOTE
r-patched-linux-x86_64 1.8 1.59 8.56 10.16 NOTE
r-patched-solaris-sparc 1.8 125.60 NOTE
r-patched-solaris-x86 1.8 26.90 NOTE
r-release-linux-x86_64 1.8 1.56 9.02 10.58 NOTE
r-release-osx-x86_64-mavericks 1.8 NOTE
r-release-osx-x86_64-snowleopard 1.8 NOTE
r-release-windows-ix86+x86_64 1.8 6.00 20.00 26.00 NOTE
r-oldrel-windows-ix86+x86_64 1.8 10.00 23.00 33.00 OK

Check Details

Version: 1.8
Check: DESCRIPTION meta-information
Result: NOTE
    Malformed Description field: should contain one or more complete sentences.
Flavors: r-devel-linux-x86_64-debian-clang, r-devel-linux-x86_64-debian-gcc, r-devel-linux-x86_64-fedora-clang, r-devel-linux-x86_64-fedora-gcc, r-devel-osx-x86_64-clang, r-devel-windows-ix86+x86_64, r-patched-solaris-sparc, r-patched-solaris-x86, r-release-linux-x86_64, r-release-osx-x86_64-mavericks, r-release-osx-x86_64-snowleopard, r-release-windows-ix86+x86_64