CRAN Package Check Results for Package glasso

Last updated on 2017-01-19 12:49:03.

Flavor Version Tinstall Tcheck Ttotal Status Flags
r-devel-linux-x86_64-debian-clang 1.8 1.85 10.01 11.86 NOTE
r-devel-linux-x86_64-debian-gcc 1.8 1.83 9.85 11.68 NOTE
r-devel-linux-x86_64-fedora-clang 1.8 18.94 NOTE --no-stop-on-test-error
r-devel-linux-x86_64-fedora-gcc 1.8 18.22 NOTE --no-stop-on-test-error
r-devel-macos-x86_64-clang 1.8 17.61 NOTE --no-stop-on-test-error
r-devel-windows-ix86+x86_64 1.8 9.00 28.00 37.00 NOTE
r-patched-linux-x86_64 1.8 1.71 8.32 10.03 NOTE
r-patched-solaris-sparc 1.8 98.70 NOTE
r-patched-solaris-x86 1.8 21.70 NOTE
r-release-linux-x86_64 1.8 1.68 8.04 9.72 NOTE
r-release-osx-x86_64-mavericks 1.8 NOTE
r-release-windows-ix86+x86_64 1.8 8.00 25.00 33.00 NOTE
r-oldrel-windows-ix86+x86_64 1.8 8.00 25.00 33.00 NOTE

Check Details

Version: 1.8
Check: DESCRIPTION meta-information
Result: NOTE
    Malformed Description field: should contain one or more complete sentences.
Flavors: r-devel-linux-x86_64-debian-clang, r-devel-linux-x86_64-debian-gcc, r-devel-windows-ix86+x86_64, r-patched-linux-x86_64, r-patched-solaris-sparc, r-patched-solaris-x86, r-release-linux-x86_64, r-release-osx-x86_64-mavericks, r-release-windows-ix86+x86_64, r-oldrel-windows-ix86+x86_64

Version: 1.8
Flags: --no-stop-on-test-error
Check: DESCRIPTION meta-information
Result: NOTE
    Malformed Description field: should contain one or more complete sentences.
Flavors: r-devel-linux-x86_64-fedora-clang, r-devel-linux-x86_64-fedora-gcc, r-devel-macos-x86_64-clang