CRAN Package Check Results for Package glasso

Last updated on 2015-08-31 21:46:48.

Flavor Version Tinstall Tcheck Ttotal Status Flags
r-devel-linux-x86_64-debian-clang 1.8 1.64 7.60 9.24 NOTE
r-devel-linux-x86_64-debian-gcc 1.8 1.62 7.63 9.24 NOTE
r-devel-linux-x86_64-fedora-clang 1.8 17.94 NOTE
r-devel-linux-x86_64-fedora-gcc 1.8 16.33 NOTE
r-devel-osx-x86_64-clang 1.8 19.44 NOTE
r-devel-windows-ix86+x86_64 1.8 7.00 32.00 39.00 NOTE
r-patched-linux-x86_64 1.8 1.66 8.32 9.98 NOTE
r-patched-solaris-sparc 1.8 117.80 NOTE
r-patched-solaris-x86 1.8 27.80 NOTE
r-release-linux-x86_64 1.8 1.72 8.43 10.14 NOTE
r-release-osx-x86_64-mavericks 1.8 NOTE
r-release-windows-ix86+x86_64 1.8 7.00 20.00 27.00 NOTE
r-oldrel-windows-ix86+x86_64 1.8 10.00 23.00 33.00 OK

Check Details

Version: 1.8
Check: DESCRIPTION meta-information
Result: NOTE
    Malformed Description field: should contain one or more complete sentences.
Flavors: r-devel-linux-x86_64-debian-clang, r-devel-linux-x86_64-debian-gcc, r-devel-linux-x86_64-fedora-clang, r-devel-linux-x86_64-fedora-gcc, r-devel-osx-x86_64-clang, r-devel-windows-ix86+x86_64, r-patched-linux-x86_64, r-patched-solaris-sparc, r-patched-solaris-x86, r-release-linux-x86_64, r-release-osx-x86_64-mavericks, r-release-windows-ix86+x86_64