CRAN Package Check Results for Package glasso

Last updated on 2016-09-26 23:48:11.

Flavor Version Tinstall Tcheck Ttotal Status Flags
r-devel-linux-x86_64-debian-clang 1.8 1.69 8.35 10.04 NOTE
r-devel-linux-x86_64-debian-gcc 1.8 1.72 8.24 9.95 NOTE
r-devel-linux-x86_64-fedora-clang 1.8 16.66 NOTE
r-devel-linux-x86_64-fedora-gcc 1.8 16.59 NOTE
r-devel-macos-x86_64-clang 1.8 15.76 NOTE
r-devel-windows-ix86+x86_64 1.8 13.00 31.00 44.00 NOTE
r-patched-linux-x86_64 1.8 1.80 8.34 10.14 NOTE
r-patched-solaris-sparc 1.8 94.20 NOTE
r-patched-solaris-x86 1.8 21.30 NOTE
r-release-linux-x86_64 1.8 1.67 8.35 10.03 NOTE
r-release-osx-x86_64-mavericks 1.8 NOTE
r-release-windows-ix86+x86_64 1.8 8.00 25.00 33.00 NOTE
r-oldrel-windows-ix86+x86_64 1.8 6.00 20.00 26.00 NOTE

Check Details

Version: 1.8
Check: DESCRIPTION meta-information
Result: NOTE
    Malformed Description field: should contain one or more complete sentences.
Flavors: r-devel-linux-x86_64-debian-clang, r-devel-linux-x86_64-debian-gcc, r-devel-linux-x86_64-fedora-clang, r-devel-linux-x86_64-fedora-gcc, r-devel-macos-x86_64-clang, r-devel-windows-ix86+x86_64, r-patched-linux-x86_64, r-patched-solaris-sparc, r-patched-solaris-x86, r-release-linux-x86_64, r-release-osx-x86_64-mavericks, r-release-windows-ix86+x86_64, r-oldrel-windows-ix86+x86_64