CRAN Package Check Results for Package glasso

Last updated on 2014-07-23 12:47:28.

Flavor Version Tinstall Tcheck Ttotal Status Flags
r-devel-linux-x86_64-debian-clang 1.8 1.55 8.35 9.90 OK
r-devel-linux-x86_64-debian-gcc 1.8 1.50 8.10 9.60 OK
r-devel-linux-x86_64-fedora-clang 1.8 11.83 OK
r-devel-linux-x86_64-fedora-gcc 1.8 11.49 OK
r-devel-osx-x86_64-clang 1.8 23.29 OK
r-devel-windows-ix86+x86_64 1.8 5.00 21.00 26.00 OK
r-patched-linux-x86_64 1.7 1.55 8.25 9.80 NOTE
r-patched-solaris-sparc 1.8 103.50 OK
r-patched-solaris-x86 1.8 24.30 OK
r-release-linux-ix86 1.7 2.63 14.40 17.03 NOTE
r-release-linux-x86_64 1.8 1.55 8.42 9.97 OK
r-release-osx-x86_64-mavericks 1.8 OK
r-release-windows-ix86+x86_64 1.7 9.00 29.00 38.00 NOTE
r-oldrel-windows-ix86+x86_64 1.7 6.00 21.00 27.00 NOTE

Check Details

Version: 1.7
Check: compilation flags in Makevars
Result: NOTE
    Package has both ‘src/Makevars.in’ and ‘src/Makevars’.
    Installation with --no-configure' is unlikely to work. If you intended
    ‘src/Makevars’ to be used on Windows, rename it to ‘src/Makevars.win’
    otherwise remove it. If ‘configure’ created ‘src/Makevars’, you need a
    ‘cleanup’ script.
Flavors: r-patched-linux-x86_64, r-release-linux-ix86, r-release-windows-ix86+x86_64, r-oldrel-windows-ix86+x86_64

Version: 1.7
Check: compiled code
Result: NOTE
    File ‘/home/hornik/tmp/R.check/r-patched-gcc/Work/build/Packages/glasso/libs/glasso.so’:
     Found ‘_gfortran_st_write’, possibly from ‘write’ (Fortran), ‘print’
     (Fortran)
     Object: ‘glasso.o’
    
    Compiled code should not call entry points which might terminate R nor
    write to stdout/stderr instead of to the console.
    
    See ‘Writing portable packages’ in the ‘Writing R Extensions’ manual.
Flavor: r-patched-linux-x86_64

Version: 1.7
Check: compiled code
Result: NOTE
    File ‘/home/hornik/tmp/R.check/r-release-gcc/Work/build/Packages/glasso/libs/glasso.so’:
     Found ‘_gfortran_st_write’, possibly from ‘write’ (Fortran), ‘print’
     (Fortran)
     Object: ‘glasso.o’
    
    Compiled code should not call entry points which might terminate R nor
    write to stdout/stderr instead of to the console.
    
    See ‘Writing portable packages’ in the ‘Writing R Extensions’ manual.
Flavor: r-release-linux-ix86

Version: 1.7
Check: compiled code
Result: NOTE
    File 'd:/Rcompile/CRANpkg/lib/3.1/glasso/libs/i386/glasso.dll':
     Found '_gfortran_st_write', possibly from 'write' (Fortran), 'print'
     (Fortran)
     Object: 'glasso.o'
    File 'd:/Rcompile/CRANpkg/lib/3.1/glasso/libs/x64/glasso.dll':
     Found '_gfortran_st_write', possibly from 'write' (Fortran), 'print'
     (Fortran)
     Object: 'glasso.o'
    
    Compiled code should not call entry points which might terminate R nor
    write to stdout/stderr instead of to the console.
    
    See 'Writing portable packages' in the 'Writing R Extensions' manual.
    * checking examples ...
Flavor: r-release-windows-ix86+x86_64

Version: 1.7
Check: compiled code
Result: NOTE
    File 'd:/Rcompile/CRANpkg/lib/3.0/glasso/libs/i386/glasso.dll':
     Found '_gfortran_st_write', possibly from 'write' (Fortran), 'print'
     (Fortran)
     Object: 'glasso.o'
    File 'd:/Rcompile/CRANpkg/lib/3.0/glasso/libs/x64/glasso.dll':
     Found '_gfortran_st_write', possibly from 'write' (Fortran), 'print'
     (Fortran)
     Object: 'glasso.o'
    
    Compiled code should not call entry points which might terminate R nor
    write to stdout/stderr instead of to the console.
    
    See 'Writing portable packages' in the 'Writing R Extensions' manual.
    * checking examples ...
Flavor: r-oldrel-windows-ix86+x86_64