CRAN Package Check Results for Package glassomix

Last updated on 2014-12-20 23:47:18.

Flavor Version Tinstall Tcheck Ttotal Status Flags
r-devel-linux-x86_64-debian-clang 1.2 3.33 42.48 45.81 NOTE
r-devel-linux-x86_64-debian-gcc 1.2 3.32 37.96 41.29 NOTE
r-devel-linux-x86_64-fedora-clang 1.2 98.48 NOTE
r-devel-linux-x86_64-fedora-gcc 1.2 88.27 NOTE
r-devel-osx-x86_64-clang 1.2 85.87 NOTE
r-devel-windows-ix86+x86_64 1.2 11.00 58.00 69.00 NOTE
r-patched-linux-x86_64 1.2 3.53 38.71 42.24 NOTE
r-patched-solaris-sparc 1.2 515.60 NOTE
r-patched-solaris-x86 1.2 130.90 NOTE
r-release-linux-ix86 1.2 3.98 46.18 50.16 NOTE
r-release-linux-x86_64 1.2 3.57 38.73 42.30 NOTE
r-release-osx-x86_64-mavericks 1.2 NOTE
r-release-osx-x86_64-snowleopard 1.2 OK
r-release-windows-ix86+x86_64 1.2 11.00 60.00 71.00 NOTE
r-oldrel-windows-ix86+x86_64 1.2 11.00 65.00 76.00 NOTE

Check Details

Version: 1.2
Check: dependencies in R code
Result: NOTE
    Packages in Depends field not imported from:
     ‘glasso’ ‘huge’ ‘mvtnorm’
     These packages need to be imported from (in the NAMESPACE file)
     for when this namespace is loaded but not attached.
    See the information on DESCRIPTION files in the chapter ‘Creating R
    packages’ of the ‘Writing R Extensions’ manual.
Flavors: r-devel-linux-x86_64-debian-clang, r-devel-linux-x86_64-debian-gcc, r-devel-linux-x86_64-fedora-clang, r-devel-linux-x86_64-fedora-gcc, r-devel-osx-x86_64-clang, r-devel-windows-ix86+x86_64, r-patched-linux-x86_64, r-patched-solaris-sparc, r-patched-solaris-x86, r-release-linux-ix86, r-release-linux-x86_64, r-release-osx-x86_64-mavericks, r-release-windows-ix86+x86_64, r-oldrel-windows-ix86+x86_64

Version: 1.2
Check: R code for possible problems
Result: NOTE
    glasso.mix: no visible global function definition for ‘dmvnorm’
    glasso.mix: no visible global function definition for ‘glasso’
    gm.plot: no visible global function definition for ‘graph.adjacency’
    gm.plot: no visible global function definition for ‘plot.igraph’
    gm.plot: no visible binding for global variable ‘layout.circle’
Flavors: r-devel-linux-x86_64-debian-clang, r-devel-linux-x86_64-debian-gcc, r-devel-linux-x86_64-fedora-clang, r-devel-linux-x86_64-fedora-gcc, r-devel-osx-x86_64-clang, r-devel-windows-ix86+x86_64, r-patched-linux-x86_64, r-patched-solaris-sparc, r-patched-solaris-x86, r-release-linux-ix86, r-release-linux-x86_64, r-release-windows-ix86+x86_64