CRAN Package Check Results for Package glassomix

Last updated on 2015-03-04 15:46:53.

Flavor Version Tinstall Tcheck Ttotal Status Flags
r-devel-linux-x86_64-debian-clang 1.2 2.79 33.50 36.29 NOTE
r-devel-linux-x86_64-debian-gcc 1.2 2.94 31.54 34.48 NOTE
r-devel-linux-x86_64-fedora-clang 1.2 68.44 NOTE
r-devel-linux-x86_64-fedora-gcc 1.2 65.71 NOTE
r-devel-osx-x86_64-clang 1.2 61.76 NOTE
r-devel-windows-ix86+x86_64 1.2 8.00 47.00 55.00 NOTE
r-patched-linux-x86_64 1.2 3.88 40.44 44.32 NOTE
r-patched-solaris-sparc 1.2 548.60 NOTE
r-patched-solaris-x86 1.2 133.80 NOTE
r-release-linux-ix86 1.2 4.13 48.46 52.60 NOTE
r-release-linux-x86_64 1.2 3.85 41.00 44.86 NOTE
r-release-osx-x86_64-mavericks 1.2 NOTE
r-release-osx-x86_64-snowleopard 1.2 OK
r-release-windows-ix86+x86_64 1.2 9.00 60.00 69.00 NOTE
r-oldrel-windows-ix86+x86_64 1.2 10.00 58.00 68.00 NOTE

Check Details

Version: 1.2
Check: DESCRIPTION meta-information
Result: NOTE
    Malformed Description field: should contain one or more complete sentences.
Flavors: r-devel-linux-x86_64-debian-clang, r-devel-linux-x86_64-debian-gcc, r-devel-linux-x86_64-fedora-clang, r-devel-linux-x86_64-fedora-gcc, r-devel-osx-x86_64-clang, r-devel-windows-ix86+x86_64

Version: 1.2
Check: dependencies in R code
Result: NOTE
    Packages in Depends field not imported from:
     ‘glasso’ ‘huge’ ‘mvtnorm’
     These packages need to be imported from (in the NAMESPACE file)
     for when this namespace is loaded but not attached.
Flavors: r-devel-linux-x86_64-debian-clang, r-devel-linux-x86_64-debian-gcc, r-devel-linux-x86_64-fedora-clang, r-devel-linux-x86_64-fedora-gcc, r-devel-osx-x86_64-clang, r-devel-windows-ix86+x86_64, r-patched-linux-x86_64, r-patched-solaris-sparc, r-patched-solaris-x86

Version: 1.2
Check: S3 generic/method consistency
Result: NOTE
    Found the following apparent S3 methods exported but not registered:
     summary.glasso.mix summary.select.gm
    See section ‘Registering S3 methods’ in the ‘Writing R Extensions’
    manual.
Flavors: r-devel-linux-x86_64-debian-clang, r-devel-linux-x86_64-debian-gcc, r-devel-linux-x86_64-fedora-clang, r-devel-linux-x86_64-fedora-gcc, r-devel-osx-x86_64-clang

Version: 1.2
Check: R code for possible problems
Result: NOTE
    glasso.mix: no visible global function definition for ‘dmvnorm’
    glasso.mix: no visible global function definition for ‘glasso’
    gm.plot: no visible global function definition for ‘graph.adjacency’
    gm.plot: no visible global function definition for ‘plot.igraph’
    gm.plot: no visible binding for global variable ‘layout.circle’
Flavors: r-devel-linux-x86_64-debian-clang, r-devel-linux-x86_64-debian-gcc, r-devel-linux-x86_64-fedora-clang, r-devel-linux-x86_64-fedora-gcc, r-devel-osx-x86_64-clang, r-devel-windows-ix86+x86_64, r-patched-linux-x86_64, r-patched-solaris-sparc, r-patched-solaris-x86, r-release-linux-ix86, r-release-linux-x86_64, r-release-osx-x86_64-mavericks, r-release-windows-ix86+x86_64

Version: 1.2
Check: dependencies in R code
Result: NOTE
    Packages in Depends field not imported from:
     ‘glasso’ ‘huge’ ‘mvtnorm’
     These packages need to be imported from (in the NAMESPACE file)
     for when this namespace is loaded but not attached.
    See the information on DESCRIPTION files in the chapter ‘Creating R
    packages’ of the ‘Writing R Extensions’ manual.
Flavors: r-release-linux-ix86, r-release-linux-x86_64, r-release-osx-x86_64-mavericks, r-release-windows-ix86+x86_64, r-oldrel-windows-ix86+x86_64