CRAN Package Check Results for Package glassomix

Last updated on 2014-08-23 02:49:55.

Flavor Version Tinstall Tcheck Ttotal Status Flags
r-devel-linux-x86_64-debian-clang 1.2 3.44 38.90 42.33 NOTE
r-devel-linux-x86_64-debian-gcc 1.2 3.36 37.13 40.50 NOTE
r-devel-linux-x86_64-fedora-clang 1.2 96.49 NOTE
r-devel-linux-x86_64-fedora-gcc 1.2 91.92 NOTE
r-devel-osx-x86_64-clang 1.2 77.93 NOTE
r-devel-windows-ix86+x86_64 1.2 10.00 57.00 67.00 NOTE
r-patched-linux-x86_64 1.2 3.68 39.92 43.60 NOTE
r-patched-solaris-sparc 1.2 537.00 NOTE
r-patched-solaris-x86 1.2 140.70 NOTE
r-release-linux-ix86 1.2 4.26 50.27 54.53 NOTE
r-release-linux-x86_64 1.2 3.56 41.85 45.41 NOTE
r-release-osx-x86_64-mavericks 1.2 NOTE
r-release-osx-x86_64-snowleopard 1.2 OK
r-release-windows-ix86+x86_64 1.2 12.00 58.00 70.00 NOTE
r-oldrel-windows-ix86+x86_64 1.2 9.00 56.00 65.00 NOTE

Check Details

Version: 1.2
Check: dependencies in R code
Result: NOTE
    Packages in Depends field not imported from:
     ‘glasso’ ‘huge’ ‘mvtnorm’
     These packages need to be imported from (in the NAMESPACE file)
     for when this namespace is loaded but not attached.
    See the information on DESCRIPTION files in the chapter ‘Creating R
    packages’ of the ‘Writing R Extensions’ manual.
Flavors: r-devel-linux-x86_64-debian-clang, r-devel-linux-x86_64-debian-gcc, r-devel-linux-x86_64-fedora-clang, r-devel-linux-x86_64-fedora-gcc, r-devel-osx-x86_64-clang, r-devel-windows-ix86+x86_64, r-patched-linux-x86_64, r-patched-solaris-sparc, r-patched-solaris-x86, r-release-linux-ix86, r-release-linux-x86_64, r-release-osx-x86_64-mavericks, r-release-windows-ix86+x86_64, r-oldrel-windows-ix86+x86_64

Version: 1.2
Check: R code for possible problems
Result: NOTE
    glasso.mix: no visible global function definition for ‘dmvnorm’
    glasso.mix: no visible global function definition for ‘glasso’
    gm.plot: no visible global function definition for ‘graph.adjacency’
    gm.plot: no visible global function definition for ‘plot.igraph’
    gm.plot: no visible binding for global variable ‘layout.circle’
Flavors: r-devel-linux-x86_64-debian-clang, r-devel-linux-x86_64-debian-gcc, r-devel-linux-x86_64-fedora-clang, r-devel-linux-x86_64-fedora-gcc, r-devel-osx-x86_64-clang