CRAN Package Check Results for Package glassomix

Last updated on 2014-11-26 19:49:34.

Flavor Version Tinstall Tcheck Ttotal Status Flags
r-devel-linux-x86_64-debian-clang 1.2 3.56 38.47 42.02 NOTE
r-devel-linux-x86_64-debian-gcc 1.2 3.28 37.84 41.12 NOTE
r-devel-linux-x86_64-fedora-clang 1.2 102.97 NOTE
r-devel-linux-x86_64-fedora-gcc 1.2 108.43 NOTE
r-devel-osx-x86_64-clang 1.2 83.54 NOTE
r-devel-windows-ix86+x86_64 1.2 9.00 54.00 63.00 NOTE
r-patched-linux-x86_64 1.2 3.57 39.11 42.68 NOTE
r-patched-solaris-sparc 1.2 515.60 NOTE
r-patched-solaris-x86 1.2 134.40 NOTE
r-release-linux-ix86 1.2 4.02 46.56 50.58 NOTE
r-release-linux-x86_64 1.2 3.53 39.16 42.70 NOTE
r-release-osx-x86_64-mavericks 1.2 NOTE
r-release-osx-x86_64-snowleopard 1.2 OK
r-release-windows-ix86+x86_64 1.2 10.00 59.00 69.00 NOTE
r-oldrel-windows-ix86+x86_64 1.2 10.00 59.00 69.00 NOTE

Check Details

Version: 1.2
Check: dependencies in R code
Result: NOTE
    Packages in Depends field not imported from:
     ‘glasso’ ‘huge’ ‘mvtnorm’
     These packages need to be imported from (in the NAMESPACE file)
     for when this namespace is loaded but not attached.
    See the information on DESCRIPTION files in the chapter ‘Creating R
    packages’ of the ‘Writing R Extensions’ manual.
Flavors: r-devel-linux-x86_64-debian-clang, r-devel-linux-x86_64-debian-gcc, r-devel-linux-x86_64-fedora-clang, r-devel-linux-x86_64-fedora-gcc, r-devel-osx-x86_64-clang, r-devel-windows-ix86+x86_64, r-patched-linux-x86_64, r-patched-solaris-sparc, r-patched-solaris-x86, r-release-linux-ix86, r-release-linux-x86_64, r-release-osx-x86_64-mavericks, r-release-windows-ix86+x86_64, r-oldrel-windows-ix86+x86_64

Version: 1.2
Check: R code for possible problems
Result: NOTE
    glasso.mix: no visible global function definition for ‘dmvnorm’
    glasso.mix: no visible global function definition for ‘glasso’
    gm.plot: no visible global function definition for ‘graph.adjacency’
    gm.plot: no visible global function definition for ‘plot.igraph’
    gm.plot: no visible binding for global variable ‘layout.circle’
Flavors: r-devel-linux-x86_64-debian-clang, r-devel-linux-x86_64-debian-gcc, r-devel-linux-x86_64-fedora-clang, r-devel-linux-x86_64-fedora-gcc, r-devel-osx-x86_64-clang, r-devel-windows-ix86+x86_64, r-patched-linux-x86_64, r-patched-solaris-sparc, r-patched-solaris-x86, r-release-linux-ix86, r-release-linux-x86_64, r-release-windows-ix86+x86_64