CRAN Package Check Results for Package glassomix

Last updated on 2014-09-24 05:47:44.

Flavor Version Tinstall Tcheck Ttotal Status Flags
r-devel-linux-x86_64-debian-clang 1.2 3.31 39.11 42.42 NOTE
r-devel-linux-x86_64-debian-gcc 1.2 3.26 36.62 39.88 NOTE
r-devel-linux-x86_64-fedora-clang 1.2 93.95 NOTE
r-devel-linux-x86_64-fedora-gcc 1.2 91.78 NOTE
r-devel-osx-x86_64-clang 1.2 81.08 NOTE
r-devel-windows-ix86+x86_64 1.2 10.00 53.00 63.00 NOTE
r-patched-linux-x86_64 1.2 3.50 40.79 44.30 NOTE
r-patched-solaris-sparc 1.2 537.00 NOTE
r-patched-solaris-x86 1.2 141.30 NOTE
r-release-linux-ix86 1.2 4.26 50.50 54.76 NOTE
r-release-linux-x86_64 1.2 3.57 42.09 45.66 NOTE
r-release-osx-x86_64-mavericks 1.2 NOTE
r-release-osx-x86_64-snowleopard 1.2 OK
r-release-windows-ix86+x86_64 1.2 10.00 56.00 66.00 NOTE
r-oldrel-windows-ix86+x86_64 1.2 11.00 56.00 67.00 NOTE

Check Details

Version: 1.2
Check: dependencies in R code
Result: NOTE
    Packages in Depends field not imported from:
     ‘glasso’ ‘huge’ ‘mvtnorm’
     These packages need to be imported from (in the NAMESPACE file)
     for when this namespace is loaded but not attached.
    See the information on DESCRIPTION files in the chapter ‘Creating R
    packages’ of the ‘Writing R Extensions’ manual.
Flavors: r-devel-linux-x86_64-debian-clang, r-devel-linux-x86_64-debian-gcc, r-devel-linux-x86_64-fedora-clang, r-devel-linux-x86_64-fedora-gcc, r-devel-osx-x86_64-clang, r-devel-windows-ix86+x86_64, r-patched-linux-x86_64, r-patched-solaris-sparc, r-patched-solaris-x86, r-release-linux-ix86, r-release-linux-x86_64, r-release-osx-x86_64-mavericks, r-release-windows-ix86+x86_64, r-oldrel-windows-ix86+x86_64

Version: 1.2
Check: R code for possible problems
Result: NOTE
    glasso.mix: no visible global function definition for ‘dmvnorm’
    glasso.mix: no visible global function definition for ‘glasso’
    gm.plot: no visible global function definition for ‘graph.adjacency’
    gm.plot: no visible global function definition for ‘plot.igraph’
    gm.plot: no visible binding for global variable ‘layout.circle’
Flavors: r-devel-linux-x86_64-debian-clang, r-devel-linux-x86_64-debian-gcc, r-devel-linux-x86_64-fedora-clang, r-devel-linux-x86_64-fedora-gcc, r-devel-osx-x86_64-clang, r-devel-windows-ix86+x86_64