CRAN Package Check Results for Package glassomix

Last updated on 2014-07-24 09:49:36.

Flavor Version Tinstall Tcheck Ttotal Status Flags
r-devel-linux-x86_64-debian-clang 1.2 3.52 40.28 43.80 NOTE
r-devel-linux-x86_64-debian-gcc 1.2 3.43 39.70 43.14 NOTE
r-devel-linux-x86_64-fedora-clang 1.2 104.66 NOTE
r-devel-linux-x86_64-fedora-gcc 1.2 100.13 NOTE
r-devel-osx-x86_64-clang 1.2 81.66 NOTE
r-devel-windows-ix86+x86_64 1.2 11.00 56.00 67.00 NOTE
r-patched-linux-x86_64 1.2 3.48 41.76 45.24 NOTE
r-patched-solaris-sparc 1.2 543.90 NOTE
r-patched-solaris-x86 1.2 134.00 NOTE
r-release-linux-ix86 1.2 4.22 50.16 54.38 NOTE
r-release-linux-x86_64 1.2 3.57 41.14 44.71 NOTE
r-release-osx-x86_64-mavericks 1.2 NOTE
r-release-osx-x86_64-snowleopard 1.2 OK
r-release-windows-ix86+x86_64 1.2 9.00 58.00 67.00 NOTE
r-oldrel-windows-ix86+x86_64 1.2 9.00 52.00 61.00 NOTE

Check Details

Version: 1.2
Check: dependencies in R code
Result: NOTE
    Packages in Depends field not imported from:
     ‘glasso’ ‘huge’ ‘mvtnorm’
     These packages need to be imported from (in the NAMESPACE file)
     for when this namespace is loaded but not attached.
    See the information on DESCRIPTION files in the chapter ‘Creating R
    packages’ of the ‘Writing R Extensions’ manual.
Flavors: r-devel-linux-x86_64-debian-clang, r-devel-linux-x86_64-debian-gcc, r-devel-linux-x86_64-fedora-clang, r-devel-linux-x86_64-fedora-gcc, r-devel-osx-x86_64-clang, r-devel-windows-ix86+x86_64, r-patched-linux-x86_64, r-patched-solaris-sparc, r-patched-solaris-x86, r-release-linux-ix86, r-release-linux-x86_64, r-release-osx-x86_64-mavericks, r-release-windows-ix86+x86_64, r-oldrel-windows-ix86+x86_64