CRAN Package Check Results for Package glassomix

Last updated on 2015-01-28 23:49:33.

Flavor Version Tinstall Tcheck Ttotal Status Flags
r-devel-linux-x86_64-debian-clang 1.2 3.36 34.88 38.24 NOTE
r-devel-linux-x86_64-debian-gcc 1.2 3.04 35.68 38.72 NOTE
r-devel-linux-x86_64-fedora-clang 1.2 95.23 NOTE
r-devel-linux-x86_64-fedora-gcc 1.2 90.13 NOTE
r-devel-osx-x86_64-clang 1.2 80.88 NOTE
r-devel-windows-ix86+x86_64 1.2 12.00 48.00 60.00 NOTE
r-patched-linux-x86_64 1.2 3.49 38.98 42.47 NOTE
r-patched-solaris-sparc 1.2 514.40 NOTE
r-patched-solaris-x86 1.2 135.20 NOTE
r-release-linux-ix86 1.2 3.92 46.21 50.13 NOTE
r-release-linux-x86_64 1.2 3.70 39.40 43.10 NOTE
r-release-osx-x86_64-mavericks 1.2 NOTE
r-release-osx-x86_64-snowleopard 1.2 OK
r-release-windows-ix86+x86_64 1.2 11.00 58.00 69.00 NOTE
r-oldrel-windows-ix86+x86_64 1.2 10.00 88.00 98.00 NOTE

Check Details

Version: 1.2
Check: dependencies in R code
Result: NOTE
    Packages in Depends field not imported from:
     ‘glasso’ ‘huge’ ‘mvtnorm’
     These packages need to be imported from (in the NAMESPACE file)
     for when this namespace is loaded but not attached.
Flavors: r-devel-linux-x86_64-debian-clang, r-devel-linux-x86_64-debian-gcc, r-devel-linux-x86_64-fedora-clang, r-devel-linux-x86_64-fedora-gcc, r-devel-osx-x86_64-clang, r-devel-windows-ix86+x86_64

Version: 1.2
Check: S3 generic/method consistency
Result: NOTE
    Found the following apparent S3 methods exported but not registered:
     summary.glasso.mix summary.select.gm
    See section ‘Registering S3 methods’ in the ‘Writing R Extensions’
    manual.
Flavors: r-devel-linux-x86_64-debian-clang, r-devel-linux-x86_64-debian-gcc, r-devel-linux-x86_64-fedora-clang, r-devel-linux-x86_64-fedora-gcc, r-devel-osx-x86_64-clang

Version: 1.2
Check: R code for possible problems
Result: NOTE
    glasso.mix: no visible global function definition for ‘dmvnorm’
    glasso.mix: no visible global function definition for ‘glasso’
    gm.plot: no visible global function definition for ‘graph.adjacency’
    gm.plot: no visible global function definition for ‘plot.igraph’
    gm.plot: no visible binding for global variable ‘layout.circle’
Flavors: r-devel-linux-x86_64-debian-clang, r-devel-linux-x86_64-debian-gcc, r-devel-linux-x86_64-fedora-clang, r-devel-linux-x86_64-fedora-gcc, r-devel-osx-x86_64-clang, r-devel-windows-ix86+x86_64, r-patched-linux-x86_64, r-patched-solaris-sparc, r-patched-solaris-x86, r-release-linux-ix86, r-release-linux-x86_64, r-release-osx-x86_64-mavericks, r-release-windows-ix86+x86_64

Version: 1.2
Check: dependencies in R code
Result: NOTE
    Packages in Depends field not imported from:
     ‘glasso’ ‘huge’ ‘mvtnorm’
     These packages need to be imported from (in the NAMESPACE file)
     for when this namespace is loaded but not attached.
    See the information on DESCRIPTION files in the chapter ‘Creating R
    packages’ of the ‘Writing R Extensions’ manual.
Flavors: r-patched-linux-x86_64, r-patched-solaris-sparc, r-patched-solaris-x86, r-release-linux-ix86, r-release-linux-x86_64, r-release-osx-x86_64-mavericks, r-release-windows-ix86+x86_64, r-oldrel-windows-ix86+x86_64