CRAN Package Check Results for Package glassomix

Last updated on 2014-04-24 21:47:41.

Flavor Version Tinstall Tcheck Ttotal Status Flags
r-devel-linux-x86_64-debian-clang 1.2 3.78 43.18 46.97 NOTE
r-devel-linux-x86_64-debian-gcc 1.2 3.68 41.68 45.36 NOTE
r-devel-linux-x86_64-fedora-clang 1.2 102.88 NOTE
r-devel-linux-x86_64-fedora-gcc 1.2 99.73 NOTE
r-devel-osx-x86_64-clang 1.2 77.62 NOTE
r-devel-osx-x86_64-gcc 1.2 ERROR
r-devel-windows-ix86+x86_64 1.2 10.00 58.00 68.00 NOTE
r-patched-linux-x86_64 1.2 3.66 41.97 45.63 NOTE
r-patched-solaris-sparc 1.2 543.90 NOTE
r-patched-solaris-x86 1.2 140.60 NOTE
r-release-linux-ix86 1.2 6.00 68.00 74.00 NOTE
r-release-linux-x86_64 1.2 3.73 42.68 46.40 NOTE
r-release-osx-x86_64-mavericks 1.2 WARN
r-release-osx-x86_64-snowleopard 1.2 OK
r-release-windows-ix86+x86_64 1.2 9.00 55.00 64.00 NOTE
r-oldrel-windows-ix86+x86_64 1.2 10.00 58.00 68.00 NOTE

Check Details

Version: 1.2
Check: dependencies in R code
Result: NOTE
    Packages in Depends field not imported from:
     ‘glasso’ ‘huge’ ‘mvtnorm’
     These packages need to be imported from (in the NAMESPACE file)
     for when this namespace is loaded but not attached.
    See the information on DESCRIPTION files in the chapter ‘Creating R
    packages’ of the ‘Writing R Extensions’ manual.
Flavors: r-devel-linux-x86_64-debian-clang, r-devel-linux-x86_64-debian-gcc, r-devel-linux-x86_64-fedora-clang, r-devel-linux-x86_64-fedora-gcc, r-devel-osx-x86_64-clang, r-devel-windows-ix86+x86_64, r-patched-linux-x86_64, r-patched-solaris-sparc, r-patched-solaris-x86, r-release-linux-ix86, r-release-linux-x86_64, r-release-osx-x86_64-mavericks, r-release-windows-ix86+x86_64, r-oldrel-windows-ix86+x86_64

Version: 1.2
Check: package dependencies
Result: ERROR
    Package required but not available: ‘huge’
    
    See the information on DESCRIPTION files in the chapter ‘Creating R
    packages’ of the ‘Writing R Extensions’ manual.
Flavor: r-devel-osx-x86_64-gcc

Version: 1.2
Check: PDF version of manual
Result: WARNING
    LaTeX errors when creating PDF version.
    This typically indicates Rd problems.
    LaTeX errors found:
    ! LaTeX Error: File `upquote.sty' not found.
    
    Type X to quit or <RETURN> to proceed,
    or enter new name. (Default extension: sty)
    
    c9bf4bf/Rd2.tex:8: ==> Fatal error occurred, no output PDF file produced!
Flavor: r-release-osx-x86_64-mavericks