CRAN Package Check Results for Package gld

Last updated on 2017-02-23 23:49:30.

Flavor Version Tinstall Tcheck Ttotal Status Flags
r-devel-linux-x86_64-debian-clang 2.4.1 1.83 21.66 23.49 NOTE
r-devel-linux-x86_64-debian-gcc 2.4.1 1.83 21.49 23.32 NOTE
r-devel-linux-x86_64-fedora-clang 2.4.1 43.98 NOTE --no-stop-on-test-error
r-devel-linux-x86_64-fedora-gcc 2.4.1 38.89 NOTE --no-stop-on-test-error
r-devel-macos-x86_64-clang 2.4.1 33.25 NOTE --no-stop-on-test-error
r-devel-windows-ix86+x86_64 2.4.1 14.00 113.00 127.00 OK
r-patched-linux-x86_64 2.4.1 1.55 19.64 21.19 OK
r-patched-solaris-sparc 2.4.1 244.30 OK
r-patched-solaris-x86 2.4.1 47.40 OK
r-release-linux-x86_64 2.4.1 1.57 20.09 21.66 OK
r-release-osx-x86_64-mavericks 2.4.1 OK
r-release-windows-ix86+x86_64 2.4.1 17.00 70.00 87.00 OK
r-oldrel-windows-ix86+x86_64 2.4.1 24.00 98.00 122.00 OK

Check Details

Version: 2.4.1
Check: compiled code
Result: NOTE
    File ‘gld/libs/gld.so’:
     Found no calls to: ‘R_registerRoutines’, ‘R_useDynamicSymbols’
    
    It is good practice to register native routines and to disable symbol
    search.
    
    See ‘Writing portable packages’ in the ‘Writing R Extensions’ manual.
Flavors: r-devel-linux-x86_64-debian-clang, r-devel-linux-x86_64-debian-gcc

Version: 2.4.1
Flags: --no-stop-on-test-error
Check: compiled code
Result: NOTE
    File ‘gld/libs/gld.so’:
     Found no calls to: ‘R_registerRoutines’, ‘R_useDynamicSymbols’
    
    It is good practice to register native routines and to disable symbol
    search.
    
    See ‘Writing portable packages’ in the ‘Writing R Extensions’ manual.
Flavors: r-devel-linux-x86_64-fedora-clang, r-devel-linux-x86_64-fedora-gcc, r-devel-macos-x86_64-clang