CRAN Package Check Results for Package gld

Last updated on 2018-02-23 14:49:25 CET.

Flavor Version Tinstall Tcheck Ttotal Status Flags
r-devel-linux-x86_64-debian-clang 2.4.1 3.88 32.01 35.89 NOTE
r-devel-linux-x86_64-debian-gcc 2.4.1 3.22 25.05 28.27 NOTE
r-devel-linux-x86_64-fedora-clang 2.4.1 43.45 NOTE
r-devel-linux-x86_64-fedora-gcc 2.4.1 43.26 NOTE
r-devel-windows-ix86+x86_64 2.4.1 16.00 77.00 93.00 OK
r-patched-linux-x86_64 2.4.1 2.60 33.17 35.77 NOTE
r-patched-solaris-x86 2.4.1 55.50 OK
r-release-linux-x86_64 2.4.1 2.71 33.28 35.99 NOTE
r-release-windows-ix86+x86_64 2.4.1 11.00 65.00 76.00 OK
r-release-osx-x86_64 2.4.1 OK
r-oldrel-windows-ix86+x86_64 2.4.1 10.00 72.00 82.00 OK
r-oldrel-osx-x86_64 2.4.1 OK

Check Details

Version: 2.4.1
Check: compiled code
Result: NOTE
    File ‘gld/libs/gld.so’:
     Found no calls to: ‘R_registerRoutines’, ‘R_useDynamicSymbols’
    
    It is good practice to register native routines and to disable symbol
    search.
    
    See ‘Writing portable packages’ in the ‘Writing R Extensions’ manual.
Flavors: r-devel-linux-x86_64-debian-clang, r-devel-linux-x86_64-debian-gcc, r-devel-linux-x86_64-fedora-clang, r-devel-linux-x86_64-fedora-gcc, r-patched-linux-x86_64, r-release-linux-x86_64