CRAN Package Check Results for Package gld

Last updated on 2015-05-29 23:47:48.

Flavor Version Tinstall Tcheck Ttotal Status Flags
r-devel-linux-x86_64-debian-clang 2.2.1 1.39 15.34 16.73 NOTE
r-devel-linux-x86_64-debian-gcc 2.2.1 1.40 14.39 15.79 NOTE
r-devel-linux-x86_64-fedora-clang 2.2.1 30.66 NOTE
r-devel-linux-x86_64-fedora-gcc 2.2.1 28.21 NOTE
r-devel-osx-x86_64-clang 2.2.1 30.30 NOTE
r-devel-windows-ix86+x86_64 2.2.1 11.00 28.00 39.00 OK
r-patched-linux-x86_64 2.2.1 1.45 14.37 15.82 NOTE
r-patched-solaris-sparc 2.2.1 185.20 NOTE
r-patched-solaris-x86 2.2.1 38.70 NOTE
r-release-linux-x86_64 2.2.1 1.43 14.25 15.68 NOTE
r-release-osx-x86_64-mavericks 2.2.1 OK
r-release-osx-x86_64-snowleopard 2.2.1 OK
r-release-windows-ix86+x86_64 2.2.1 11.00 30.00 41.00 OK
r-oldrel-windows-ix86+x86_64 2.2.1 11.00 44.00 55.00 OK

Check Details

Version: 2.2.1
Check: S3 generic/method consistency
Result: NOTE
    Found the following apparent S3 methods exported but not registered:
     plot.starship print.starship summary.starship
    See section ‘Registering S3 methods’ in the ‘Writing R Extensions’
    manual.
Flavors: r-devel-linux-x86_64-debian-clang, r-devel-linux-x86_64-debian-gcc, r-devel-linux-x86_64-fedora-clang, r-devel-linux-x86_64-fedora-gcc, r-devel-osx-x86_64-clang, r-patched-linux-x86_64, r-patched-solaris-sparc, r-patched-solaris-x86, r-release-linux-x86_64