CRAN Package Check Results for Package gld

Last updated on 2015-03-05 02:47:39.

Flavor Version Tinstall Tcheck Ttotal Status Flags
r-devel-linux-x86_64-debian-clang 2.2.1 1.35 14.64 15.99 NOTE
r-devel-linux-x86_64-debian-gcc 2.2.1 1.49 14.45 15.94 NOTE
r-devel-linux-x86_64-fedora-clang 2.2.1 29.54 NOTE
r-devel-linux-x86_64-fedora-gcc 2.2.1 29.34 NOTE
r-devel-osx-x86_64-clang 2.2.1 31.12 NOTE
r-devel-windows-ix86+x86_64 2.2.1 11.00 27.00 38.00 OK
r-patched-linux-x86_64 2.2.1 1.65 16.05 17.70 OK
r-patched-solaris-sparc 2.2.1 211.40 OK
r-patched-solaris-x86 2.2.1 42.70 OK
r-release-linux-ix86 2.2.1 2.46 21.84 24.30 OK
r-release-linux-x86_64 2.2.1 1.66 16.25 17.92 OK
r-release-osx-x86_64-mavericks 2.2.1 OK
r-release-osx-x86_64-snowleopard 2.2.1 OK
r-release-windows-ix86+x86_64 2.2.1 10.00 29.00 39.00 OK
r-oldrel-windows-ix86+x86_64 2.2.1 10.00 32.00 42.00 OK

Check Details

Version: 2.2.1
Check: S3 generic/method consistency
Result: NOTE
    Found the following apparent S3 methods exported but not registered:
     plot.starship print.starship summary.starship
    See section ‘Registering S3 methods’ in the ‘Writing R Extensions’
    manual.
Flavors: r-devel-linux-x86_64-debian-clang, r-devel-linux-x86_64-debian-gcc, r-devel-linux-x86_64-fedora-clang, r-devel-linux-x86_64-fedora-gcc, r-devel-osx-x86_64-clang