CRAN Package Check Results for Package gld

Last updated on 2015-04-26 16:47:03.

Flavor Version Tinstall Tcheck Ttotal Status Flags
r-devel-linux-x86_64-debian-clang 2.2.1 1.35 14.38 15.72 NOTE
r-devel-linux-x86_64-debian-gcc 2.2.1 1.42 14.40 15.82 NOTE
r-devel-linux-x86_64-fedora-clang 2.2.1 30.06 NOTE
r-devel-linux-x86_64-fedora-gcc 2.2.1 28.03 NOTE
r-devel-osx-x86_64-clang 2.2.1 30.21 NOTE
r-devel-windows-ix86+x86_64 2.2.1 11.00 28.00 39.00 OK
r-patched-linux-x86_64 2.2.1 1.46 14.30 15.76 NOTE
r-patched-solaris-sparc 2.2.1 184.70 OK
r-patched-solaris-x86 2.2.1 38.60 NOTE
r-release-linux-x86_64 2.2.1 1.50 14.20 15.70 NOTE
r-release-osx-x86_64-mavericks 2.2.1 OK
r-release-osx-x86_64-snowleopard 2.2.1 OK
r-release-windows-ix86+x86_64 2.2.1 10.00 27.00 37.00 OK
r-oldrel-windows-ix86+x86_64 2.2.1 7.00 35.00 42.00 OK

Check Details

Version: 2.2.1
Check: S3 generic/method consistency
Result: NOTE
    Found the following apparent S3 methods exported but not registered:
     plot.starship print.starship summary.starship
    See section ‘Registering S3 methods’ in the ‘Writing R Extensions’
    manual.
Flavors: r-devel-linux-x86_64-fedora-clang, r-devel-linux-x86_64-fedora-gcc, r-devel-osx-x86_64-clang, r-patched-solaris-x86