CRAN Package Check Results for Package gld

Last updated on 2017-04-24 18:47:18.

Flavor Version Tinstall Tcheck Ttotal Status Flags
r-devel-linux-x86_64-debian-clang 2.4.1 1.90 21.79 23.68 NOTE
r-devel-linux-x86_64-debian-gcc 2.4.1 1.80 21.69 23.49 NOTE
r-devel-linux-x86_64-fedora-clang 2.4.1 41.39 NOTE --no-stop-on-test-error
r-devel-linux-x86_64-fedora-gcc 2.4.1 39.81 NOTE --no-stop-on-test-error
r-devel-windows-ix86+x86_64 2.4.1 OK
r-patched-linux-x86_64 2.4.1 1.65 21.75 23.40 NOTE
r-patched-solaris-sparc 2.4.1 245.00 OK
r-patched-solaris-x86 2.4.1 50.10 OK
r-release-linux-x86_64 2.4.1 1.69 22.70 24.38 NOTE
r-release-windows-ix86+x86_64 2.4.1 10.00 50.00 60.00 OK
r-release-osx-x86_64 2.4.1 OK
r-oldrel-windows-ix86+x86_64 2.4.1 10.00 47.00 57.00 OK
r-oldrel-osx-x86_64 2.4.1 OK

Check Details

Version: 2.4.1
Check: compiled code
Result: NOTE
    File ‘gld/libs/gld.so’:
     Found no calls to: ‘R_registerRoutines’, ‘R_useDynamicSymbols’
    
    It is good practice to register native routines and to disable symbol
    search.
    
    See ‘Writing portable packages’ in the ‘Writing R Extensions’ manual.
Flavors: r-devel-linux-x86_64-debian-clang, r-devel-linux-x86_64-debian-gcc, r-patched-linux-x86_64, r-release-linux-x86_64

Version: 2.4.1
Flags: --no-stop-on-test-error
Check: compiled code
Result: NOTE
    File ‘gld/libs/gld.so’:
     Found no calls to: ‘R_registerRoutines’, ‘R_useDynamicSymbols’
    
    It is good practice to register native routines and to disable symbol
    search.
    
    See ‘Writing portable packages’ in the ‘Writing R Extensions’ manual.
Flavors: r-devel-linux-x86_64-fedora-clang, r-devel-linux-x86_64-fedora-gcc