CRAN Package Check Results for Package gld

Last updated on 2015-07-02 03:46:50.

Flavor Version Tinstall Tcheck Ttotal Status Flags
r-devel-linux-x86_64-debian-clang 2.2.1 1.32 13.82 15.13 NOTE
r-devel-linux-x86_64-debian-gcc 2.2.1 1.36 14.04 15.41 NOTE
r-devel-linux-x86_64-fedora-clang 2.2.1 27.74 NOTE
r-devel-linux-x86_64-fedora-gcc 2.2.1 26.47 NOTE
r-devel-osx-x86_64-clang 2.2.1 28.30 NOTE
r-devel-windows-ix86+x86_64 2.2.1 10.00 27.00 37.00 OK
r-patched-linux-x86_64 2.2.1 1.41 14.18 15.58 NOTE
r-patched-solaris-sparc 2.2.1 185.20 NOTE
r-patched-solaris-x86 2.2.1 39.30 NOTE
r-release-linux-x86_64 2.2.1 1.42 14.29 15.71 NOTE
r-release-osx-x86_64-mavericks 2.2.1 OK
r-release-windows-ix86+x86_64 2.2.1 10.00 30.00 40.00 OK
r-oldrel-windows-ix86+x86_64 2.2.1 16.00 33.00 49.00 OK

Check Details

Version: 2.2.1
Check: S3 generic/method consistency
Result: NOTE
    Found the following apparent S3 methods exported but not registered:
     plot.starship print.starship summary.starship
    See section ‘Registering S3 methods’ in the ‘Writing R Extensions’
    manual.
Flavors: r-devel-linux-x86_64-debian-clang, r-devel-linux-x86_64-debian-gcc, r-devel-linux-x86_64-fedora-clang, r-devel-linux-x86_64-fedora-gcc, r-devel-osx-x86_64-clang, r-patched-linux-x86_64, r-patched-solaris-sparc, r-patched-solaris-x86, r-release-linux-x86_64