CRAN Package Check Results for Package gld

Last updated on 2017-09-20 15:48:32.

Flavor Version Tinstall Tcheck Ttotal Status Flags
r-devel-linux-x86_64-debian-clang 2.4.1 1.76 21.92 23.68 NOTE
r-devel-linux-x86_64-debian-gcc 2.4.1 1.87 22.25 24.12 NOTE
r-devel-linux-x86_64-fedora-clang 2.4.1 41.51 NOTE
r-devel-linux-x86_64-fedora-gcc 2.4.1 40.90 NOTE
r-devel-windows-ix86+x86_64 2.4.1 10.00 67.00 77.00 OK
r-patched-linux-x86_64 2.4.1 1.80 22.07 23.87 NOTE
r-patched-solaris-x86 2.4.1 56.10 OK
r-release-linux-x86_64 2.4.1 1.72 21.96 23.68 NOTE
r-release-windows-ix86+x86_64 2.4.1 10.00 56.00 66.00 OK
r-release-osx-x86_64 2.4.1 OK
r-oldrel-windows-ix86+x86_64 2.4.1 9.00 51.00 60.00 OK
r-oldrel-osx-x86_64 2.4.1 OK

Check Details

Version: 2.4.1
Check: compiled code
Result: NOTE
    File ‘gld/libs/gld.so’:
     Found no calls to: ‘R_registerRoutines’, ‘R_useDynamicSymbols’
    
    It is good practice to register native routines and to disable symbol
    search.
    
    See ‘Writing portable packages’ in the ‘Writing R Extensions’ manual.
Flavors: r-devel-linux-x86_64-debian-clang, r-devel-linux-x86_64-debian-gcc, r-devel-linux-x86_64-fedora-clang, r-devel-linux-x86_64-fedora-gcc, r-patched-linux-x86_64, r-release-linux-x86_64