CRAN Package Check Results for Package gld

Last updated on 2014-04-24 23:48:03.

Flavor Version Tinstall Tcheck Ttotal Status Flags
r-devel-linux-x86_64-debian-clang 2.2.1 1.34 16.11 17.45 OK
r-devel-linux-x86_64-debian-gcc 2.2.1 1.55 15.83 17.38 OK
r-devel-linux-x86_64-fedora-clang 2.2.1 32.76 OK
r-devel-linux-x86_64-fedora-gcc 2.2.1 31.29 OK
r-devel-osx-x86_64-clang 2.2.1 30.91 OK
r-devel-osx-x86_64-gcc 2.2.1 OK
r-devel-windows-ix86+x86_64 2.2.1 8.00 27.00 35.00 OK
r-patched-linux-x86_64 2.2.1 1.48 15.69 17.16 OK
r-patched-solaris-sparc 2.2.1 182.50 OK
r-patched-solaris-x86 2.2.1 43.30 OK
r-release-linux-ix86 2.2.1 3.00 30.00 33.00 OK
r-release-linux-x86_64 2.2.1 1.53 16.15 17.68 OK
r-release-osx-x86_64-mavericks 2.2.1 WARN
r-release-osx-x86_64-snowleopard 2.2.1 OK
r-release-windows-ix86+x86_64 2.2.1 10.00 29.00 39.00 OK
r-oldrel-windows-ix86+x86_64 2.2.1 10.00 29.00 39.00 OK

Check Details

Version: 2.2.1
Check: PDF version of manual
Result: WARNING
    LaTeX errors when creating PDF version.
    This typically indicates Rd problems.
    LaTeX errors found:
    ! LaTeX Error: File `upquote.sty' not found.
    
    Type X to quit or <RETURN> to proceed,
    or enter new name. (Default extension: sty)
    
    50ec718/Rd2.tex:8: ==> Fatal error occurred, no output PDF file produced!
Flavor: r-release-osx-x86_64-mavericks