CRAN Package Check Results for Package gld

Last updated on 2019-04-22 07:46:44 CEST.

Flavor Version Tinstall Tcheck Ttotal Status Flags
r-devel-linux-x86_64-debian-clang 2.4.1 5.66 32.14 37.80 OK
r-devel-linux-x86_64-debian-gcc 2.4.1 4.03 25.27 29.30 OK
r-devel-linux-x86_64-fedora-clang 2.4.1 45.77 NOTE
r-devel-linux-x86_64-fedora-gcc 2.4.1 43.88 NOTE
r-devel-windows-ix86+x86_64 2.4.1 18.00 58.00 76.00 OK
r-patched-linux-x86_64 2.4.1 5.51 31.82 37.33 OK
r-patched-solaris-x86 2.4.1 65.10 OK
r-release-linux-x86_64 2.4.1 4.63 30.57 35.20 OK
r-release-windows-ix86+x86_64 2.4.1 13.00 72.00 85.00 OK
r-release-osx-x86_64 2.4.1 OK
r-oldrel-windows-ix86+x86_64 2.4.1 12.00 71.00 83.00 OK
r-oldrel-osx-x86_64 2.4.1 OK

Check Details

Version: 2.4.1
Check: compiled code
Result: NOTE
    File ‘gld/libs/gld.so’:
     Found no calls to: ‘R_registerRoutines’, ‘R_useDynamicSymbols’
    
    It is good practice to register native routines and to disable symbol
    search.
    
    See ‘Writing portable packages’ in the ‘Writing R Extensions’ manual.
Flavors: r-devel-linux-x86_64-fedora-clang, r-devel-linux-x86_64-fedora-gcc