Last updated on 2022-06-29 14:51:19 CEST.
Flavor | Version | Tinstall | Tcheck | Ttotal | Status | Flags |
---|---|---|---|---|---|---|
r-devel-linux-x86_64-debian-clang | 2.6.4 | 8.13 | 47.94 | 56.07 | NOTE | |
r-devel-linux-x86_64-debian-gcc | 2.6.4 | 5.35 | 36.39 | 41.74 | NOTE | |
r-devel-linux-x86_64-fedora-clang | 2.6.4 | 77.46 | NOTE | |||
r-devel-linux-x86_64-fedora-gcc | 2.6.4 | 77.00 | NOTE | |||
r-devel-windows-x86_64 | 2.6.4 | 24.00 | 76.00 | 100.00 | NOTE | |
r-patched-linux-x86_64 | 2.6.4 | 6.07 | 46.28 | 52.35 | OK | |
r-release-linux-x86_64 | 2.6.4 | 5.68 | 45.94 | 51.62 | OK | |
r-release-macos-arm64 | 2.6.4 | 25.00 | OK | |||
r-release-macos-x86_64 | 2.6.4 | 32.00 | OK | |||
r-release-windows-x86_64 | 2.6.4 | 30.00 | 81.00 | 111.00 | OK | |
r-oldrel-macos-arm64 | 2.6.4 | 21.00 | OK | |||
r-oldrel-macos-x86_64 | 2.6.4 | 36.00 | OK | |||
r-oldrel-windows-ix86+x86_64 | 2.6.5 | 20.00 | 95.00 | 115.00 | OK |
Version: 2.6.4
Check: Rd files
Result: NOTE
checkRd: (-1) GeneralisedLambdaDistribution.Rd:146: Escaped LaTeX specials: \&
checkRd: (-1) starship.adaptivegrid.Rd:36: Escaped LaTeX specials: \&
checkRd: (-1) starship.adaptivegrid.Rd:51: Escaped LaTeX specials: \&
checkRd: (-1) starship.adaptivegrid.Rd:61: Escaped LaTeX specials: \&
checkRd: (-1) starship.obj.Rd:27: Escaped LaTeX specials: \&
Flavors: r-devel-linux-x86_64-debian-clang, r-devel-linux-x86_64-debian-gcc, r-devel-linux-x86_64-fedora-clang, r-devel-linux-x86_64-fedora-gcc, r-devel-windows-x86_64
Version: 2.6.4
Check: HTML version of manual
Result: NOTE
Found the following problems:
GeneralisedLambdaDistribution.Rd:77:4: Warning: nested emphasis <em>
fit.gpd.Rd:152:38: Warning: nested emphasis <code>
fit.gpd.Rd:156:38: Warning: nested emphasis <code>
fit.gpd.Rd:160:38: Warning: nested emphasis <code>
fit.gpd.Rd:164:38: Warning: nested emphasis <code>
gl.check.lambda.Rd:54:4: Warning: nested emphasis <em>
plotgl.Rd:61:4: Warning: nested emphasis <em>
qqgl.Rd:61:4: Warning: nested emphasis <em>
Flavors: r-devel-linux-x86_64-debian-clang, r-devel-linux-x86_64-debian-gcc