CRAN Package Check Results for Package gld

Last updated on 2017-07-25 01:51:37.

Flavor Version Tinstall Tcheck Ttotal Status Flags
r-devel-linux-x86_64-debian-clang 2.4.1 1.71 28.88 30.58 NOTE
r-devel-linux-x86_64-debian-gcc 2.4.1 1.79 28.78 30.56 NOTE
r-devel-linux-x86_64-fedora-clang 2.4.1 41.48 NOTE
r-devel-linux-x86_64-fedora-gcc 2.4.1 39.99 NOTE
r-devel-windows-ix86+x86_64 2.4.1 11.00 51.00 62.00 OK
r-patched-linux-x86_64 2.4.1 1.83 29.00 30.83 NOTE
r-patched-solaris-x86 2.4.1 54.70 OK
r-release-linux-x86_64 2.4.1 1.74 28.91 30.65 NOTE
r-release-windows-ix86+x86_64 2.4.1 14.00 72.00 86.00 OK
r-release-osx-x86_64 2.4.1 OK
r-oldrel-windows-ix86+x86_64 2.4.1 11.00 54.00 65.00 OK
r-oldrel-osx-x86_64 2.4.1 OK

Check Details

Version: 2.4.1
Check: compiled code
Result: NOTE
    File ‘gld/libs/gld.so’:
     Found no calls to: ‘R_registerRoutines’, ‘R_useDynamicSymbols’
    
    It is good practice to register native routines and to disable symbol
    search.
    
    See ‘Writing portable packages’ in the ‘Writing R Extensions’ manual.
Flavors: r-devel-linux-x86_64-debian-clang, r-devel-linux-x86_64-debian-gcc, r-devel-linux-x86_64-fedora-clang, r-devel-linux-x86_64-fedora-gcc, r-patched-linux-x86_64, r-release-linux-x86_64