CRAN Package Check Results for Package gld

Last updated on 2015-02-01 20:48:35.

Flavor Version Tinstall Tcheck Ttotal Status Flags
r-devel-linux-x86_64-debian-clang 2.2.1 1.33 14.74 16.07 NOTE
r-devel-linux-x86_64-debian-gcc 2.2.1 1.45 14.58 16.02 NOTE
r-devel-linux-x86_64-fedora-clang 2.2.1 30.58 NOTE
r-devel-linux-x86_64-fedora-gcc 2.2.1 28.95 NOTE
r-devel-osx-x86_64-clang 2.2.1 36.54 NOTE
r-devel-windows-ix86+x86_64 2.2.1 13.00 27.00 40.00 OK
r-patched-linux-x86_64 2.2.1 1.52 15.36 16.88 OK
r-patched-solaris-sparc 2.2.1 185.80 OK
r-patched-solaris-x86 2.2.1 43.20 OK
r-release-linux-ix86 2.2.1 2.14 21.08 23.22 OK
r-release-linux-x86_64 2.2.1 1.50 15.67 17.17 OK
r-release-osx-x86_64-mavericks 2.2.1 OK
r-release-osx-x86_64-snowleopard 2.2.1 OK
r-release-windows-ix86+x86_64 2.2.1 10.00 33.00 43.00 OK
r-oldrel-windows-ix86+x86_64 2.2.1 10.00 31.00 41.00 OK

Check Details

Version: 2.2.1
Check: S3 generic/method consistency
Result: NOTE
    Found the following apparent S3 methods exported but not registered:
     print.starship summary.starship plot.starship
    See section ‘Registering S3 methods’ in the ‘Writing R Extensions’
    manual.
Flavors: r-devel-linux-x86_64-debian-clang, r-devel-linux-x86_64-debian-gcc, r-devel-linux-x86_64-fedora-clang, r-devel-linux-x86_64-fedora-gcc, r-devel-osx-x86_64-clang