CRAN Package Check Results for Package gld

Last updated on 2017-03-24 23:55:45.

Flavor Version Tinstall Tcheck Ttotal Status Flags
r-devel-linux-x86_64-debian-clang 2.4.1 1.82 21.94 23.76 NOTE
r-devel-linux-x86_64-debian-gcc 2.4.1 1.70 21.66 23.36 NOTE
r-devel-linux-x86_64-fedora-clang 2.4.1 42.61 NOTE --no-stop-on-test-error
r-devel-linux-x86_64-fedora-gcc 2.4.1 41.82 NOTE --no-stop-on-test-error
r-devel-macos-x86_64-clang 2.4.1 32.70 NOTE --no-stop-on-test-error
r-devel-windows-ix86+x86_64 2.4.1 10.00 85.00 95.00 OK
r-patched-linux-x86_64 2.4.1 1.55 19.87 21.42 OK
r-patched-solaris-sparc 2.4.1 245.00 OK
r-patched-solaris-x86 2.4.1 50.80 OK
r-release-linux-x86_64 2.4.1 1.62 20.04 21.65 OK
r-release-osx-x86_64-mavericks 2.4.1 OK
r-release-windows-ix86+x86_64 2.4.1 14.00 54.00 68.00 OK
r-oldrel-windows-ix86+x86_64 2.4.1 10.00 66.00 76.00 OK

Check Details

Version: 2.4.1
Check: compiled code
Result: NOTE
    File ‘gld/libs/gld.so’:
     Found no calls to: ‘R_registerRoutines’, ‘R_useDynamicSymbols’
    
    It is good practice to register native routines and to disable symbol
    search.
    
    See ‘Writing portable packages’ in the ‘Writing R Extensions’ manual.
Flavors: r-devel-linux-x86_64-debian-clang, r-devel-linux-x86_64-debian-gcc

Version: 2.4.1
Flags: --no-stop-on-test-error
Check: compiled code
Result: NOTE
    File ‘gld/libs/gld.so’:
     Found no calls to: ‘R_registerRoutines’, ‘R_useDynamicSymbols’
    
    It is good practice to register native routines and to disable symbol
    search.
    
    See ‘Writing portable packages’ in the ‘Writing R Extensions’ manual.
Flavors: r-devel-linux-x86_64-fedora-clang, r-devel-linux-x86_64-fedora-gcc, r-devel-macos-x86_64-clang