CRAN Package Check Results for Package gld

Last updated on 2017-05-26 19:47:51.

Flavor Version Tinstall Tcheck Ttotal Status Flags
r-devel-linux-x86_64-debian-clang 2.4.1 1.87 21.92 23.79 NOTE
r-devel-linux-x86_64-debian-gcc 2.4.1 1.87 22.36 24.22 NOTE
r-devel-linux-x86_64-fedora-clang 2.4.1 41.09 NOTE
r-devel-linux-x86_64-fedora-gcc 2.4.1 39.46 NOTE
r-devel-windows-ix86+x86_64 2.4.1 10.00 64.00 74.00 OK
r-patched-linux-x86_64 2.4.1 2.20 23.33 25.53 NOTE
r-patched-solaris-sparc 2.4.1 245.00 OK
r-patched-solaris-x86 2.4.1 51.30 OK
r-release-linux-x86_64 2.4.1 1.62 21.53 23.14 NOTE
r-release-windows-ix86+x86_64 2.4.1 9.00 51.00 60.00 OK
r-release-osx-x86_64 2.4.1 OK
r-oldrel-windows-ix86+x86_64 2.4.1 17.00 47.00 64.00 OK
r-oldrel-osx-x86_64 2.4.1 OK

Check Details

Version: 2.4.1
Check: compiled code
Result: NOTE
    File ‘gld/libs/gld.so’:
     Found no calls to: ‘R_registerRoutines’, ‘R_useDynamicSymbols’
    
    It is good practice to register native routines and to disable symbol
    search.
    
    See ‘Writing portable packages’ in the ‘Writing R Extensions’ manual.
Flavors: r-devel-linux-x86_64-debian-clang, r-devel-linux-x86_64-debian-gcc, r-devel-linux-x86_64-fedora-clang, r-devel-linux-x86_64-fedora-gcc, r-patched-linux-x86_64, r-release-linux-x86_64