CRAN Package Check Results for Package gld

Last updated on 2017-11-24 22:51:09 CET.

Flavor Version Tinstall Tcheck Ttotal Status Flags
r-devel-linux-x86_64-debian-clang 2.4.1 2.35 56.58 58.93 NOTE
r-devel-linux-x86_64-debian-gcc 2.4.1 1.97 49.02 50.99 NOTE
r-devel-linux-x86_64-fedora-clang 2.4.1 38.50 NOTE
r-devel-linux-x86_64-fedora-gcc 2.4.1 38.23 NOTE
r-devel-windows-ix86+x86_64 2.4.1 13.00 73.00 86.00 OK
r-patched-linux-x86_64 2.4.1 2.52 57.75 60.26 NOTE
r-patched-solaris-x86 2.4.1 57.60 OK
r-release-linux-x86_64 2.4.1 2.26 58.82 61.09 NOTE
r-release-windows-ix86+x86_64 2.4.1 10.00 46.00 56.00 OK
r-release-osx-x86_64 2.4.1 OK
r-oldrel-windows-ix86+x86_64 2.4.1 10.00 54.00 64.00 OK
r-oldrel-osx-x86_64 2.4.1 OK

Check Details

Version: 2.4.1
Check: compiled code
Result: NOTE
    File ‘gld/libs/gld.so’:
     Found no calls to: ‘R_registerRoutines’, ‘R_useDynamicSymbols’
    
    It is good practice to register native routines and to disable symbol
    search.
    
    See ‘Writing portable packages’ in the ‘Writing R Extensions’ manual.
Flavors: r-devel-linux-x86_64-debian-clang, r-devel-linux-x86_64-debian-gcc, r-devel-linux-x86_64-fedora-clang, r-devel-linux-x86_64-fedora-gcc, r-patched-linux-x86_64, r-release-linux-x86_64