CRAN Package Check Results for Package gldist

Last updated on 2017-02-24 17:48:29.

Flavor Version Tinstall Tcheck Ttotal Status Flags
r-devel-linux-x86_64-debian-clang 2160.2 2.07 18.91 20.98 NOTE
r-devel-linux-x86_64-debian-gcc 2160.2 1.91 19.23 21.15 NOTE
r-devel-linux-x86_64-fedora-clang 2160.2 38.23 NOTE --no-stop-on-test-error
r-devel-linux-x86_64-fedora-gcc 2160.2 34.13 NOTE --no-stop-on-test-error
r-devel-macos-x86_64-clang 2160.2 28.86 NOTE --no-stop-on-test-error
r-devel-windows-ix86+x86_64 2160.2 8.00 73.00 81.00 NOTE
r-patched-linux-x86_64 2160.2 1.71 18.19 19.90 NOTE
r-patched-solaris-sparc 2160.2 247.20 NOTE
r-patched-solaris-x86 2160.2 49.40 NOTE
r-release-linux-x86_64 2160.2 1.77 18.18 19.95 NOTE
r-release-osx-x86_64-mavericks 2160.2 NOTE
r-release-windows-ix86+x86_64 2160.2 21.00 77.00 98.00 NOTE
r-oldrel-windows-ix86+x86_64 2160.2 27.00 73.00 100.00 NOTE

Check Details

Version: 2160.2
Check: DESCRIPTION meta-information
Result: NOTE
    Malformed Title field: should not end in a period.
Flavors: r-devel-linux-x86_64-debian-clang, r-devel-linux-x86_64-debian-gcc, r-devel-windows-ix86+x86_64, r-patched-linux-x86_64, r-patched-solaris-sparc, r-patched-solaris-x86, r-release-linux-x86_64, r-release-osx-x86_64-mavericks, r-release-windows-ix86+x86_64, r-oldrel-windows-ix86+x86_64

Version: 2160.2
Check: R code for possible problems
Result: NOTE
    fitgl: no visible global function definition for ‘na.omit’
    fitgl: no visible global function definition for ‘median’
    fitgl: no visible global function definition for ‘IQR’
    fitgl: no visible binding for global variable ‘hist’
    fitgl: no visible global function definition for ‘ppoints’
    fitgl: no visible global function definition for ‘quantile’
    fitgl: no visible global function definition for ‘nlminb’
    glshapeplot: no visible global function definition for ‘plot’
    glshapeplot: no visible global function definition for ‘title’
    glshapeplot : momentLine: no visible global function definition for
     ‘lines’
    glshapeplot: no visible global function definition for ‘points’
    Undefined global functions or variables:
     IQR hist lines median na.omit nlminb plot points ppoints quantile
     title
    Consider adding
     importFrom("graphics", "hist", "lines", "plot", "points", "title")
     importFrom("stats", "IQR", "median", "na.omit", "nlminb", "ppoints",
     "quantile")
    to your NAMESPACE file.
Flavors: r-devel-linux-x86_64-debian-clang, r-devel-linux-x86_64-debian-gcc, r-devel-windows-ix86+x86_64, r-patched-linux-x86_64, r-patched-solaris-sparc, r-patched-solaris-x86, r-release-linux-x86_64, r-release-osx-x86_64-mavericks, r-release-windows-ix86+x86_64

Version: 2160.2
Check: compiled code
Result: NOTE
    File ‘gldist/libs/gldist.so’:
     Found no calls to: ‘R_registerRoutines’, ‘R_useDynamicSymbols’
    
    It is good practice to register native routines and to disable symbol
    search.
    
    See ‘Writing portable packages’ in the ‘Writing R Extensions’ manual.
Flavors: r-devel-linux-x86_64-debian-clang, r-devel-linux-x86_64-debian-gcc

Version: 2160.2
Flags: --no-stop-on-test-error
Check: DESCRIPTION meta-information
Result: NOTE
    Malformed Title field: should not end in a period.
Flavors: r-devel-linux-x86_64-fedora-clang, r-devel-linux-x86_64-fedora-gcc, r-devel-macos-x86_64-clang

Version: 2160.2
Flags: --no-stop-on-test-error
Check: R code for possible problems
Result: NOTE
    fitgl: no visible global function definition for ‘na.omit’
    fitgl: no visible global function definition for ‘median’
    fitgl: no visible global function definition for ‘IQR’
    fitgl: no visible binding for global variable ‘hist’
    fitgl: no visible global function definition for ‘ppoints’
    fitgl: no visible global function definition for ‘quantile’
    fitgl: no visible global function definition for ‘nlminb’
    glshapeplot: no visible global function definition for ‘plot’
    glshapeplot: no visible global function definition for ‘title’
    glshapeplot : momentLine: no visible global function definition for
     ‘lines’
    glshapeplot: no visible global function definition for ‘points’
    Undefined global functions or variables:
     IQR hist lines median na.omit nlminb plot points ppoints quantile
     title
    Consider adding
     importFrom("graphics", "hist", "lines", "plot", "points", "title")
     importFrom("stats", "IQR", "median", "na.omit", "nlminb", "ppoints",
     "quantile")
    to your NAMESPACE file.
Flavors: r-devel-linux-x86_64-fedora-clang, r-devel-linux-x86_64-fedora-gcc, r-devel-macos-x86_64-clang

Version: 2160.2
Flags: --no-stop-on-test-error
Check: compiled code
Result: NOTE
    File ‘gldist/libs/gldist.so’:
     Found no calls to: ‘R_registerRoutines’, ‘R_useDynamicSymbols’
    
    It is good practice to register native routines and to disable symbol
    search.
    
    See ‘Writing portable packages’ in the ‘Writing R Extensions’ manual.
Flavors: r-devel-linux-x86_64-fedora-clang, r-devel-linux-x86_64-fedora-gcc, r-devel-macos-x86_64-clang