CRAN Package Check Results for Package gldist

Last updated on 2017-05-26 06:46:43.

Flavor Version Tinstall Tcheck Ttotal Status Flags
r-release-osx-x86_64 2160.2 NOTE

Check Details

Version: 2160.2
Check: DESCRIPTION meta-information
Result: NOTE
    Malformed Title field: should not end in a period.
Flavor: r-release-osx-x86_64

Version: 2160.2
Check: R code for possible problems
Result: NOTE
    fitgl: no visible global function definition for ‘na.omit’
    fitgl: no visible global function definition for ‘median’
    fitgl: no visible global function definition for ‘IQR’
    fitgl: no visible binding for global variable ‘hist’
    fitgl: no visible global function definition for ‘ppoints’
    fitgl: no visible global function definition for ‘quantile’
    fitgl: no visible global function definition for ‘nlminb’
    glshapeplot: no visible global function definition for ‘plot’
    glshapeplot: no visible global function definition for ‘title’
    glshapeplot : momentLine: no visible global function definition for
     ‘lines’
    glshapeplot: no visible global function definition for ‘points’
    Undefined global functions or variables:
     IQR hist lines median na.omit nlminb plot points ppoints quantile
     title
    Consider adding
     importFrom("graphics", "hist", "lines", "plot", "points", "title")
     importFrom("stats", "IQR", "median", "na.omit", "nlminb", "ppoints",
     "quantile")
    to your NAMESPACE file.
Flavor: r-release-osx-x86_64