CRAN Package Check Results for Package gldist

Last updated on 2014-12-18 10:48:57.

Flavor Version Tinstall Tcheck Ttotal Status Flags
r-devel-linux-x86_64-debian-clang 2160.2 1.48 19.52 21.00 OK
r-devel-linux-x86_64-debian-gcc 2160.2 1.95 19.07 21.02 OK
r-devel-linux-x86_64-fedora-clang 2160.2 40.70 OK
r-devel-linux-x86_64-fedora-gcc 2160.2 35.44 OK
r-devel-osx-x86_64-clang 2160.2 38.79 OK
r-devel-windows-ix86+x86_64 2160.2 11.00 88.00 99.00 OK
r-patched-linux-x86_64 2160.2 1.74 19.24 20.98 OK
r-patched-solaris-sparc 2160.2 266.90 OK
r-patched-solaris-x86 2160.2 59.50 OK
r-release-linux-ix86 2160.2 2.40 26.72 29.12 ERROR
r-release-linux-x86_64 2160.2 1.72 19.54 21.26 OK
r-release-osx-x86_64-mavericks 2160.2 OK
r-release-windows-ix86+x86_64 2160.2 11.00 70.00 81.00 OK
r-oldrel-windows-ix86+x86_64 2160.2 12.00 58.00 70.00 OK

Check Details

Version: 2160.2
Check: tests
Result: ERROR
    Running the tests in ‘tests/doRUnit.R’ failed.
    Last 13 lines of output:
     Number of failures: 1
    
    
     1 Test Suite :
     gldist unit testing - 5 test functions, 0 errors, 1 failure
     FAILURE in test.dgl: Error in checkEquals(dgl(x, pars), Rdgl(x, pars)) :
     Mean relative difference: 0.007085961
     Error in eval(expr, envir, enclos) :
    
     unit testing failed (#test failures: 1, R errors: 0)
    
     Calls: source -> withVisible -> eval -> eval
     Execution halted
Flavor: r-release-linux-ix86