CRAN Package Check Results for Package gldist

Last updated on 2015-05-30 11:50:16.

Flavor Version Tinstall Tcheck Ttotal Status Flags
r-devel-linux-x86_64-debian-clang 2160.2 1.57 18.44 20.01 NOTE
r-devel-linux-x86_64-debian-gcc 2160.2 1.70 17.96 19.66 NOTE
r-devel-linux-x86_64-fedora-clang 2160.2 39.15 NOTE
r-devel-linux-x86_64-fedora-gcc 2160.2 36.70 NOTE
r-devel-osx-x86_64-clang 2160.2 35.87 NOTE
r-devel-windows-ix86+x86_64 2160.2 12.00 55.00 67.00 NOTE
r-patched-linux-x86_64 2160.2 1.70 18.34 20.04 NOTE
r-patched-solaris-sparc 2160.2 265.80 NOTE
r-patched-solaris-x86 2160.2 54.40 NOTE
r-release-linux-x86_64 2160.2 1.87 18.25 20.12 NOTE
r-release-osx-x86_64-mavericks 2160.2 NOTE
r-release-osx-x86_64-snowleopard 2160.2 NOTE
r-release-windows-ix86+x86_64 2160.2 10.00 60.00 70.00 NOTE
r-oldrel-windows-ix86+x86_64 2160.2 15.00 58.00 73.00 OK

Check Details

Version: 2160.2
Check: DESCRIPTION meta-information
Result: NOTE
    Malformed Title field: should not end in a period.
Flavors: r-devel-linux-x86_64-debian-clang, r-devel-linux-x86_64-debian-gcc, r-devel-linux-x86_64-fedora-clang, r-devel-linux-x86_64-fedora-gcc, r-devel-osx-x86_64-clang, r-devel-windows-ix86+x86_64, r-patched-linux-x86_64, r-patched-solaris-sparc, r-patched-solaris-x86, r-release-linux-x86_64, r-release-osx-x86_64-mavericks, r-release-osx-x86_64-snowleopard, r-release-windows-ix86+x86_64