CRAN Package Check Results for Package gldist

Last updated on 2015-08-31 19:47:42.

Flavor Version Tinstall Tcheck Ttotal Status Flags
r-devel-linux-x86_64-debian-clang 2160.2 1.43 18.22 19.64 NOTE
r-devel-linux-x86_64-debian-gcc 2160.2 1.72 17.62 19.34 NOTE
r-devel-linux-x86_64-fedora-clang 2160.2 37.49 NOTE
r-devel-linux-x86_64-fedora-gcc 2160.2 35.70 NOTE
r-devel-osx-x86_64-clang 2160.2 32.45 NOTE
r-devel-windows-ix86+x86_64 2160.2 11.00 77.00 88.00 NOTE
r-patched-linux-x86_64 2160.2 1.83 18.09 19.92 NOTE
r-patched-solaris-sparc 2160.2 269.00 NOTE
r-patched-solaris-x86 2160.2 56.60 NOTE
r-release-linux-x86_64 2160.2 1.78 18.24 20.01 NOTE
r-release-osx-x86_64-mavericks 2160.2 NOTE
r-release-windows-ix86+x86_64 2160.2 11.00 57.00 68.00 NOTE
r-oldrel-windows-ix86+x86_64 2160.2 19.00 63.00 82.00 OK

Check Details

Version: 2160.2
Check: DESCRIPTION meta-information
Result: NOTE
    Malformed Title field: should not end in a period.
Flavors: r-devel-linux-x86_64-debian-clang, r-devel-linux-x86_64-debian-gcc, r-devel-linux-x86_64-fedora-clang, r-devel-linux-x86_64-fedora-gcc, r-devel-osx-x86_64-clang, r-devel-windows-ix86+x86_64, r-patched-linux-x86_64, r-patched-solaris-sparc, r-patched-solaris-x86, r-release-linux-x86_64, r-release-osx-x86_64-mavericks, r-release-windows-ix86+x86_64

Version: 2160.2
Check: R code for possible problems
Result: NOTE
    fitgl: no visible global function definition for ‘na.omit’
    fitgl: no visible global function definition for ‘median’
    fitgl: no visible global function definition for ‘IQR’
    fitgl: no visible binding for global variable ‘hist’
    fitgl: no visible global function definition for ‘ppoints’
    fitgl: no visible global function definition for ‘quantile’
    fitgl: no visible global function definition for ‘nlminb’
    glshapeplot: no visible global function definition for ‘plot’
    glshapeplot: no visible global function definition for ‘title’
    glshapeplot : momentLine: no visible global function definition for
     ‘lines’
    glshapeplot: no visible global function definition for ‘points’
    Undefined global functions or variables:
     IQR hist lines median na.omit nlminb plot points ppoints quantile
     title
    Consider adding
     importFrom("graphics", "hist", "lines", "plot", "points", "title")
     importFrom("stats", "IQR", "median", "na.omit", "nlminb", "ppoints",
     "quantile")
    to your NAMESPACE.
Flavors: r-devel-linux-x86_64-debian-clang, r-devel-linux-x86_64-debian-gcc, r-devel-linux-x86_64-fedora-clang, r-devel-linux-x86_64-fedora-gcc, r-devel-windows-ix86+x86_64