CRAN Package Check Results for Package gldist

Last updated on 2015-01-28 15:47:09.

Flavor Version Tinstall Tcheck Ttotal Status Flags
r-devel-linux-x86_64-debian-clang 2160.2 1.46 18.63 20.09 OK
r-devel-linux-x86_64-debian-gcc 2160.2 1.74 22.02 23.76 OK
r-devel-linux-x86_64-fedora-clang 2160.2 40.25 OK
r-devel-linux-x86_64-fedora-gcc 2160.2 35.82 OK
r-devel-osx-x86_64-clang 2160.2 37.90 OK
r-devel-windows-ix86+x86_64 2160.2 10.00 50.00 60.00 OK
r-patched-linux-x86_64 2160.2 1.78 19.84 21.61 OK
r-patched-solaris-sparc 2160.2 273.40 OK
r-patched-solaris-x86 2160.2 59.20 OK
r-release-linux-ix86 2160.2 2.31 27.03 29.34 ERROR
r-release-linux-x86_64 2160.2 1.88 19.26 21.14 OK
r-release-osx-x86_64-mavericks 2160.2 OK
r-release-windows-ix86+x86_64 2160.2 12.00 55.00 67.00 OK
r-oldrel-windows-ix86+x86_64 2160.2 12.00 60.00 72.00 OK

Check Details

Version: 2160.2
Check: tests
Result: ERROR
    Running the tests in ‘tests/doRUnit.R’ failed.
    Last 13 lines of output:
     Number of failures: 1
    
    
     1 Test Suite :
     gldist unit testing - 5 test functions, 0 errors, 1 failure
     FAILURE in test.dgl: Error in checkEquals(dgl(x, pars), Rdgl(x, pars)) :
     Mean relative difference: 0.007085961
     Error in eval(expr, envir, enclos) :
    
     unit testing failed (#test failures: 1, R errors: 0)
    
     Calls: source -> withVisible -> eval -> eval
     Execution halted
Flavor: r-release-linux-ix86