CRAN Package Check Results for Package gldist

Last updated on 2015-04-27 17:48:19.

Flavor Version Tinstall Tcheck Ttotal Status Flags
r-devel-linux-x86_64-debian-clang 2160.2 1.47 18.25 19.72 NOTE
r-devel-linux-x86_64-debian-gcc 2160.2 1.76 18.62 20.37 NOTE
r-devel-linux-x86_64-fedora-clang 2160.2 38.95 NOTE
r-devel-linux-x86_64-fedora-gcc 2160.2 36.95 NOTE
r-devel-osx-x86_64-clang 2160.2 35.92 NOTE
r-devel-windows-ix86+x86_64 2160.2 13.00 55.00 68.00 NOTE
r-patched-linux-x86_64 2160.2 1.73 18.36 20.09 NOTE
r-patched-solaris-sparc 2160.2 263.00 NOTE
r-patched-solaris-x86 2160.2 54.10 NOTE
r-release-linux-x86_64 2160.2 1.74 18.26 20.00 NOTE
r-release-osx-x86_64-mavericks 2160.2 NOTE
r-release-osx-x86_64-snowleopard 2160.2 NOTE
r-release-windows-ix86+x86_64 2160.2 10.00 60.00 70.00 NOTE
r-oldrel-windows-ix86+x86_64 2160.2 15.00 58.00 73.00 OK

Check Details

Version: 2160.2
Check: DESCRIPTION meta-information
Result: NOTE
    Malformed Title field: should not end in a period.
Flavors: r-devel-linux-x86_64-debian-clang, r-devel-linux-x86_64-debian-gcc, r-devel-linux-x86_64-fedora-clang, r-devel-linux-x86_64-fedora-gcc, r-devel-osx-x86_64-clang, r-devel-windows-ix86+x86_64, r-patched-solaris-sparc, r-patched-solaris-x86, r-release-linux-x86_64, r-release-osx-x86_64-mavericks, r-release-osx-x86_64-snowleopard, r-release-windows-ix86+x86_64