CRAN Package Check Results for Package gldist

Last updated on 2014-09-03 05:47:42.

Flavor Version Tinstall Tcheck Ttotal Status Flags
r-devel-linux-x86_64-debian-clang 2160.2 1.26 18.40 19.66 OK
r-devel-linux-x86_64-debian-gcc 2160.2 1.67 18.37 20.04 OK
r-devel-linux-x86_64-fedora-clang 2160.2 40.15 OK
r-devel-linux-x86_64-fedora-gcc 2160.2 37.98 OK
r-devel-osx-x86_64-clang 2160.2 35.63 OK
r-devel-windows-ix86+x86_64 2160.2 10.00 52.00 62.00 OK
r-patched-linux-x86_64 2160.2 1.68 18.72 20.40 OK
r-patched-solaris-sparc 2160.2 266.90 OK
r-patched-solaris-x86 2160.2 57.90 OK
r-release-linux-ix86 2160.2 2.40 27.90 30.30 ERROR
r-release-linux-x86_64 2160.2 1.71 20.14 21.85 OK
r-release-osx-x86_64-mavericks 2160.2 OK
r-release-windows-ix86+x86_64 2160.2 13.00 70.00 83.00 OK
r-oldrel-windows-ix86+x86_64 2160.2 10.00 55.00 65.00 OK

Check Details

Version: 2160.2
Check: tests
Result: ERROR
    Running the tests in ‘tests/doRUnit.R’ failed.
    Last 13 lines of output:
     Number of failures: 1
    
    
     1 Test Suite :
     gldist unit testing - 5 test functions, 0 errors, 1 failure
     FAILURE in test.dgl: Error in checkEquals(dgl(x, pars), Rdgl(x, pars)) :
     Mean relative difference: 0.007085961
     Error in eval(expr, envir, enclos) :
    
     unit testing failed (#test failures: 1, R errors: 0)
    
     Calls: source -> withVisible -> eval -> eval
     Execution halted
Flavor: r-release-linux-ix86