CRAN Package Check Results for Package gldist

Last updated on 2015-03-28 11:49:14.

Flavor Version Tinstall Tcheck Ttotal Status Flags
r-devel-linux-x86_64-debian-clang 2160.2 1.55 18.82 20.37 NOTE
r-devel-linux-x86_64-debian-gcc 2160.2 1.67 18.04 19.71 NOTE
r-devel-linux-x86_64-fedora-clang 2160.2 37.97 NOTE
r-devel-linux-x86_64-fedora-gcc 2160.2 36.24 NOTE
r-devel-osx-x86_64-clang 2160.2 39.65 NOTE
r-prerel-windows-ix86+x86_64 2160.2 12.00 55.00 67.00 NOTE
r-prerel-linux-x86_64 2160.2 1.76 18.14 19.90 NOTE
r-prerel-solaris-sparc 2160.2 263.00 NOTE
r-prerel-solaris-x86 2160.2 53.50 NOTE
r-release-linux-x86_64 2160.2 1.76 19.68 21.44 OK
r-release-osx-x86_64-mavericks 2160.2 OK
r-release-windows-ix86+x86_64 2160.2 15.00 58.00 73.00 OK
r-oldrel-windows-ix86+x86_64 2160.2 12.00 60.00 72.00 OK

Check Details

Version: 2160.2
Check: DESCRIPTION meta-information
Result: NOTE
    Malformed Title field: should not end in a period.
Flavors: r-devel-linux-x86_64-debian-clang, r-devel-linux-x86_64-debian-gcc, r-devel-linux-x86_64-fedora-clang, r-devel-linux-x86_64-fedora-gcc, r-devel-osx-x86_64-clang, r-prerel-windows-ix86+x86_64, r-prerel-linux-x86_64, r-prerel-solaris-sparc, r-prerel-solaris-x86