CRAN Package Check Results for Package gldist

Last updated on 2014-10-25 17:46:43.

Flavor Version Tinstall Tcheck Ttotal Status Flags
r-devel-linux-x86_64-debian-clang 2160.2 1.47 19.38 20.85 OK
r-devel-linux-x86_64-debian-gcc 2160.2 1.72 19.05 20.78 OK
r-devel-linux-x86_64-fedora-clang 2160.2 39.97 OK
r-devel-linux-x86_64-fedora-gcc 2160.2 40.30 OK
r-devel-osx-x86_64-clang 2160.2 39.91 OK
r-devel-windows-ix86+x86_64 2160.2 10.00 49.00 59.00 OK
r-patched-linux-x86_64 2160.2 1.82 19.22 21.04 OK
r-patched-solaris-sparc 2160.2 266.90 OK
r-patched-solaris-x86 2160.2 58.50 OK
r-release-linux-ix86 2160.2 2.38 27.82 30.20 ERROR
r-release-linux-x86_64 2160.2 1.73 19.43 21.16 OK
r-release-osx-x86_64-mavericks 2160.2 OK
r-release-windows-ix86+x86_64 2160.2 10.00 49.00 59.00 OK
r-oldrel-windows-ix86+x86_64 2160.2 12.00 58.00 70.00 OK

Check Details

Version: 2160.2
Check: tests
Result: ERROR
    Running the tests in ‘tests/doRUnit.R’ failed.
    Last 13 lines of output:
     Number of failures: 1
    
    
     1 Test Suite :
     gldist unit testing - 5 test functions, 0 errors, 1 failure
     FAILURE in test.dgl: Error in checkEquals(dgl(x, pars), Rdgl(x, pars)) :
     Mean relative difference: 0.007085961
     Error in eval(expr, envir, enclos) :
    
     unit testing failed (#test failures: 1, R errors: 0)
    
     Calls: source -> withVisible -> eval -> eval
     Execution halted
Flavor: r-release-linux-ix86