CRAN Package Check Results for Package gldist

Last updated on 2016-02-09 03:47:06.

Flavor Version Tinstall Tcheck Ttotal Status Flags
r-devel-linux-x86_64-debian-gcc 2160.2 1.74 17.76 19.50 NOTE
r-devel-linux-x86_64-fedora-clang 2160.2 35.23 NOTE
r-devel-linux-x86_64-fedora-gcc 2160.2 34.14 NOTE
r-devel-osx-x86_64-clang 2160.2 37.45 NOTE
r-devel-windows-ix86+x86_64 2160.2 16.00 60.00 76.00 NOTE
r-patched-linux-x86_64 2160.2 1.79 18.67 20.46 NOTE
r-patched-solaris-sparc 2160.2 250.80 NOTE
r-patched-solaris-x86 2160.2 50.60 NOTE
r-release-linux-x86_64 2160.2 1.92 18.46 20.37 NOTE
r-release-osx-x86_64-mavericks 2160.2 NOTE
r-release-windows-ix86+x86_64 2160.2 11.00 54.00 65.00 NOTE
r-oldrel-windows-ix86+x86_64 2160.2 18.00 62.00 80.00 OK

Check Details

Version: 2160.2
Check: DESCRIPTION meta-information
Result: NOTE
    Malformed Title field: should not end in a period.
Flavors: r-devel-linux-x86_64-debian-gcc, r-devel-linux-x86_64-fedora-clang, r-devel-linux-x86_64-fedora-gcc, r-devel-osx-x86_64-clang, r-devel-windows-ix86+x86_64, r-patched-linux-x86_64, r-patched-solaris-sparc, r-patched-solaris-x86, r-release-linux-x86_64, r-release-osx-x86_64-mavericks, r-release-windows-ix86+x86_64

Version: 2160.2
Check: R code for possible problems
Result: NOTE
    fitgl: no visible global function definition for ‘na.omit’
    fitgl: no visible global function definition for ‘median’
    fitgl: no visible global function definition for ‘IQR’
    fitgl: no visible binding for global variable ‘hist’
    fitgl: no visible global function definition for ‘ppoints’
    fitgl: no visible global function definition for ‘quantile’
    fitgl: no visible global function definition for ‘nlminb’
    glshapeplot: no visible global function definition for ‘plot’
    glshapeplot: no visible global function definition for ‘title’
    glshapeplot : momentLine: no visible global function definition for
     ‘lines’
    glshapeplot: no visible global function definition for ‘points’
    Undefined global functions or variables:
     IQR hist lines median na.omit nlminb plot points ppoints quantile
     title
    Consider adding
     importFrom("graphics", "hist", "lines", "plot", "points", "title")
     importFrom("stats", "IQR", "median", "na.omit", "nlminb", "ppoints",
     "quantile")
    to your NAMESPACE file.
Flavors: r-devel-linux-x86_64-debian-gcc, r-devel-linux-x86_64-fedora-clang, r-devel-linux-x86_64-fedora-gcc, r-devel-osx-x86_64-clang, r-devel-windows-ix86+x86_64