CRAN Package Check Results for Package gldist

Last updated on 2014-11-26 03:47:56.

Flavor Version Tinstall Tcheck Ttotal Status Flags
r-devel-linux-x86_64-debian-clang 2160.2 1.48 23.92 25.40 OK
r-devel-linux-x86_64-debian-gcc 2160.2 1.74 18.56 20.29 OK
r-devel-linux-x86_64-fedora-clang 2160.2 42.72 OK
r-devel-linux-x86_64-fedora-gcc 2160.2 39.28 OK
r-devel-osx-x86_64-clang 2160.2 41.56 OK
r-devel-windows-ix86+x86_64 2160.2 9.00 53.00 62.00 OK
r-patched-linux-x86_64 2160.2 1.76 20.40 22.15 OK
r-patched-solaris-sparc 2160.2 266.90 OK
r-patched-solaris-x86 2160.2 58.10 OK
r-release-linux-ix86 2160.2 2.34 26.80 29.14 ERROR
r-release-linux-x86_64 2160.2 1.79 19.15 20.94 OK
r-release-osx-x86_64-mavericks 2160.2 OK
r-release-windows-ix86+x86_64 2160.2 11.00 70.00 81.00 OK
r-oldrel-windows-ix86+x86_64 2160.2 12.00 58.00 70.00 OK

Check Details

Version: 2160.2
Check: tests
Result: ERROR
    Running the tests in ‘tests/doRUnit.R’ failed.
    Last 13 lines of output:
     Number of failures: 1
    
    
     1 Test Suite :
     gldist unit testing - 5 test functions, 0 errors, 1 failure
     FAILURE in test.dgl: Error in checkEquals(dgl(x, pars), Rdgl(x, pars)) :
     Mean relative difference: 0.007085961
     Error in eval(expr, envir, enclos) :
    
     unit testing failed (#test failures: 1, R errors: 0)
    
     Calls: source -> withVisible -> eval -> eval
     Execution halted
Flavor: r-release-linux-ix86