CRAN Package Check Results for Package gldist

Last updated on 2014-04-23 20:47:13.

Flavor Version Tinstall Tcheck Ttotal Status Flags
r-devel-linux-x86_64-debian-clang 2160.2 1.39 19.72 21.10 OK
r-devel-linux-x86_64-debian-gcc 2160.2 1.64 19.15 20.79 OK
r-devel-linux-x86_64-fedora-clang 2160.2 40.31 OK
r-devel-linux-x86_64-fedora-gcc 2160.2 39.74 OK
r-devel-osx-x86_64-clang 2160.2 33.36 OK
r-devel-osx-x86_64-gcc 2160.2 OK
r-devel-windows-ix86+x86_64 2160.2 10.00 50.00 60.00 OK
r-patched-linux-x86_64 2160.2 1.65 19.64 21.29 OK
r-patched-solaris-sparc 2160.2 258.30 OK
r-patched-solaris-x86 2160.2 57.90 OK
r-release-linux-ix86 2160.2 3.00 35.00 38.00 ERROR
r-release-linux-x86_64 2160.2 1.69 19.38 21.07 OK
r-release-osx-x86_64-mavericks 2160.2 WARN
r-release-windows-ix86+x86_64 2160.2 22.00 67.00 89.00 OK
r-oldrel-windows-ix86+x86_64 2160.2 10.00 55.00 65.00 OK

Check Details

Version: 2160.2
Check: tests
Result: ERROR
    Running the tests in ‘tests/doRUnit.R’ failed.
    Last 13 lines of output:
     Number of failures: 1
    
    
     1 Test Suite :
     gldist unit testing - 5 test functions, 0 errors, 1 failure
     FAILURE in test.dgl: Error in checkEquals(dgl(x, pars), Rdgl(x, pars)) :
     Mean relative difference: 0.007085961
     Error in eval(expr, envir, enclos) :
    
     unit testing failed (#test failures: 1, R errors: 0)
    
     Calls: source -> withVisible -> eval -> eval
     Execution halted
Flavor: r-release-linux-ix86

Version: 2160.2
Check: PDF version of manual
Result: WARNING
    LaTeX errors when creating PDF version.
    This typically indicates Rd problems.
    LaTeX errors found:
    ! LaTeX Error: File `upquote.sty' not found.
    
    Type X to quit or <RETURN> to proceed,
    or enter new name. (Default extension: sty)
    
    18a1928/Rd2.tex:8: ==> Fatal error occurred, no output PDF file produced!
Flavor: r-release-osx-x86_64-mavericks