CRAN Package Check Results for Package glm.predict

Last updated on 2022-01-16 20:48:23 CET.

Flavor Version Tinstall Tcheck Ttotal Status Flags
r-devel-linux-x86_64-debian-clang 4.1-0 13.14 178.51 191.65 OK
r-devel-linux-x86_64-debian-gcc 4.1-0 12.27 133.24 145.51 OK
r-devel-linux-x86_64-fedora-clang 4.1-0 229.46 OK
r-devel-linux-x86_64-fedora-gcc 4.1-0 214.86 OK
r-devel-windows-x86_64-new-UL 4.1-0 73.00 206.00 279.00 OK
r-devel-windows-x86_64-new-TK 4.1-0 ERROR
r-patched-linux-x86_64 4.1-0 12.40 168.00 180.40 OK
r-release-linux-x86_64 4.1-0 OK
r-release-macos-arm64 4.1-0 OK
r-release-macos-x86_64 4.1-0 OK
r-release-windows-ix86+x86_64 4.1-0 29.00 209.00 238.00 OK
r-oldrel-macos-x86_64 4.1-0 OK
r-oldrel-windows-ix86+x86_64 4.1-0 28.00 208.00 236.00 OK

Check Details

Version: 4.1-0
Check: package dependencies
Result: ERROR
    Package required but not available: 'AER'
    
    See section 'The DESCRIPTION file' in the 'Writing R Extensions'
    manual.
Flavor: r-devel-windows-x86_64-new-TK