Last updated on 2023-01-29 19:54:06 CET.
Flavor | Version | Tinstall | Tcheck | Ttotal | Status | Flags |
---|---|---|---|---|---|---|
r-devel-linux-x86_64-debian-clang | 0.6 | 44.78 | 501.13 | 545.91 | NOTE | |
r-devel-linux-x86_64-debian-gcc | 0.6 | 37.78 | 350.10 | 387.88 | NOTE | |
r-devel-linux-x86_64-fedora-clang | 0.6 | 645.27 | NOTE | |||
r-devel-linux-x86_64-fedora-gcc | 0.6 | 684.55 | NOTE | |||
r-devel-windows-x86_64 | 0.6 | 56.00 | 538.00 | 594.00 | NOTE | |
r-patched-linux-x86_64 | 0.6 | 32.04 | 474.86 | 506.90 | NOTE | |
r-release-linux-x86_64 | 0.6 | 31.25 | 481.64 | 512.89 | NOTE | |
r-release-macos-arm64 | 0.6 | 150.00 | NOTE | |||
r-release-macos-x86_64 | 0.6 | 249.00 | NOTE | |||
r-release-windows-x86_64 | 0.6 | 61.00 | 552.00 | 613.00 | NOTE | |
r-oldrel-macos-arm64 | 0.6 | 170.00 | NOTE | |||
r-oldrel-macos-x86_64 | 0.6 | 254.00 | NOTE | |||
r-oldrel-windows-ix86+x86_64 | 0.6 | 112.00 | 750.00 | 862.00 | NOTE |
Version: 0.6
Check: LazyData
Result: NOTE
'LazyData' is specified without a 'data' directory
Flavors: r-devel-linux-x86_64-debian-clang, r-devel-linux-x86_64-debian-gcc, r-devel-linux-x86_64-fedora-clang, r-devel-linux-x86_64-fedora-gcc, r-devel-windows-x86_64, r-patched-linux-x86_64, r-release-linux-x86_64, r-release-macos-arm64, r-release-macos-x86_64, r-release-windows-x86_64, r-oldrel-macos-arm64, r-oldrel-macos-x86_64, r-oldrel-windows-ix86+x86_64