CRAN Package Check Results for Package glme

Last updated on 2021-04-17 15:48:15 CEST.

Flavor Version Tinstall Tcheck Ttotal Status Flags
r-devel-linux-x86_64-debian-clang 0.1.0 5.09 48.04 53.13 NOTE
r-devel-linux-x86_64-debian-gcc 0.1.0 4.39 35.65 40.04 NOTE
r-devel-linux-x86_64-fedora-clang 0.1.0 70.67 NOTE
r-devel-linux-x86_64-fedora-gcc 0.1.0 61.71 NOTE
r-devel-windows-ix86+x86_64 0.1.0 13.00 67.00 80.00 NOTE
r-devel-windows-x86_64-gcc10-UCRT 0.1.0 NOTE
r-patched-linux-x86_64 0.1.0 4.46 43.99 48.45 OK
r-patched-solaris-x86 0.1.0 91.90 OK
r-release-linux-x86_64 0.1.0 4.69 43.12 47.81 OK
r-release-macos-x86_64 0.1.0 OK
r-release-windows-ix86+x86_64 0.1.0 24.00 70.00 94.00 OK
r-oldrel-macos-x86_64 0.1.0 OK
r-oldrel-windows-ix86+x86_64 0.1.0 9.00 62.00 71.00 OK

Check Details

Version: 0.1.0
Check: LazyData
Result: NOTE
     'LazyData' is specified without a 'data' directory
Flavors: r-devel-linux-x86_64-debian-clang, r-devel-linux-x86_64-debian-gcc, r-devel-linux-x86_64-fedora-clang, r-devel-linux-x86_64-fedora-gcc, r-devel-windows-ix86+x86_64, r-devel-windows-x86_64-gcc10-UCRT