CRAN Package Check Results for Package glme

Last updated on 2022-08-11 00:50:55 CEST.

Flavor Version Tinstall Tcheck Ttotal Status Flags
r-devel-linux-x86_64-debian-clang 0.1.0 6.03 55.04 61.07 NOTE
r-devel-linux-x86_64-debian-gcc 0.1.0 4.87 41.40 46.27 NOTE
r-devel-linux-x86_64-fedora-clang 0.1.0 85.86 NOTE
r-devel-linux-x86_64-fedora-gcc 0.1.0 82.33 NOTE
r-devel-windows-x86_64 0.1.0 11.00 74.00 85.00 NOTE
r-patched-linux-x86_64 0.1.0 6.23 52.25 58.48 NOTE
r-release-linux-x86_64 0.1.0 NOTE
r-release-macos-arm64 0.1.0 26.00 NOTE
r-release-macos-x86_64 0.1.0 39.00 NOTE
r-release-windows-x86_64 0.1.0 8.00 76.00 84.00 NOTE
r-oldrel-macos-arm64 0.1.0 38.00 NOTE
r-oldrel-macos-x86_64 0.1.0 40.00 NOTE
r-oldrel-windows-ix86+x86_64 0.1.0 15.00 70.00 85.00 NOTE

Check Details

Version: 0.1.0
Check: LazyData
Result: NOTE
     'LazyData' is specified without a 'data' directory
Flavors: r-devel-linux-x86_64-debian-clang, r-devel-linux-x86_64-debian-gcc, r-devel-linux-x86_64-fedora-clang, r-devel-linux-x86_64-fedora-gcc, r-devel-windows-x86_64, r-patched-linux-x86_64, r-release-linux-x86_64, r-release-macos-arm64, r-release-macos-x86_64, r-release-windows-x86_64, r-oldrel-macos-arm64, r-oldrel-macos-x86_64, r-oldrel-windows-ix86+x86_64