CRAN Package Check Results for Package glmmBUGS

Last updated on 2014-11-01 01:47:57.

Flavor Version Tinstall Tcheck Ttotal Status Flags
r-devel-linux-x86_64-debian-clang 2.3 1.05 17.80 18.85 OK
r-devel-linux-x86_64-debian-gcc 2.3 0.88 17.28 18.16 OK
r-devel-linux-x86_64-fedora-clang 2.3 37.38 OK
r-devel-linux-x86_64-fedora-gcc 2.3 35.20 OK
r-devel-osx-x86_64-clang 2.3 38.30 NOTE
r-devel-windows-ix86+x86_64 2.3 3.00 27.00 30.00 OK
r-patched-linux-x86_64 2.3 0.88 17.53 18.40 OK
r-patched-solaris-sparc 2.3 250.80 NOTE
r-patched-solaris-x86 2.3 50.80 NOTE
r-release-linux-ix86 2.3 1.27 26.46 27.73 OK
r-release-linux-x86_64 2.3 0.89 19.88 20.77 OK
r-release-osx-x86_64-mavericks 2.3 NOTE
r-release-osx-x86_64-snowleopard 2.3 NOTE
r-release-windows-ix86+x86_64 2.3 3.00 31.00 34.00 OK
r-oldrel-windows-ix86+x86_64 2.3 4.00 32.00 36.00 OK

Check Details

Version: 2.3
Check: package dependencies
Result: NOTE
    Package which this enhances but not available for checking: ‘BRugs’
Flavors: r-devel-osx-x86_64-clang, r-patched-solaris-sparc, r-patched-solaris-x86, r-release-osx-x86_64-snowleopard

Version: 2.3
Check: package dependencies
Result: NOTE
    Package suggested but not available for checking: ‘spdep’
    
    Packages which this enhances but not available for checking:
     ‘BRugs’ ‘R2jags’
Flavor: r-release-osx-x86_64-mavericks