CRAN Package Check Results for Package glmmBUGS

Last updated on 2016-09-27 20:47:04.

Flavor Version Tinstall Tcheck Ttotal Status Flags
r-devel-linux-x86_64-debian-clang 2.4.0 1.18 28.13 29.30 OK
r-devel-linux-x86_64-debian-gcc 2.4.0 1.21 27.83 29.04 OK
r-devel-linux-x86_64-fedora-clang 2.4.0 53.97 OK
r-devel-linux-x86_64-fedora-gcc 2.4.0 52.39 OK
r-devel-macos-x86_64-clang 2.4.0 42.22 NOTE
r-devel-windows-ix86+x86_64 2.4.0 6.00 70.00 76.00 OK
r-patched-linux-x86_64 2.4.0 1.17 28.06 29.24 OK
r-patched-solaris-sparc 2.4.0 317.40 NOTE
r-patched-solaris-x86 2.4.0 74.90 NOTE
r-release-linux-x86_64 2.4.0 1.12 27.94 29.06 OK
r-release-osx-x86_64-mavericks 2.4.0 ERROR
r-release-windows-ix86+x86_64 2.4.0 5.00 53.00 58.00 OK
r-oldrel-windows-ix86+x86_64 2.4.0 7.00 73.00 80.00 OK

Check Details

Version: 2.4.0
Check: package dependencies
Result: NOTE
    Package which this enhances but not available for checking: ‘BRugs’
Flavors: r-devel-macos-x86_64-clang, r-release-osx-x86_64-mavericks

Version: 2.4.0
Check: package dependencies
Result: NOTE
    Packages which this enhances but not available for checking:
     ‘geoRglm’ ‘BRugs’
Flavors: r-patched-solaris-sparc, r-patched-solaris-x86

Version: 2.4.0
Check: Rd cross-references
Result: NOTE
    Package unavailable to check Rd xrefs: ‘geoRglm’
Flavors: r-patched-solaris-sparc, r-patched-solaris-x86

Version: 2.4.0
Check: tests
Result: ERROR
    Running the tests in ‘tests/bym.R’ failed.
    Last 13 lines of output:
     +
     + kentucky = mergeBugsData(kentucky, kSummary)
     +
     + if(require('sp', quietly=TRUE)) {
     + pdf("spplotBym.pdf",height=4,width=8)
     + print(spplot(kentucky, "FittedRateCounty.mean"))
     + dev.off()
     + }
     +
     + }
     Error in R2OpenBUGS::bugs(forBugs$ragged, inits = int2, model.file = "bym.txt", :
     Cannot find the OpenBUGS program
     Execution halted
Flavor: r-release-osx-x86_64-mavericks