CRAN Package Check Results for Package glmmBUGS

Last updated on 2014-04-23 07:55:00.

Flavor Version Tinstall Tcheck Ttotal Status Flags
r-devel-linux-x86_64-debian-clang 2.3 0.90 20.38 21.28 OK
r-devel-linux-x86_64-debian-gcc 2.3 0.86 19.69 20.55 OK
r-devel-linux-x86_64-fedora-clang 2.3 40.36 OK
r-devel-linux-x86_64-fedora-gcc 2.3 39.02 OK
r-devel-osx-x86_64-clang 2.3 40.35 NOTE
r-devel-osx-x86_64-gcc 2.3 NOTE
r-devel-windows-ix86+x86_64 2.3 3.00 29.00 32.00 OK
r-patched-linux-x86_64 2.3 0.86 19.62 20.48 OK
r-patched-solaris-sparc 2.3 247.00 NOTE
r-patched-solaris-x86 2.3 54.80 NOTE
r-release-linux-ix86 2.3 2.00 36.00 38.00 OK
r-release-linux-x86_64 2.3 0.89 20.27 21.16 OK
r-release-osx-x86_64-mavericks 2.3 WARN
r-release-osx-x86_64-snowleopard 2.3 NOTE
r-release-windows-ix86+x86_64 2.3 3.00 31.00 34.00 OK
r-oldrel-windows-ix86+x86_64 2.3 3.00 35.00 38.00 OK

Check Details

Version: 2.3
Check: package dependencies
Result: NOTE
    Package which this enhances but not available for checking: ‘BRugs’
Flavors: r-devel-osx-x86_64-clang, r-patched-solaris-sparc, r-patched-solaris-x86, r-release-osx-x86_64-snowleopard

Version: 2.3
Check: package dependencies
Result: NOTE
    Package suggested but not available for checking: ‘spdep’
    
    Packages which this enhances but not available for checking:
     ‘R2OpenBUGS’ ‘BRugs’
Flavor: r-devel-osx-x86_64-gcc

Version: 2.3
Check: package dependencies
Result: NOTE
    Package suggested but not available for checking: ‘spdep’
    
    Packages which this enhances but not available for checking:
     ‘BRugs’ ‘R2jags’
Flavor: r-release-osx-x86_64-mavericks

Version: 2.3
Check: PDF version of manual
Result: WARNING
    LaTeX errors when creating PDF version.
    This typically indicates Rd problems.
    LaTeX errors found:
    ! LaTeX Error: File `upquote.sty' not found.
    
    Type X to quit or <RETURN> to proceed,
    or enter new name. (Default extension: sty)
    
    770138e/Rd2.tex:8: ==> Fatal error occurred, no output PDF file produced!
Flavor: r-release-osx-x86_64-mavericks