CRAN Package Check Results for Package glmmBUGS

Last updated on 2017-02-20 11:50:36.

Flavor Version Tinstall Tcheck Ttotal Status Flags
r-devel-linux-x86_64-debian-clang 2.4.0 1.30 32.82 34.13 OK
r-devel-linux-x86_64-debian-gcc 2.4.0 1.35 32.73 34.08 OK
r-devel-linux-x86_64-fedora-clang 2.4.0 64.45 OK --no-stop-on-test-error
r-devel-linux-x86_64-fedora-gcc 2.4.0 61.68 OK --no-stop-on-test-error
r-devel-macos-x86_64-clang 2.4.0 50.40 NOTE --no-stop-on-test-error
r-devel-windows-ix86+x86_64 2.4.0 4.00 84.00 88.00 OK
r-patched-linux-x86_64 2.4.0 1.18 27.46 28.64 OK
r-patched-solaris-sparc 2.4.0 348.40 NOTE
r-patched-solaris-x86 2.4.0 76.90 NOTE
r-release-linux-x86_64 2.4.0 1.06 27.27 28.33 OK
r-release-osx-x86_64-mavericks 2.4.0 ERROR
r-release-windows-ix86+x86_64 2.4.0 4.00 55.00 59.00 OK
r-oldrel-windows-ix86+x86_64 2.4.0 4.00 35.00 39.00 FAIL

Check Details

Version: 2.4.0
Flags: --no-stop-on-test-error
Check: package dependencies
Result: NOTE
    Package which this enhances but not available for checking: ‘BRugs’
Flavor: r-devel-macos-x86_64-clang

Version: 2.4.0
Check: package dependencies
Result: NOTE
    Packages which this enhances but not available for checking:
     ‘geoRglm’ ‘BRugs’
Flavors: r-patched-solaris-sparc, r-patched-solaris-x86

Version: 2.4.0
Check: Rd cross-references
Result: NOTE
    Package unavailable to check Rd xrefs: ‘geoRglm’
Flavors: r-patched-solaris-sparc, r-patched-solaris-x86

Version: 2.4.0
Check: package dependencies
Result: NOTE
    Package which this enhances but not available for checking: ‘BRugs’
Flavor: r-release-osx-x86_64-mavericks

Version: 2.4.0
Check: tests
Result: ERROR
    Running the tests in ‘tests/bym.R’ failed.
    Last 13 lines of output:
     +
     + kentucky = mergeBugsData(kentucky, kSummary)
     +
     + if(require('sp', quietly=TRUE)) {
     + pdf("spplotBym.pdf",height=4,width=8)
     + print(spplot(kentucky, "FittedRateCounty.mean"))
     + dev.off()
     + }
     +
     + }
     Error in R2OpenBUGS::bugs(forBugs$ragged, inits = int2, model.file = "bym.txt", :
     Cannot find the OpenBUGS program
     Execution halted
Flavor: r-release-osx-x86_64-mavericks

Version: 2.4.0
Check: re-building of vignette outputs
Result: FAIL
    
Flavor: r-oldrel-windows-ix86+x86_64