CRAN Package Check Results for Package glmmBUGS

Last updated on 2015-05-29 07:47:26.

Flavor Version Tinstall Tcheck Ttotal Status Flags
r-devel-linux-x86_64-debian-clang 2.3 0.76 17.18 17.94 OK
r-devel-linux-x86_64-debian-gcc 2.3 0.74 16.00 16.74 OK
r-devel-linux-x86_64-fedora-clang 2.3 32.77 OK
r-devel-linux-x86_64-fedora-gcc 2.3 29.68 OK
r-devel-osx-x86_64-clang 2.3 33.98 NOTE
r-devel-windows-ix86+x86_64 2.3 3.00 26.00 29.00 OK
r-patched-linux-x86_64 2.3 0.84 15.84 16.68 OK
r-patched-solaris-sparc 2.3 217.00 NOTE
r-patched-solaris-x86 2.3 44.90 NOTE
r-release-linux-x86_64 2.3 0.80 15.64 16.45 OK
r-release-osx-x86_64-mavericks 2.3 NOTE
r-release-osx-x86_64-snowleopard 2.3 NOTE
r-release-windows-ix86+x86_64 2.3 4.00 26.00 30.00 OK
r-oldrel-windows-ix86+x86_64 2.3 4.00 29.00 33.00 OK

Check Details

Version: 2.3
Check: package dependencies
Result: NOTE
    Package which this enhances but not available for checking: ‘BRugs’
Flavors: r-devel-osx-x86_64-clang, r-patched-solaris-sparc, r-patched-solaris-x86, r-release-osx-x86_64-mavericks

Version: 2.3
Check: package dependencies
Result: NOTE
    Package suggested but not available for checking: ‘spdep’
    
    Packages which this enhances but not available for checking:
     ‘R2OpenBUGS’ ‘BRugs’
Flavor: r-release-osx-x86_64-snowleopard