CRAN Package Check Results for Package glmmBUGS

Last updated on 2017-01-17 06:48:10.

Flavor Version Tinstall Tcheck Ttotal Status Flags
r-devel-linux-x86_64-debian-clang 2.4.0 1.33 33.88 35.21 OK
r-devel-linux-x86_64-debian-gcc 2.4.0 1.38 33.23 34.61 OK
r-devel-linux-x86_64-fedora-clang 2.4.0 64.68 OK --no-stop-on-test-error
r-devel-linux-x86_64-fedora-gcc 2.4.0 61.28 OK --no-stop-on-test-error
r-devel-macos-x86_64-clang 2.4.0 49.58 NOTE --no-stop-on-test-error
r-devel-windows-ix86+x86_64 2.4.0 9.00 65.00 74.00 OK
r-patched-linux-x86_64 2.4.0 1.18 27.16 28.34 OK
r-patched-solaris-sparc 2.4.0 348.40 NOTE
r-patched-solaris-x86 2.4.0 75.10 NOTE
r-release-linux-x86_64 2.4.0 1.19 27.96 29.15 OK
r-release-osx-x86_64-mavericks 2.4.0 ERROR
r-release-windows-ix86+x86_64 2.4.0 5.00 69.00 74.00 OK
r-oldrel-windows-ix86+x86_64 2.4.0 5.00 76.00 81.00 OK

Check Details

Version: 2.4.0
Flags: --no-stop-on-test-error
Check: package dependencies
Result: NOTE
    Package which this enhances but not available for checking: ‘BRugs’
Flavor: r-devel-macos-x86_64-clang

Version: 2.4.0
Check: package dependencies
Result: NOTE
    Packages which this enhances but not available for checking:
     ‘geoRglm’ ‘BRugs’
Flavors: r-patched-solaris-sparc, r-patched-solaris-x86

Version: 2.4.0
Check: Rd cross-references
Result: NOTE
    Package unavailable to check Rd xrefs: ‘geoRglm’
Flavors: r-patched-solaris-sparc, r-patched-solaris-x86

Version: 2.4.0
Check: package dependencies
Result: NOTE
    Package which this enhances but not available for checking: ‘BRugs’
Flavor: r-release-osx-x86_64-mavericks

Version: 2.4.0
Check: tests
Result: ERROR
    Running the tests in ‘tests/bym.R’ failed.
    Last 13 lines of output:
     +
     + kentucky = mergeBugsData(kentucky, kSummary)
     +
     + if(require('sp', quietly=TRUE)) {
     + pdf("spplotBym.pdf",height=4,width=8)
     + print(spplot(kentucky, "FittedRateCounty.mean"))
     + dev.off()
     + }
     +
     + }
     Error in R2OpenBUGS::bugs(forBugs$ragged, inits = int2, model.file = "bym.txt", :
     Cannot find the OpenBUGS program
     Execution halted
Flavor: r-release-osx-x86_64-mavericks