CRAN Package Check Results for Package glmmBUGS

Last updated on 2014-12-19 12:48:18.

Flavor Version Tinstall Tcheck Ttotal Status Flags
r-devel-linux-x86_64-debian-clang 2.3 0.94 17.94 18.88 OK
r-devel-linux-x86_64-debian-gcc 2.3 0.91 17.13 18.04 OK
r-devel-linux-x86_64-fedora-clang 2.3 38.05 OK
r-devel-linux-x86_64-fedora-gcc 2.3 33.43 OK
r-devel-osx-x86_64-clang 2.3 37.31 NOTE
r-devel-windows-ix86+x86_64 2.3 4.00 30.00 34.00 OK
r-patched-linux-x86_64 2.3 0.86 18.49 19.34 OK
r-patched-solaris-sparc 2.3 250.80 NOTE
r-patched-solaris-x86 2.3 52.00 NOTE
r-release-linux-ix86 2.3 1.22 23.85 25.07 OK
r-release-linux-x86_64 2.3 1.18 17.61 18.80 OK
r-release-osx-x86_64-mavericks 2.3 NOTE
r-release-osx-x86_64-snowleopard 2.3 NOTE
r-release-windows-ix86+x86_64 2.3 3.00 29.00 32.00 OK
r-oldrel-windows-ix86+x86_64 2.3 4.00 32.00 36.00 OK

Check Details

Version: 2.3
Check: package dependencies
Result: NOTE
    Package which this enhances but not available for checking: ‘BRugs’
Flavors: r-devel-osx-x86_64-clang, r-patched-solaris-sparc, r-patched-solaris-x86, r-release-osx-x86_64-snowleopard

Version: 2.3
Check: package dependencies
Result: NOTE
    Package suggested but not available for checking: ‘spdep’
    
    Packages which this enhances but not available for checking:
     ‘BRugs’ ‘R2jags’
Flavor: r-release-osx-x86_64-mavericks