CRAN Package Check Results for Package glmmBUGS

Last updated on 2015-04-19 11:51:08.

Flavor Version Tinstall Tcheck Ttotal Status Flags
r-devel-linux-x86_64-debian-clang 2.3 0.84 16.60 17.44 OK
r-devel-linux-x86_64-debian-gcc 2.3 0.76 16.03 16.79 OK
r-devel-linux-x86_64-fedora-clang 2.3 31.03 OK
r-devel-linux-x86_64-fedora-gcc 2.3 30.58 OK
r-devel-osx-x86_64-clang 2.3 33.99 NOTE
r-devel-windows-ix86+x86_64 2.3 4.00 25.00 29.00 OK
r-patched-linux-x86_64 2.3 1.07 15.82 16.90 OK
r-patched-solaris-sparc 2.3 211.90 NOTE
r-patched-solaris-x86 2.3 43.80 NOTE
r-release-linux-x86_64 2.3 0.82 16.06 16.88 OK
r-release-osx-x86_64-mavericks 2.3 NOTE
r-release-osx-x86_64-snowleopard 2.3 NOTE
r-release-windows-ix86+x86_64 2.3 2.00 22.00 24.00 OK
r-oldrel-windows-ix86+x86_64 2.3 4.00 37.00 41.00 OK

Check Details

Version: 2.3
Check: package dependencies
Result: NOTE
    Package which this enhances but not available for checking: ‘BRugs’
Flavors: r-devel-osx-x86_64-clang, r-patched-solaris-sparc, r-patched-solaris-x86

Version: 2.3
Check: package dependencies
Result: NOTE
    Package suggested but not available for checking: ‘spdep’
    
    Package which this enhances but not available for checking: ‘BRugs’
Flavor: r-release-osx-x86_64-mavericks

Version: 2.3
Check: package dependencies
Result: NOTE
    Package suggested but not available for checking: ‘spdep’
    
    Packages which this enhances but not available for checking:
     ‘R2OpenBUGS’ ‘BRugs’
Flavor: r-release-osx-x86_64-snowleopard