CRAN Package Check Results for Package glmmBUGS

Last updated on 2017-03-23 23:50:45.

Flavor Version Tinstall Tcheck Ttotal Status Flags
r-devel-linux-x86_64-debian-clang 2.4.0 1.33 33.30 34.63 OK
r-devel-linux-x86_64-debian-gcc 2.4.0 1.38 32.63 34.01 OK
r-devel-linux-x86_64-fedora-clang 2.4.0 67.72 OK --no-stop-on-test-error
r-devel-linux-x86_64-fedora-gcc 2.4.0 66.49 OK --no-stop-on-test-error
r-devel-macos-x86_64-clang 2.4.0 49.88 NOTE --no-stop-on-test-error
r-devel-windows-ix86+x86_64 2.4.0 4.00 63.00 67.00 OK
r-patched-linux-x86_64 2.4.0 1.21 27.02 28.23 OK
r-patched-solaris-sparc 2.4.0 386.20 NOTE
r-patched-solaris-x86 2.4.0 87.60 NOTE
r-release-linux-x86_64 2.4.0 1.17 27.02 28.19 OK
r-release-osx-x86_64-mavericks 2.4.0 ERROR
r-release-windows-ix86+x86_64 2.4.0 7.00 48.00 55.00 OK
r-oldrel-windows-ix86+x86_64 2.4.0 10.00 41.00 51.00 FAIL

Check Details

Version: 2.4.0
Flags: --no-stop-on-test-error
Check: package dependencies
Result: NOTE
    Package which this enhances but not available for checking: ‘BRugs’
Flavor: r-devel-macos-x86_64-clang

Version: 2.4.0
Check: package dependencies
Result: NOTE
    Packages which this enhances but not available for checking:
     ‘geoRglm’ ‘BRugs’
Flavors: r-patched-solaris-sparc, r-patched-solaris-x86

Version: 2.4.0
Check: Rd cross-references
Result: NOTE
    Package unavailable to check Rd xrefs: ‘geoRglm’
Flavors: r-patched-solaris-sparc, r-patched-solaris-x86

Version: 2.4.0
Check: package dependencies
Result: NOTE
    Package which this enhances but not available for checking: ‘BRugs’
Flavor: r-release-osx-x86_64-mavericks

Version: 2.4.0
Check: tests
Result: ERROR
    Running the tests in ‘tests/bym.R’ failed.
    Last 13 lines of output:
     +
     + kentucky = mergeBugsData(kentucky, kSummary)
     +
     + if(require('sp', quietly=TRUE)) {
     + pdf("spplotBym.pdf",height=4,width=8)
     + print(spplot(kentucky, "FittedRateCounty.mean"))
     + dev.off()
     + }
     +
     + }
     Error in R2OpenBUGS::bugs(forBugs$ragged, inits = int2, model.file = "bym.txt", :
     Cannot find the OpenBUGS program
     Execution halted
Flavor: r-release-osx-x86_64-mavericks

Version: 2.4.0
Check: re-building of vignette outputs
Result: FAIL
    
Flavor: r-oldrel-windows-ix86+x86_64