CRAN Package Check Results for Package glmmBUGS

Last updated on 2015-07-02 06:48:10.

Flavor Version Tinstall Tcheck Ttotal Status Flags
r-devel-linux-x86_64-debian-clang 2.3 1.03 15.36 16.40 NOTE
r-devel-linux-x86_64-debian-gcc 2.3 0.79 14.91 15.70 NOTE
r-devel-linux-x86_64-fedora-clang 2.3 30.84 NOTE
r-devel-linux-x86_64-fedora-gcc 2.3 28.43 NOTE
r-devel-osx-x86_64-clang 2.3 32.78 NOTE
r-devel-windows-ix86+x86_64 2.3 3.00 26.00 29.00 NOTE
r-patched-linux-x86_64 2.3 0.80 15.87 16.67 OK
r-patched-solaris-sparc 2.3 217.00 NOTE
r-patched-solaris-x86 2.3 45.20 NOTE
r-release-linux-x86_64 2.3 0.91 16.82 17.73 OK
r-release-osx-x86_64-mavericks 2.3 NOTE
r-release-windows-ix86+x86_64 2.3 4.00 27.00 31.00 OK
r-oldrel-windows-ix86+x86_64 2.3 6.00 32.00 38.00 OK

Check Details

Version: 2.3
Check: R code for possible problems
Result: NOTE
    checkChain: no visible global function definition for ‘par’
    getBases: no visible global function definition for ‘contr.treatment’
    getDesignMatrix: no visible global function definition for ‘terms’
    getDesignMatrix: no visible global function definition for
     ‘model.matrix’
    getStartingValues: no visible global function definition for ‘predict’
    glmmBUGS: no visible global function definition for ‘na.omit’
    glmmPQLstrings: no visible global function definition for ‘update’
    glmmPQLstrings: no visible global function definition for ‘as.formula’
    glmmPQLstrings: no visible binding for global variable ‘binomial’
    plotOne: no visible global function definition for ‘matplot’
    restoreParams: no visible global function definition for ‘rnorm’
    summaryChain : getRes: no visible global function definition for ‘sd’
    summaryChain : getRes: no visible global function definition for
     ‘quantile’
Flavors: r-devel-linux-x86_64-debian-clang, r-devel-linux-x86_64-debian-gcc, r-devel-linux-x86_64-fedora-clang, r-devel-linux-x86_64-fedora-gcc, r-devel-windows-ix86+x86_64

Version: 2.3
Check: package dependencies
Result: NOTE
    Package which this enhances but not available for checking: ‘BRugs’
Flavors: r-devel-osx-x86_64-clang, r-patched-solaris-sparc, r-patched-solaris-x86, r-release-osx-x86_64-mavericks