CRAN Package Check Results for Package glmmBUGS

Last updated on 2015-03-01 19:48:05.

Flavor Version Tinstall Tcheck Ttotal Status Flags
r-devel-linux-x86_64-debian-clang 2.3 0.77 16.06 16.84 OK
r-devel-linux-x86_64-debian-gcc 2.3 0.75 15.56 16.31 OK
r-devel-linux-x86_64-fedora-clang 2.3 32.08 OK
r-devel-linux-x86_64-fedora-gcc 2.3 29.86 OK
r-devel-osx-x86_64-clang 2.3 34.29 NOTE
r-devel-windows-ix86+x86_64 2.3 4.00 24.00 28.00 OK
r-patched-linux-x86_64 2.3 0.90 18.60 19.49 OK
r-patched-solaris-sparc 2.3 235.40 NOTE
r-patched-solaris-x86 2.3 52.50 NOTE
r-release-linux-ix86 2.3 1.22 27.28 28.50 OK
r-release-linux-x86_64 2.3 0.84 18.32 19.17 OK
r-release-osx-x86_64-mavericks 2.3 NOTE
r-release-osx-x86_64-snowleopard 2.3 NOTE
r-release-windows-ix86+x86_64 2.3 4.00 33.00 37.00 OK
r-oldrel-windows-ix86+x86_64 2.3 4.00 32.00 36.00 OK

Check Details

Version: 2.3
Check: package dependencies
Result: NOTE
    Package which this enhances but not available for checking: ‘BRugs’
Flavors: r-devel-osx-x86_64-clang, r-patched-solaris-sparc, r-patched-solaris-x86, r-release-osx-x86_64-mavericks, r-release-osx-x86_64-snowleopard