CRAN Package Check Results for Package glmmBUGS

Last updated on 2015-01-29 20:48:53.

Flavor Version Tinstall Tcheck Ttotal Status Flags
r-devel-linux-x86_64-debian-clang 2.3 0.86 16.26 17.12 OK
r-devel-linux-x86_64-debian-gcc 2.3 0.77 16.05 16.82 OK
r-devel-linux-x86_64-fedora-clang 2.3 35.25 OK
r-devel-linux-x86_64-fedora-gcc 2.3 33.11 OK
r-devel-osx-x86_64-clang 2.3 38.45 NOTE
r-devel-windows-ix86+x86_64 2.3 5.00 27.00 32.00 OK
r-patched-linux-x86_64 2.3 0.89 17.87 18.76 OK
r-patched-solaris-sparc 2.3 235.40 NOTE
r-patched-solaris-x86 2.3 52.50 NOTE
r-release-linux-ix86 2.3 1.25 23.92 25.17 OK
r-release-linux-x86_64 2.3 0.84 17.96 18.80 OK
r-release-osx-x86_64-mavericks 2.3 NOTE
r-release-osx-x86_64-snowleopard 2.3 NOTE
r-release-windows-ix86+x86_64 2.3 4.00 30.00 34.00 OK
r-oldrel-windows-ix86+x86_64 2.3 4.00 30.00 34.00 OK

Check Details

Version: 2.3
Check: package dependencies
Result: NOTE
    Package which this enhances but not available for checking: ‘BRugs’
Flavors: r-devel-osx-x86_64-clang, r-patched-solaris-sparc, r-patched-solaris-x86, r-release-osx-x86_64-mavericks, r-release-osx-x86_64-snowleopard