CRAN Package Check Results for Package glmmBUGS

Last updated on 2015-08-29 13:48:10.

Flavor Version Tinstall Tcheck Ttotal Status Flags
r-devel-linux-x86_64-debian-clang 2.3 0.72 15.68 16.41 NOTE
r-devel-linux-x86_64-debian-gcc 2.3 0.82 15.44 16.26 NOTE
r-devel-linux-x86_64-fedora-clang 2.3 30.37 NOTE
r-devel-linux-x86_64-fedora-gcc 2.3 28.87 NOTE
r-devel-osx-x86_64-clang 2.3 30.03 NOTE
r-devel-windows-ix86+x86_64 2.3 4.00 31.00 35.00 NOTE
r-patched-linux-x86_64 2.3 0.82 15.53 16.35 OK
r-patched-solaris-sparc 2.3 202.70 NOTE
r-patched-solaris-x86 2.3 45.60 NOTE
r-release-linux-x86_64 2.3 0.85 15.62 16.46 OK
r-release-osx-x86_64-mavericks 2.3 NOTE
r-release-windows-ix86+x86_64 2.3 5.00 29.00 34.00 OK
r-oldrel-windows-ix86+x86_64 2.3 6.00 34.00 40.00 OK

Check Details

Version: 2.3
Check: R code for possible problems
Result: NOTE
    checkChain: no visible global function definition for ‘par’
    getBases: no visible global function definition for ‘contr.treatment’
    getDesignMatrix: no visible global function definition for ‘terms’
    getDesignMatrix: no visible global function definition for
     ‘model.matrix’
    getStartingValues: no visible global function definition for ‘predict’
    glmmBUGS: no visible global function definition for ‘na.omit’
    glmmPQLstrings: no visible global function definition for ‘update’
    glmmPQLstrings: no visible global function definition for ‘as.formula’
    glmmPQLstrings: no visible binding for global variable ‘binomial’
    plotOne: no visible global function definition for ‘matplot’
    restoreParams: no visible global function definition for ‘rnorm’
    summaryChain : getRes: no visible global function definition for ‘sd’
    summaryChain : getRes: no visible global function definition for
     ‘quantile’
    Undefined global functions or variables:
     as.formula binomial contr.treatment matplot model.matrix na.omit par
     predict quantile rnorm sd terms update
    Consider adding
     importFrom("graphics", "matplot", "par")
     importFrom("stats", "as.formula", "binomial", "contr.treatment",
     "model.matrix", "na.omit", "predict", "quantile", "rnorm",
     "sd", "terms", "update")
    to your NAMESPACE.
Flavors: r-devel-linux-x86_64-debian-clang, r-devel-linux-x86_64-debian-gcc, r-devel-linux-x86_64-fedora-clang, r-devel-linux-x86_64-fedora-gcc, r-devel-windows-ix86+x86_64

Version: 2.3
Check: package dependencies
Result: NOTE
    Package which this enhances but not available for checking: ‘BRugs’
Flavors: r-devel-osx-x86_64-clang, r-patched-solaris-sparc, r-patched-solaris-x86, r-release-osx-x86_64-mavericks