CRAN Package Check Results for Package glmmBUGS

Last updated on 2014-07-25 23:48:37.

Flavor Version Tinstall Tcheck Ttotal Status Flags
r-devel-linux-x86_64-debian-clang 2.3 1.16 19.07 20.23 OK
r-devel-linux-x86_64-debian-gcc 2.3 0.82 19.23 20.05 OK
r-devel-linux-x86_64-fedora-clang 2.3 41.20 OK
r-devel-linux-x86_64-fedora-gcc 2.3 39.26 OK
r-devel-osx-x86_64-clang 2.3 39.38 NOTE
r-devel-windows-ix86+x86_64 2.3 3.00 28.00 31.00 OK
r-patched-linux-x86_64 2.3 0.84 18.64 19.48 OK
r-patched-solaris-sparc 2.3 247.00 NOTE
r-patched-solaris-x86 2.3 55.20 NOTE
r-release-linux-ix86 2.3 1.23 26.47 27.70 OK
r-release-linux-x86_64 2.3 0.83 19.16 20.00 OK
r-release-osx-x86_64-mavericks 2.3 NOTE
r-release-osx-x86_64-snowleopard 2.3 NOTE
r-release-windows-ix86+x86_64 2.3 3.00 33.00 36.00 OK
r-oldrel-windows-ix86+x86_64 2.3 3.00 31.00 34.00 OK

Check Details

Version: 2.3
Check: package dependencies
Result: NOTE
    Package which this enhances but not available for checking: ‘BRugs’
Flavors: r-devel-osx-x86_64-clang, r-patched-solaris-sparc, r-patched-solaris-x86, r-release-osx-x86_64-snowleopard

Version: 2.3
Check: package dependencies
Result: NOTE
    Package suggested but not available for checking: ‘spdep’
    
    Packages which this enhances but not available for checking:
     ‘BRugs’ ‘R2jags’
Flavor: r-release-osx-x86_64-mavericks