CRAN Package Check Results for Package glmmBUGS

Last updated on 2014-09-01 08:47:07.

Flavor Version Tinstall Tcheck Ttotal Status Flags
r-devel-linux-x86_64-debian-clang 2.3 0.91 17.23 18.14 OK
r-devel-linux-x86_64-debian-gcc 2.3 0.81 16.53 17.34 OK
r-devel-linux-x86_64-fedora-clang 2.3 36.22 OK
r-devel-linux-x86_64-fedora-gcc 2.3 33.44 OK
r-devel-osx-x86_64-clang 2.3 34.52 NOTE
r-devel-windows-ix86+x86_64 2.3 3.00 28.00 31.00 OK
r-patched-linux-x86_64 2.3 0.89 18.79 19.68 OK
r-patched-solaris-sparc 2.3 250.80 NOTE
r-patched-solaris-x86 2.3 57.60 NOTE
r-release-linux-ix86 2.3 1.22 26.33 27.55 OK
r-release-linux-x86_64 2.3 0.84 19.48 20.32 OK
r-release-osx-x86_64-mavericks 2.3 NOTE
r-release-osx-x86_64-snowleopard 2.3 NOTE
r-release-windows-ix86+x86_64 2.3 3.00 32.00 35.00 OK
r-oldrel-windows-ix86+x86_64 2.3 4.00 29.00 33.00 OK

Check Details

Version: 2.3
Check: package dependencies
Result: NOTE
    Package which this enhances but not available for checking: ‘BRugs’
Flavors: r-devel-osx-x86_64-clang, r-patched-solaris-sparc, r-patched-solaris-x86, r-release-osx-x86_64-snowleopard

Version: 2.3
Check: package dependencies
Result: NOTE
    Package suggested but not available for checking: ‘spdep’
    
    Packages which this enhances but not available for checking:
     ‘BRugs’ ‘R2jags’
Flavor: r-release-osx-x86_64-mavericks