CRAN Package Check Results for Package glmmBUGS

Last updated on 2017-06-27 20:48:35.

Flavor Version Tinstall Tcheck Ttotal Status Flags
r-devel-linux-x86_64-debian-clang 2.4.0 1.38 33.28 34.65 OK
r-devel-linux-x86_64-debian-gcc 2.4.0 1.41 32.72 34.13 OK
r-devel-linux-x86_64-fedora-clang 2.4.0 65.50 OK
r-devel-linux-x86_64-fedora-gcc 2.4.0 63.41 OK
r-devel-windows-ix86+x86_64 2.4.0 5.00 57.00 62.00 OK
r-patched-linux-x86_64 2.4.0 1.61 33.44 35.05 OK
r-patched-solaris-sparc 2.4.0 374.60 NOTE
r-patched-solaris-x86 2.4.0 85.60 NOTE
r-release-linux-x86_64 2.4.0 1.60 32.04 33.64 OK
r-release-windows-ix86+x86_64 2.4.0 4.00 87.00 91.00 OK
r-release-osx-x86_64 2.4.0 ERROR
r-oldrel-windows-ix86+x86_64 2.4.0 5.00 74.00 79.00 OK
r-oldrel-osx-x86_64 2.4.0 ERROR

Check Details

Version: 2.4.0
Check: package dependencies
Result: NOTE
    Package which this enhances but not available for checking: ‘BRugs’
Flavors: r-patched-solaris-sparc, r-patched-solaris-x86, r-oldrel-osx-x86_64

Version: 2.4.0
Check: package dependencies
Result: NOTE
    Packages which this enhances but not available for checking:
     ‘BRugs’ ‘R2jags’ ‘rjags’
Flavor: r-release-osx-x86_64

Version: 2.4.0
Check: tests
Result: ERROR
     Running ‘bym.R’ [4s/6s]
    Running the tests in ‘tests/bym.R’ failed.
    Last 13 lines of output:
     + checkChain(kParams, c("intercept", "SDCountySpatial"))
     + dev.off()
     +
     + kentucky = mergeBugsData(kentucky, kSummary)
     +
     + if(require('sp', quietly=TRUE)) {
     + pdf("spplotBym.pdf",height=4,width=8)
     + print(spplot(kentucky, "FittedRateCounty.mean"))
     + dev.off()
     + }
     +
     + }
     Error in R2OpenBUGS::bugs(forBugs$ragged, inits = int2, model.file = "bym.txt", :
     Cannot find the OpenBUGS program
     Execution halted
Flavor: r-release-osx-x86_64

Version: 2.4.0
Check: re-building of vignette outputs
Result: NOTE
    Error in re-building vignettes:
     ...
    (/usr/local/texlive/2016basic/texmf-dist/tex/generic/oberdiek/infwarerr.sty)
    (/usr/local/texlive/2016basic/texmf-dist/tex/generic/oberdiek/ltxcmds.sty))))
    (/usr/local/texlive/2016basic/texmf-dist/tex/latex/fancyvrb/fancyvrb.sty
    Style option: `fancyvrb' v2.7a, with DG/SPQR fixes, and firstline=lastline fix
    <2008/02/07> (tvz))
    (/usr/local/texlive/2016basic/texmf-dist/tex/latex/base/textcomp.sty
    (/usr/local/texlive/2016basic/texmf-dist/tex/latex/base/ts1enc.def))
    (/usr/local/texlive/2016basic/texmf-dist/tex/latex/base/fontenc.sty
    (/usr/local/texlive/2016basic/texmf-dist/tex/latex/base/t1enc.def))
    (/usr/local/texlive/2016basic/texmf-dist/tex/latex/ae/ae.sty
    (/usr/local/texlive/2016basic/texmf-dist/tex/latex/base/fontenc.sty
    (/usr/local/texlive/2016basic/texmf-dist/tex/latex/base/t1enc.def)
    (/usr/local/texlive/2016basic/texmf-dist/tex/latex/ae/t1aer.fd))))
    No file jags.aux.
    (/usr/local/texlive/2016basic/texmf-dist/tex/latex/base/ts1cmr.fd)
    *geometry* driver: auto-detecting
    *geometry* detected driver: xetex
    (/usr/local/texlive/2016basic/texmf-dist/tex/latex/ae/t1aett.fd)
    (/Library/Frameworks/R.framework/Resources/share/texmf/tex/latex/ts1aett.fd)
    (/usr/local/texlive/2016basic/texmf-dist/tex/latex/base/ts1cmtt.fd) [1]Syntax Error: Invalid page count 0
    Syntax Error: Cannot allocate page cache
    make: *** [jags.pdf] Segmentation fault: 11
    Error in buildVignettes(dir = "/Volumes/XT3/Builds/R-dev-web/QA/Simon/packages/el-capitan-x86_64/results/3.4/glmmBUGS.Rcheck/vign_test/glmmBUGS") :
     running 'make' failed
    Execution halted
Flavor: r-release-osx-x86_64

Version: 2.4.0
Check: tests
Result: ERROR
    Running the tests in ‘tests/bym.R’ failed.
    Last 13 lines of output:
     +
     + kentucky = mergeBugsData(kentucky, kSummary)
     +
     + if(require('sp', quietly=TRUE)) {
     + pdf("spplotBym.pdf",height=4,width=8)
     + print(spplot(kentucky, "FittedRateCounty.mean"))
     + dev.off()
     + }
     +
     + }
     Error in R2OpenBUGS::bugs(forBugs$ragged, inits = int2, model.file = "bym.txt", :
     Cannot find the OpenBUGS program
     Execution halted
Flavor: r-oldrel-osx-x86_64