CRAN Package Check Results for Package glmmLasso

Last updated on 2015-03-03 11:49:19.

Flavor Version Tinstall Tcheck Ttotal Status Flags
r-devel-linux-x86_64-debian-clang 1.3.3 0.95 49.70 50.66 NOTE
r-devel-linux-x86_64-debian-gcc 1.3.3 0.93 47.56 48.49 NOTE
r-devel-linux-x86_64-fedora-clang 1.3.3 92.24 NOTE
r-devel-linux-x86_64-fedora-gcc 1.3.3 86.92 NOTE
r-devel-osx-x86_64-clang 1.3.3 85.96 NOTE
r-devel-windows-ix86+x86_64 1.3.3 2.00 56.00 58.00 NOTE
r-patched-linux-x86_64 1.3.3 1.21 55.98 57.19 OK
r-patched-solaris-sparc 1.3.3 622.00 OK
r-patched-solaris-x86 1.3.3 116.10 OK
r-release-linux-ix86 1.3.3 1.54 67.74 69.27 OK
r-release-linux-x86_64 1.3.3 1.14 52.19 53.34 OK
r-release-osx-x86_64-mavericks 1.3.3 OK
r-release-osx-x86_64-snowleopard 1.3.3 OK
r-release-windows-ix86+x86_64 1.3.3 5.00 77.00 82.00 OK
r-oldrel-windows-ix86+x86_64 1.3.3 5.00 64.00 69.00 OK

Check Details

Version: 1.3.3
Check: DESCRIPTION meta-information
Result: NOTE
    Malformed Description field: should contain one or more complete sentences.
Flavors: r-devel-linux-x86_64-debian-clang, r-devel-linux-x86_64-debian-gcc, r-devel-linux-x86_64-fedora-clang, r-devel-linux-x86_64-fedora-gcc, r-devel-osx-x86_64-clang, r-devel-windows-ix86+x86_64