CRAN Package Check Results for Package glmmLasso

Last updated on 2015-04-01 02:48:16.

Flavor Version Tinstall Tcheck Ttotal Status Flags
r-devel-linux-x86_64-debian-clang 1.3.3 1.06 48.06 49.12 NOTE
r-devel-linux-x86_64-debian-gcc 1.3.3 1.11 47.64 48.76 NOTE
r-devel-linux-x86_64-fedora-clang 1.3.3 90.75 NOTE
r-devel-linux-x86_64-fedora-gcc 1.3.3 91.31 NOTE
r-devel-osx-x86_64-clang 1.3.3 89.46 NOTE
r-prerel-windows-ix86+x86_64 1.3.3 4.00 58.00 62.00 NOTE
r-prerel-linux-x86_64 1.3.3 1.00 48.13 49.13 NOTE
r-prerel-solaris-sparc 1.3.3 563.40 NOTE
r-prerel-solaris-x86 1.3.3 102.30 NOTE
r-release-linux-x86_64 1.3.3 1.56 52.29 53.84 OK
r-release-osx-x86_64-mavericks 1.3.3 OK
r-release-osx-x86_64-snowleopard 1.3.3 OK
r-release-windows-ix86+x86_64 1.3.3 5.00 74.00 79.00 OK
r-oldrel-windows-ix86+x86_64 1.3.3 5.00 71.00 76.00 OK

Check Details

Version: 1.3.3
Check: DESCRIPTION meta-information
Result: NOTE
    Malformed Description field: should contain one or more complete sentences.
Flavors: r-devel-linux-x86_64-debian-clang, r-devel-linux-x86_64-debian-gcc, r-devel-linux-x86_64-fedora-clang, r-devel-linux-x86_64-fedora-gcc, r-devel-osx-x86_64-clang, r-prerel-windows-ix86+x86_64, r-prerel-linux-x86_64, r-prerel-solaris-sparc, r-prerel-solaris-x86