CRAN Package Check Results for Package glmmLasso

Last updated on 2015-07-30 17:47:12.

Flavor Version Tinstall Tcheck Ttotal Status Flags
r-devel-linux-x86_64-debian-clang 1.3.4 0.97 48.59 49.56 NOTE
r-devel-linux-x86_64-debian-gcc 1.3.4 0.93 47.14 48.07 NOTE
r-devel-linux-x86_64-fedora-clang 1.3.4 90.50 NOTE
r-devel-linux-x86_64-fedora-gcc 1.3.4 83.94 NOTE
r-devel-osx-x86_64-clang 1.3.4 69.34 OK
r-devel-windows-ix86+x86_64 1.3.4 3.00 94.00 97.00 NOTE
r-patched-linux-x86_64 1.3.4 0.93 50.60 51.53 OK
r-patched-solaris-sparc 1.3.4 565.50 OK
r-patched-solaris-x86 1.3.4 104.10 OK
r-release-linux-x86_64 1.3.4 1.00 49.38 50.38 OK
r-release-osx-x86_64-mavericks 1.3.4 OK
r-release-windows-ix86+x86_64 1.3.4 4.00 101.00 105.00 OK
r-oldrel-windows-ix86+x86_64 1.3.4 5.00 79.00 84.00 OK

Check Details

Version: 1.3.4
Check: R code for possible problems
Result: NOTE
    plot.glmmLasso: no visible global function definition for ‘par’
    plot.glmmLasso: no visible global function definition for ‘plot’
    plot.glmmLasso: no visible global function definition for ‘rug’
    Undefined global functions or variables:
     par plot rug
    Consider adding
     importFrom("graphics", "par", "plot", "rug")
    to your NAMESPACE.
Flavors: r-devel-linux-x86_64-debian-clang, r-devel-linux-x86_64-debian-gcc, r-devel-linux-x86_64-fedora-clang, r-devel-linux-x86_64-fedora-gcc, r-devel-windows-ix86+x86_64