CRAN Package Check Results for Package glmmML

Last updated on 2017-04-24 18:47:18.

Flavor Version Tinstall Tcheck Ttotal Status Flags
r-devel-linux-x86_64-debian-clang 1.0.1 3.14 17.68 20.82 NOTE
r-devel-linux-x86_64-debian-gcc 1.0.1 3.56 16.79 20.35 NOTE
r-devel-linux-x86_64-fedora-clang 1.0.1 41.85 NOTE --no-stop-on-test-error
r-devel-linux-x86_64-fedora-gcc 1.0.1 39.75 NOTE --no-stop-on-test-error
r-devel-windows-ix86+x86_64 1.0.1 OK
r-patched-linux-x86_64 1.0.1 3.38 17.22 20.60 NOTE
r-patched-solaris-sparc 1.0.1 226.40 OK
r-patched-solaris-x86 1.0.1 47.80 OK
r-release-linux-x86_64 1.0.1 3.36 17.28 20.64 NOTE
r-release-windows-ix86+x86_64 1.0.1 15.00 45.00 60.00 OK
r-release-osx-x86_64 1.0.1 OK
r-oldrel-windows-ix86+x86_64 1.0.1 13.00 46.00 59.00 OK
r-oldrel-osx-x86_64 1.0.1 OK

Check Details

Version: 1.0.1
Check: compiled code
Result: NOTE
    File ‘glmmML/libs/glmmML.so’:
     Found no calls to: ‘R_registerRoutines’, ‘R_useDynamicSymbols’
    
    It is good practice to register native routines and to disable symbol
    search.
    
    See ‘Writing portable packages’ in the ‘Writing R Extensions’ manual.
Flavors: r-devel-linux-x86_64-debian-clang, r-devel-linux-x86_64-debian-gcc, r-patched-linux-x86_64, r-release-linux-x86_64

Version: 1.0.1
Flags: --no-stop-on-test-error
Check: compiled code
Result: NOTE
    File ‘glmmML/libs/glmmML.so’:
     Found no calls to: ‘R_registerRoutines’, ‘R_useDynamicSymbols’
    
    It is good practice to register native routines and to disable symbol
    search.
    
    See ‘Writing portable packages’ in the ‘Writing R Extensions’ manual.
Flavors: r-devel-linux-x86_64-fedora-clang, r-devel-linux-x86_64-fedora-gcc