CRAN Package Check Results for Package glmmML

Last updated on 2016-07-27 03:49:47.

Flavor Version Tinstall Tcheck Ttotal Status Flags
r-devel-linux-x86_64-debian-clang 1.0 3.37 23.96 27.33 NOTE
r-devel-linux-x86_64-debian-gcc 1.0 5.04 23.58 28.62 NOTE
r-devel-linux-x86_64-fedora-clang 1.0 32.77 NOTE
r-devel-linux-x86_64-fedora-gcc 1.0 29.89 NOTE
r-devel-osx-x86_64-clang 1.0 24.62 NOTE
r-devel-windows-ix86+x86_64 1.0 11.00 46.00 57.00 NOTE
r-patched-linux-x86_64 1.0 4.28 23.59 27.87 NOTE
r-patched-solaris-sparc 1.0 208.80 NOTE
r-patched-solaris-x86 1.0 42.30 NOTE
r-release-linux-x86_64 1.0 4.03 23.82 27.84 NOTE
r-release-osx-x86_64-mavericks 1.0 NOTE
r-release-windows-ix86+x86_64 1.0 10.00 57.00 67.00 NOTE
r-oldrel-windows-ix86+x86_64 1.0 15.00 38.00 53.00 NOTE

Check Details

Version: 1.0
Check: foreign function calls
Result: NOTE
    Calls with DUP:
     .C("glmm_ml", as.integer(fam), as.integer(p), as.double(start.coef),
     as.integer(cluster), as.double(weights), as.double(cluster.weights),
     as.double(start.sigma), as.integer(fix.sigma), as.double(X),
     as.double(Y), as.double(offset), as.integer(fam.size), as.integer(n.fam),
     as.integer(method), as.integer(n.points), as.double(control$epsilon),
     as.integer(control$maxit), as.integer(control$trace), as.integer(boot),
     as.integer(prior), as.double(predicted), beta = double(p),
     sigma = double(1), loglik = double(1), variance = double((p +
     1) * (p + 1)), post.mode = double(n.fam), post.mean = double(n.fam),
     mu = double(nobs), bootP = double(1), bootLog = double(boot),
     convergence = integer(1), info = integer(1), DUP = FALSE,
     PACKAGE = "glmmML")
     .C("glmm_boot", as.integer(fam), as.integer(p), as.double(start.coef),
     as.integer(cluster), as.double(weights), as.double(t(X)),
     as.double(Y), as.double(offset), as.integer(famSize), as.integer(nFam),
     as.double(control$epsilon), as.integer(control$maxit), as.integer(control$trace),
     as.integer(boot), beta = double(p), predicted = as.double(predicted),
     fitted = double(length(Y)), loglik = double(1), variance = double(p *
     p), info = integer(1), frail = double(nFam), bootP = double(1),
     bootLog = double(boot), convergence = integer(1), DUP = FALSE,
     PACKAGE = "glmmML")
     .C("glmm_boot0", as.integer(fam), as.integer(cluster), as.double(weights),
     as.double(Y), as.double(offset), as.integer(famSize), as.integer(nFam),
     as.integer(control$trace), as.integer(boot), predicted = as.double(predicted),
     fitted = double(length(Y)), loglik = double(1), frail = double(nFam),
     bootP = double(1), bootLog = double(boot), convergence = integer(1),
     DUP = FALSE, PACKAGE = "glmmML")
    DUP is no longer supported and will be ignored.
Flavors: r-devel-linux-x86_64-debian-clang, r-devel-linux-x86_64-debian-gcc, r-devel-linux-x86_64-fedora-clang, r-devel-linux-x86_64-fedora-gcc, r-devel-osx-x86_64-clang, r-devel-windows-ix86+x86_64, r-patched-linux-x86_64, r-patched-solaris-sparc, r-patched-solaris-x86, r-release-linux-x86_64, r-release-osx-x86_64-mavericks, r-release-windows-ix86+x86_64, r-oldrel-windows-ix86+x86_64