CRAN Package Check Results for Package glmmML

Last updated on 2022-01-25 04:49:38 CET.

Flavor Version Tinstall Tcheck Ttotal Status Flags
r-devel-linux-x86_64-debian-clang 1.1.1 6.53 42.75 49.28 OK
r-devel-linux-x86_64-debian-gcc 1.1.1 4.51 33.33 37.84 OK
r-devel-linux-x86_64-fedora-clang 1.1.1 64.16 NOTE
r-devel-linux-x86_64-fedora-gcc 1.1.1 52.24 OK
r-devel-windows-x86_64-new-UL 1.1.1 33.00 82.00 115.00 OK
r-devel-windows-x86_64-new-TK 1.1.1 NOTE
r-patched-linux-x86_64 1.1.1 5.23 41.22 46.45 OK
r-release-linux-x86_64 1.1.1 5.69 41.76 47.45 OK
r-release-macos-arm64 1.1.1 OK
r-release-macos-x86_64 1.1.1 OK
r-release-windows-ix86+x86_64 1.1.1 19.00 76.00 95.00 OK
r-oldrel-macos-x86_64 1.1.1 OK
r-oldrel-windows-ix86+x86_64 1.1.1 19.00 76.00 95.00 OK

Check Details

Version: 1.1.1
Check: Rd cross-references
Result: NOTE
    Undeclared package ‘lme4’ in Rd xrefs
Flavor: r-devel-linux-x86_64-fedora-clang

Version: 1.1.1
Check: Rd cross-references
Result: NOTE
    Package unavailable to check Rd xrefs: 'lme4'
Flavor: r-devel-windows-x86_64-new-TK