CRAN Package Check Results for Package glmmML

Last updated on 2014-10-01 07:47:39.

Flavor Version Tinstall Tcheck Ttotal Status Flags
r-devel-linux-x86_64-debian-clang 1.0 2.11 16.08 18.18 NOTE
r-devel-linux-x86_64-debian-gcc 1.0 3.30 15.97 19.27 NOTE
r-devel-linux-x86_64-fedora-clang 1.0 38.00 NOTE
r-devel-linux-x86_64-fedora-gcc 1.0 36.06 NOTE
r-devel-osx-x86_64-clang 1.0 30.31 NOTE
r-devel-windows-ix86+x86_64 1.0 13.00 37.00 50.00 NOTE
r-patched-linux-x86_64 1.0 3.34 17.06 20.40 NOTE
r-patched-solaris-sparc 1.0 225.40 NOTE
r-patched-solaris-x86 1.0 50.50 NOTE
r-release-linux-ix86 1.0 3.65 26.40 30.04 NOTE
r-release-linux-x86_64 1.0 3.29 16.28 19.57 NOTE
r-release-osx-x86_64-mavericks 1.0 NOTE
r-release-osx-x86_64-snowleopard 1.0 WARN
r-release-windows-ix86+x86_64 1.0 21.00 49.00 70.00 NOTE
r-oldrel-windows-ix86+x86_64 1.0 13.00 37.00 50.00 OK

Check Details

Version: 1.0
Check: foreign function calls
Result: NOTE
    Calls with DUP:
     .C("glmm_ml", as.integer(fam), as.integer(p), as.double(start.coef),
     as.integer(cluster), as.double(weights), as.double(cluster.weights),
     as.double(start.sigma), as.integer(fix.sigma), as.double(X),
     as.double(Y), as.double(offset), as.integer(fam.size), as.integer(n.fam),
     as.integer(method), as.integer(n.points), as.double(control$epsilon),
     as.integer(control$maxit), as.integer(control$trace), as.integer(boot),
     as.integer(prior), as.double(predicted), beta = double(p),
     sigma = double(1), loglik = double(1), variance = double((p +
     1) * (p + 1)), post.mode = double(n.fam), post.mean = double(n.fam),
     mu = double(nobs), bootP = double(1), bootLog = double(boot),
     convergence = integer(1), info = integer(1), DUP = FALSE,
     PACKAGE = "glmmML")
     .C("glmm_boot", as.integer(fam), as.integer(p), as.double(start.coef),
     as.integer(cluster), as.double(weights), as.double(t(X)),
     as.double(Y), as.double(offset), as.integer(famSize), as.integer(nFam),
     as.double(control$epsilon), as.integer(control$maxit), as.integer(control$trace),
     as.integer(boot), beta = double(p), predicted = as.double(predicted),
     fitted = double(length(Y)), loglik = double(1), variance = double(p *
     p), info = integer(1), frail = double(nFam), bootP = double(1),
     bootLog = double(boot), convergence = integer(1), DUP = FALSE,
     PACKAGE = "glmmML")
     .C("glmm_boot0", as.integer(fam), as.integer(cluster), as.double(weights),
     as.double(Y), as.double(offset), as.integer(famSize), as.integer(nFam),
     as.integer(control$trace), as.integer(boot), predicted = as.double(predicted),
     fitted = double(length(Y)), loglik = double(1), frail = double(nFam),
     bootP = double(1), bootLog = double(boot), convergence = integer(1),
     DUP = FALSE, PACKAGE = "glmmML")
    DUP is no longer supported and will be ignored.
Flavors: r-devel-linux-x86_64-debian-clang, r-devel-linux-x86_64-debian-gcc, r-devel-linux-x86_64-fedora-clang, r-devel-linux-x86_64-fedora-gcc, r-devel-osx-x86_64-clang, r-devel-windows-ix86+x86_64

Version: 1.0
Check: foreign function calls
Result: NOTE
    Calls with DUP != TRUE:
     .C("glmm_ml", as.integer(fam), as.integer(p), as.double(start.coef),
     as.integer(cluster), as.double(weights), as.double(cluster.weights),
     as.double(start.sigma), as.integer(fix.sigma), as.double(X),
     as.double(Y), as.double(offset), as.integer(fam.size), as.integer(n.fam),
     as.integer(method), as.integer(n.points), as.double(control$epsilon),
     as.integer(control$maxit), as.integer(control$trace), as.integer(boot),
     as.integer(prior), as.double(predicted), beta = double(p),
     sigma = double(1), loglik = double(1), variance = double((p +
     1) * (p + 1)), post.mode = double(n.fam), post.mean = double(n.fam),
     mu = double(nobs), bootP = double(1), bootLog = double(boot),
     convergence = integer(1), info = integer(1), DUP = FALSE,
     PACKAGE = "glmmML")
     .C("glmm_boot", as.integer(fam), as.integer(p), as.double(start.coef),
     as.integer(cluster), as.double(weights), as.double(t(X)),
     as.double(Y), as.double(offset), as.integer(famSize), as.integer(nFam),
     as.double(control$epsilon), as.integer(control$maxit), as.integer(control$trace),
     as.integer(boot), beta = double(p), predicted = as.double(predicted),
     fitted = double(length(Y)), loglik = double(1), variance = double(p *
     p), info = integer(1), frail = double(nFam), bootP = double(1),
     bootLog = double(boot), convergence = integer(1), DUP = FALSE,
     PACKAGE = "glmmML")
     .C("glmm_boot0", as.integer(fam), as.integer(cluster), as.double(weights),
     as.double(Y), as.double(offset), as.integer(famSize), as.integer(nFam),
     as.integer(control$trace), as.integer(boot), predicted = as.double(predicted),
     fitted = double(length(Y)), loglik = double(1), frail = double(nFam),
     bootP = double(1), bootLog = double(boot), convergence = integer(1),
     DUP = FALSE, PACKAGE = "glmmML")
    DUP = FALSE is deprecated and will be disabled in future versions of R.
Flavors: r-patched-linux-x86_64, r-patched-solaris-sparc, r-patched-solaris-x86

Version: 1.0
Check: foreign function calls
Result: NOTE
    Calls with DUP = FALSE:
     .C("glmm_ml", as.integer(fam), as.integer(p), as.double(start.coef),
     as.integer(cluster), as.double(weights), as.double(cluster.weights),
     as.double(start.sigma), as.integer(fix.sigma), as.double(X),
     as.double(Y), as.double(offset), as.integer(fam.size), as.integer(n.fam),
     as.integer(method), as.integer(n.points), as.double(control$epsilon),
     as.integer(control$maxit), as.integer(control$trace), as.integer(boot),
     as.integer(prior), as.double(predicted), beta = double(p),
     sigma = double(1), loglik = double(1), variance = double((p +
     1) * (p + 1)), post.mode = double(n.fam), post.mean = double(n.fam),
     mu = double(nobs), bootP = double(1), bootLog = double(boot),
     convergence = integer(1), info = integer(1), DUP = FALSE,
     PACKAGE = "glmmML")
     .C("glmm_boot", as.integer(fam), as.integer(p), as.double(start.coef),
     as.integer(cluster), as.double(weights), as.double(t(X)),
     as.double(Y), as.double(offset), as.integer(famSize), as.integer(nFam),
     as.double(control$epsilon), as.integer(control$maxit), as.integer(control$trace),
     as.integer(boot), beta = double(p), predicted = as.double(predicted),
     fitted = double(length(Y)), loglik = double(1), variance = double(p *
     p), info = integer(1), frail = double(nFam), bootP = double(1),
     bootLog = double(boot), convergence = integer(1), DUP = FALSE,
     PACKAGE = "glmmML")
     .C("glmm_boot0", as.integer(fam), as.integer(cluster), as.double(weights),
     as.double(Y), as.double(offset), as.integer(famSize), as.integer(nFam),
     as.integer(control$trace), as.integer(boot), predicted = as.double(predicted),
     fitted = double(length(Y)), loglik = double(1), frail = double(nFam),
     bootP = double(1), bootLog = double(boot), convergence = integer(1),
     DUP = FALSE, PACKAGE = "glmmML")
    DUP = FALSE is deprecated and may be disabled in future versions of R.
Flavors: r-release-linux-ix86, r-release-linux-x86_64, r-release-osx-x86_64-mavericks, r-release-windows-ix86+x86_64

Version: 1.0
Check: examples
Result: WARN
    checking a package with encoding 'UTF-8' in an ASCII locale
    
     OK
Flavor: r-release-osx-x86_64-snowleopard