CRAN Package Check Results for Package glmmML

Last updated on 2017-02-27 11:48:26.

Flavor Version Tinstall Tcheck Ttotal Status Flags
r-devel-linux-x86_64-debian-clang 1.0.1 3.11 18.06 21.17 NOTE
r-devel-linux-x86_64-debian-gcc 1.0.1 3.70 17.30 21.00 NOTE
r-devel-linux-x86_64-fedora-clang 1.0.1 42.04 NOTE --no-stop-on-test-error
r-devel-linux-x86_64-fedora-gcc 1.0.1 38.71 NOTE --no-stop-on-test-error
r-devel-macos-x86_64-clang 1.0.1 27.27 NOTE --no-stop-on-test-error
r-devel-windows-ix86+x86_64 1.0.1 18.00 87.00 105.00 OK
r-patched-linux-x86_64 1.0.1 3.47 15.30 18.77 OK
r-patched-solaris-sparc 1.0.1 204.40 OK
r-patched-solaris-x86 1.0.1 42.40 OK
r-release-linux-x86_64 1.0.1 3.43 14.78 18.21 OK
r-release-osx-x86_64-mavericks 1.0.1 OK
r-release-windows-ix86+x86_64 1.0.1 13.00 46.00 59.00 OK
r-oldrel-windows-ix86+x86_64 1.0.1 24.00 59.00 83.00 OK

Check Details

Version: 1.0.1
Check: compiled code
Result: NOTE
    File ‘glmmML/libs/glmmML.so’:
     Found no calls to: ‘R_registerRoutines’, ‘R_useDynamicSymbols’
    
    It is good practice to register native routines and to disable symbol
    search.
    
    See ‘Writing portable packages’ in the ‘Writing R Extensions’ manual.
Flavors: r-devel-linux-x86_64-debian-clang, r-devel-linux-x86_64-debian-gcc

Version: 1.0.1
Flags: --no-stop-on-test-error
Check: compiled code
Result: NOTE
    File ‘glmmML/libs/glmmML.so’:
     Found no calls to: ‘R_registerRoutines’, ‘R_useDynamicSymbols’
    
    It is good practice to register native routines and to disable symbol
    search.
    
    See ‘Writing portable packages’ in the ‘Writing R Extensions’ manual.
Flavors: r-devel-linux-x86_64-fedora-clang, r-devel-linux-x86_64-fedora-gcc, r-devel-macos-x86_64-clang