CRAN Package Check Results for Package glmmML

Last updated on 2017-03-25 17:49:30.

Flavor Version Tinstall Tcheck Ttotal Status Flags
r-devel-linux-x86_64-debian-clang 1.0.1 3.22 18.17 21.38 NOTE
r-devel-linux-x86_64-debian-gcc 1.0.1 3.79 16.80 20.59 NOTE
r-devel-linux-x86_64-fedora-clang 1.0.1 43.32 NOTE --no-stop-on-test-error
r-devel-linux-x86_64-fedora-gcc 1.0.1 40.39 NOTE --no-stop-on-test-error
r-devel-macos-x86_64-clang 1.0.1 26.68 NOTE --no-stop-on-test-error
r-devel-windows-ix86+x86_64 1.0.1 17.00 47.00 64.00 OK
r-patched-linux-x86_64 1.0.1 3.60 16.82 20.41 NOTE
r-patched-solaris-sparc 1.0.1 226.40 OK
r-patched-solaris-x86 1.0.1 49.70 OK
r-release-linux-x86_64 1.0.1 3.24 15.27 18.51 OK
r-release-osx-x86_64-mavericks 1.0.1 OK
r-release-windows-ix86+x86_64 1.0.1 13.00 46.00 59.00 OK
r-oldrel-windows-ix86+x86_64 1.0.1 24.00 59.00 83.00 OK

Check Details

Version: 1.0.1
Check: compiled code
Result: NOTE
    File ‘glmmML/libs/glmmML.so’:
     Found no calls to: ‘R_registerRoutines’, ‘R_useDynamicSymbols’
    
    It is good practice to register native routines and to disable symbol
    search.
    
    See ‘Writing portable packages’ in the ‘Writing R Extensions’ manual.
Flavors: r-devel-linux-x86_64-debian-clang, r-devel-linux-x86_64-debian-gcc, r-patched-linux-x86_64

Version: 1.0.1
Flags: --no-stop-on-test-error
Check: compiled code
Result: NOTE
    File ‘glmmML/libs/glmmML.so’:
     Found no calls to: ‘R_registerRoutines’, ‘R_useDynamicSymbols’
    
    It is good practice to register native routines and to disable symbol
    search.
    
    See ‘Writing portable packages’ in the ‘Writing R Extensions’ manual.
Flavors: r-devel-linux-x86_64-fedora-clang, r-devel-linux-x86_64-fedora-gcc, r-devel-macos-x86_64-clang