CRAN Package Check Results for Package glmmTMB

Last updated on 2020-08-04 18:50:46 CEST.

Flavor Version Tinstall Tcheck Ttotal Status Flags
r-devel-linux-x86_64-debian-clang 1.0.2.1 166.45 455.31 621.76 OK
r-devel-linux-x86_64-debian-gcc 1.0.2.1 164.96 373.42 538.38 OK
r-devel-linux-x86_64-fedora-clang 1.0.2.1 797.90 NOTE
r-devel-linux-x86_64-fedora-gcc 1.0.2.1 843.76 OK
r-devel-windows-ix86+x86_64 1.0.2.1 323.00 596.00 919.00 NOTE --no-vignettes
r-patched-linux-x86_64 1.0.2.1 171.12 462.74 633.86 OK
r-patched-solaris-x86 1.0.2.1 1160.50 NOTE
r-release-linux-x86_64 1.0.2.1 165.30 460.82 626.12 OK
r-release-macos-x86_64 1.0.2.1 NOTE
r-release-windows-ix86+x86_64 1.0.2.1 323.00 652.00 975.00 NOTE --no-vignettes
r-oldrel-macos-x86_64 1.0.2.1 NOTE
r-oldrel-windows-ix86+x86_64 1.0.2.1 230.00 594.00 824.00 NOTE --no-vignettes

Check Details

Version: 1.0.2.1
Check: installed package size
Result: NOTE
     installed size is 48.9Mb
     sub-directories of 1Mb or more:
     doc 1.2Mb
     libs 45.3Mb
     test_data 1.2Mb
Flavors: r-devel-linux-x86_64-fedora-clang, r-patched-solaris-x86, r-release-macos-x86_64, r-oldrel-macos-x86_64

Version: 1.0.2.1
Flags: --no-vignettes
Check: installed package size
Result: NOTE
     installed size is 25.4Mb
     sub-directories of 1Mb or more:
     doc 1.2Mb
     libs 21.7Mb
     test_data 1.2Mb
Flavors: r-devel-windows-ix86+x86_64, r-release-windows-ix86+x86_64, r-oldrel-windows-ix86+x86_64